000
CXUS56 KSTO 281355
CF6MYV
PRELIMINARY LOCAL CLIMATOLOGICAL DATA (WS FORM: F-6)

                                          STATION:   MARYSVILLE AIRPORT CA
                                          MONTH:     MAY
                                          YEAR:      2016
                                          LATITUDE:   39  5 N
                                          LONGITUDE: 121 34 W

  TEMPERATURE IN F:       :PCPN:    SNOW:  WIND      :SUNSHINE: SKY     :PK WND
================================================================================
1   2   3   4   5  6A  6B    7    8   9   10  11  12  13   14  15   16   17  18
                                     12Z  AVG MX 2MIN
DY MAX MIN AVG DEP HDD CDD  WTR  SNW DPTH SPD SPD DIR MIN PSBL S-S WX    SPD DR
================================================================================

 1  86  55  71   8   0   6 0.00  0.0    0  5.9 17 130   M    M   0        23 130
 2  85  54  70   7   0   5 0.00  0.0    0  4.8 13 210   M    M   0        18 240
 3  83  52  68   4   0   3 0.00  0.0    0  2.5  9 330   M    M   0        31 330
 4  83  59  71   7   0   6 0.00  0.0    0  5.8 15 180   M    M   1        19 150
 5  65  54  60  -4   5   0 0.11  0.0    0  8.7 18 170   M    M   5 13     24 170
 6  71  53  62  -2   3   0 0.06  0.0    0  3.9 13 180   M    M   7 1      20 170
 7  64  57  61  -3   4   0 0.18  0.0    0  5.9 15 160   M    M  10 1      17 160
 8  75  57  66   1   0   1 0.02  0.0    0  3.1 10 210   M    M   6 1      14 240
 9  79  54  67   2   0   2 0.00  0.0    0  5.0 13 180   M    M   2 1      16 180
10  88  53  71   6   0   6 0.00  0.0    0  4.4 15 300   M    M   0 1      21 300
11  90  52  71   5   0   6 0.00  0.0    0  3.9  9 270   M    M   0        12 250
12  92  54  73   7   0   8 0.00  0.0    0  3.9 15 160   M    M   0        19 160
13  87  54  71   5   0   6 0.00  0.0    0 11.3 21 160   M    M   0        29 170
14  81  52  67   1   0   2 0.00  0.0    0 11.0 18 170   M    M   2        26 140
15  84  52  68   2   0   3 0.00  0.0    0  4.1 13 340   M    M   0        18 270
16  87  52  70   3   0   5 0.00  0.0    0  8.3 18 330   M    M   0        23 330
17  92  64  78  11   0  13 0.00  0.0    0 12.6 24 340   M    M   0        29 350
18  97  59  78  11   0  13 0.00  0.0    0  5.7 14 150   M    M   0        19 150
19  84  59  72   5   0   7    T  0.0    0  9.9 22 150   M    M   0        29 200
20  70  53  62  -6   3   0 0.03  0.0    0  9.2 20 160   M    M   7 3      26 140
21  72  50  61  -7   4   0 0.00  0.0    0 11.0 20 260   M    M   4 3      24 260
22  74  48  61  -7   4   0 0.00  0.0    0  8.6 15 180   M    M   1        23 150
23  78  49  64  -4   1   0 0.00  0.0    0  5.0 10 140   M    M   3        16 200
24  80  54  67  -1   0   2    T  0.0    0  9.1 18 120   M    M   4 3      22 120
25  83  52  68  -1   0   3 0.00  0.0    0  6.2 16 140   M    M   0        21 140
26  87  54  71   2   0   6 0.00  0.0    0  5.4 12 160   M    M   0        16 170
27  90  54  72   3   0   7 0.00  0.0    0  5.4 15 330   M    M   0        19 320
================================================================================
SM 2207 1460        24 110  0.40     0.0 180.6          M       52
================================================================================
AV 81.7 54.1                               6.7 FASTST   M    M   2    MAX(MPH)
                                 MISC ---->  # 24 340               # 31  330
================================================================================
NOTES:
# LAST OF SEVERAL OCCURRENCES

COLUMN 17 PEAK WIND IN M.P.H.

PRELIMINARY LOCAL CLIMATOLOGICAL DATA (WS FORM: F-6) , PAGE 2

                                          STATION:  MARYSVILLE AIRPORT CA
                                          MONTH:    MAY
                                          YEAR:     2016
                                          LATITUDE:   39  5 N
                                          LONGITUDE: 121 34 W

[TEMPERATURE DATA]      [PRECIPITATION DATA]       SYMBOLS USED IN COLUMN 16

AVERAGE MONTHLY: 67.9   TOTAL FOR MONTH:   0.40    1 = FOG OR MIST
DPTR FM NORMAL:   1.8   DPTR FM NORMAL:   -0.59    2 = FOG REDUCING VISIBILITY
HIGHEST:    97 ON 18    GRTST 24HR  0.19 ON  7- 8      TO 1/4 MILE OR LESS
LOWEST:     48 ON 22                               3 = THUNDER
                        SNOW, ICE PELLETS, HAIL    4 = ICE PELLETS
                        TOTAL MONTH:   0.0 INCH    5 = HAIL
                        GRTST 24HR     0.0         6 = FREEZING RAIN OR DRIZZLE
                        GRTST DEPTH:   0           7 = DUSTSTORM OR SANDSTORM:
                                                       VSBY 1/2 MILE OR LESS
                                                   8 = SMOKE OR HAZE
[NO. OF DAYS WITH]      [WEATHER - DAYS WITH]      9 = BLOWING SNOW
                                                   X = TORNADO
MAX 32 OR BELOW:   0    0.01 INCH OR MORE:   5
MAX 90 OR ABOVE:   5    0.10 INCH OR MORE:   2
MIN 32 OR BELOW:   0    0.50 INCH OR MORE:   0
MIN  0 OR BELOW:   0    1.00 INCH OR MORE:   0

[HDD (BASE 65) ]
TOTAL THIS MO.    24    CLEAR  (SCALE 0-3)  20
DPTR FM NORMAL   -29    PTCLDY (SCALE 4-7)   6
TOTAL FM JUL 1  2167    CLOUDY (SCALE 8-10)  1
DPTR FM NORMAL  -561

[CDD (BASE 65) ]
TOTAL THIS MO.   110
DPTR FM NORMAL    23    [PRESSURE DATA]
TOTAL FM JAN 1   132    HIGHEST SLP M ON M
DPTR FM NORMAL    27    LOWEST  SLP 29.64 ON 19

[REMARKS]
