000
CXUS53 KBIS 300744
CF6N60
PRELIMINARY LOCAL CLIMATOLOGICAL DATA (WS FORM: F-6)

                                          STATION:   GARRISON (AMOS) ND
                                          MONTH:     JULY
                                          YEAR:      2015
                                          LATITUDE:   47 39 N
                                          LONGITUDE: 101 23 W

  TEMPERATURE IN F:       :PCPN:    SNOW:  WIND      :SUNSHINE: SKY     :PK WND
================================================================================
1   2   3   4   5  6A  6B    7    8   9   10  11  12  13   14  15   16   17  18
                                     12Z  AVG MX 2MIN
DY MAX MIN AVG DEP HDD CDD  WTR  SNW DPTH SPD SPD DIR MIN PSBL S-S WX    SPD DR
================================================================================

 1  77  57  67   M   0   2 0.00    M    M  3.7  9 360   M    M   0        12 350
 2  80  59  70   M   0   5 0.07    M    M  6.1 13 330   M    M   0        15 330
 3  80  58  69   M   0   4 0.00    M    M  3.7  8 160   M    M   0        11 200
 4  87  64  76   M   0  11 0.00    M    M  6.7 20 310   M    M   0        27 290
 5  78  57  68   M   0   3 0.24    M    M 10.3 29 310   M    M   0        38 300
 6  68  50  59   M   6   0 0.00    M    M  5.0 14  20   M    M   0        17  30
 7  75  46  61   M   4   0 0.00    M    M  8.4 21 170   M    M   0        29 170
 8  73  52  63   M   2   0 0.00    M    M  6.7 16 330   M    M   0        21 330
 9  83  52  68   M   0   3 0.00    M    M  8.8 17 220   M    M   0        22 210
10  86  58  72   M   0   7 0.00    M    M  8.4 18 140   M    M   0        22 150
11  88  68  78   M   0  13 0.00    M    M  9.0 17 180   M    M   0        21 170
12  89  59  74   M   0   9 0.09    M    M  5.9 20 300   M    M   0        26 290
13  80  62  71   M   0   6 0.00    M    M  9.0 21 310   M    M   M        25 290
14  86  60  73   M   0   8 0.00    M    M  3.6 12  80   M    M   M        14  60
15  85  63  74   M   0   9 1.07    M    M  8.2 24 280   M    M   M        31 290
16  80  63  72   M   0   7 0.08    M    M  5.7 13 300   M    M   M        18 310
17  71  56  64   M   1   0 0.03    M    M  7.5 26 310   M    M   M        31 310
18  73  57  65   M   0   0 0.00    M    M 16.1 30 300   M    M   M        40 310
19  87  54  71   M   0   6 0.00    M    M 13.4 22 330   M    M   M        30 280
20  77  53  65   M   0   0 0.00    M    M  8.2 16 320   M    M   0        22 320
21  80  51  66   M   0   1 0.00    M    M  7.3 17 150   M    M   0        22 140
22  86  60  73   M   0   8 0.00    M    M  8.5 14 150   M    M   0        18 160
23  91  64  78   M   0  13 0.83    M    M  8.7 36 340   M    M   0        46 330
24  83  60  72   M   0   7 0.00    M    M  6.8 12 120   M    M   0        16 310
25  89  60  75   M   0  10 0.53    M    M  6.7 39 330   M    M   0        52 330
26  87  63  75   M   0  10 0.19    M    M  7.9 39 300   M    M   0        48 300
27  87  60  74   M   0   9 0.00    M    M 11.5 40 190   M    M   0        53 180
28  70  55  63   M   2   0 0.00    M    M 25.8 56 280   M    M   0        76 280
29  80  57  69   M   0   4 0.00    M    M 15.4 29 280   M    M   0        36 280
================================================================================
SM 2356 1678        15 155  3.13    M    253.0          M        0
================================================================================
AV 81.2 57.9                               8.7 FASTST   M    M   0    MAX(MPH)
                                 MISC ---->  # 56 280               # 76  280
================================================================================
NOTES:
# LAST OF SEVERAL OCCURRENCES

COLUMN 17 PEAK WIND IN M.P.H.

PRELIMINARY LOCAL CLIMATOLOGICAL DATA (WS FORM: F-6) , PAGE 2

                                          STATION:  GARRISON (AMOS) ND
                                          MONTH:    JULY
                                          YEAR:     2015
                                          LATITUDE:   47 39 N
                                          LONGITUDE: 101 23 W

[TEMPERATURE DATA]      [PRECIPITATION DATA]       SYMBOLS USED IN COLUMN 16

AVERAGE MONTHLY: 69.6   TOTAL FOR MONTH:   3.13    1 = FOG OR MIST
DPTR FM NORMAL:     M   DPTR FM NORMAL:       M    2 = FOG REDUCING VISIBILITY
HIGHEST:    91 ON 23    GRTST 24HR  1.15 ON 15-16      TO 1/4 MILE OR LESS
LOWEST:     46 ON  7                               3 = THUNDER
                        SNOW, ICE PELLETS, HAIL    4 = ICE PELLETS
                        TOTAL MONTH:    M          5 = HAIL
                        GRTST 24HR    M  ON   M    6 = FREEZING RAIN OR DRIZZLE
                        GRTST DEPTH:  M  ON   M    7 = DUSTSTORM OR SANDSTORM:
                                                       VSBY 1/2 MILE OR LESS
                                                   8 = SMOKE OR HAZE
[NO. OF DAYS WITH]      [WEATHER - DAYS WITH]      9 = BLOWING SNOW
                                                   X = TORNADO
MAX 32 OR BELOW:   0    0.01 INCH OR MORE:   9
MAX 90 OR ABOVE:   1    0.10 INCH OR MORE:   5
MIN 32 OR BELOW:   0    0.50 INCH OR MORE:   3
MIN  0 OR BELOW:   0    1.00 INCH OR MORE:   1

[HDD (BASE 65) ]
TOTAL THIS MO.    15    CLEAR  (SCALE 0-3)  22
DPTR FM NORMAL     M    PTCLDY (SCALE 4-7)   0
TOTAL FM JUL 1    15    CLOUDY (SCALE 8-10)  0
DPTR FM NORMAL     M

[CDD (BASE 65) ]
TOTAL THIS MO.   155
DPTR FM NORMAL     M    [PRESSURE DATA]
TOTAL FM JAN 1   227    HIGHEST SLP M ON M
DPTR FM NORMAL     M    LOWEST  SLP 29.55 ON M

[REMARKS]
