000
CXHW50 PHFO 301250
CF6NGF
PRELIMINARY LOCAL CLIMATOLOGICAL DATA (WS FORM: F-6)

                                          STATION:   KANEOHE BAY MCAS HI
                                          MONTH:     AUGUST
                                          YEAR:      2015
                                          LATITUDE:   21 25 N
                                          LONGITUDE: 157 46 W

  TEMPERATURE IN F:       :PCPN:    SNOW:  WIND      :SUNSHINE: SKY     :PK WND
================================================================================
1   2   3   4   5  6A  6B    7    8   9   10  11  12  13   14  15   16   17  18
                                     12Z  AVG MX 2MIN
DY MAX MIN AVG DEP HDD CDD  WTR  SNW DPTH SPD SPD DIR MIN PSBL S-S WX    SPD DR
================================================================================

 1  86  77  82   3   0  17 0.00  0.0    0 11.2 15  60   M    M   4        24  60
 2  86  76  81   2   0  16 0.00  0.0    0  9.6 14  50   M    M   4        20  60
 3  85  73  79   0   0  14 0.00  0.0    0  9.6 14  40   M    M   5         M  M
 4  86  73  80   1   0  15 0.00  0.0    0  6.0 10  50   M    M   4         M  M
 5  87  76  82   3   0  17 0.05  0.0    0  9.4 14  40   M    M   8        21  50
 6  86  76  81   2   0  16 0.00  0.0    0 11.4 16  20   M    M   8        18  60
 7  87  75  81   2   0  16 0.00  0.0    0  7.9 15 100   M    M   5        23 100
 8  87  79  83   4   0  18 0.00  0.0    0 10.9 14  70   M    M   7        25  80
 9  85  77  81   2   0  16 0.00  0.0    0 11.2 15  70   M    M   7        25  50
10  87  78  83   4   0  18 0.00  0.0    0 10.1 13  50   M    M   3        21  60
11  84  77  81   2   0  16 0.00  0.0    0  6.6 12  60   M    M   7        18  60
12  87  79  83   4   0  18 0.00  0.0    0  8.2 13  40   M    M   6        21  70
13  85  77  81   2   0  16 0.00  0.0    0 10.5 14  70   M    M   8 18     22  70
14  85  78  82   3   0  17 0.00  0.0    0 11.2 14  70   M    M  10        23  60
15  85  77  81   2   0  16 0.00  0.0    0 10.1 14  60   M    M   7        22  70
16  86  76  81   2   0  16 0.11  0.0    0  5.9 12  40   M    M   3         M  M
17  86  75  81   2   0  16    T  0.0    0  4.7 10  50   M    M   6         M  M
18  85  75  80   1   0  15 0.06  0.0    0  2.1  8  30   M    M   4         M  M
19  90  75  83   4   0  18 0.00  0.0    0  5.6 15 140   M    M   1        22 140
20  87  75  81   2   0  16 0.00  0.0    0  5.2 10  90   M    M   6         M  M
21  86  78  82   3   0  17 0.00  0.0    0  8.2 14 120   M    M   5        20 120
22   M   M   M   M   M   M 0.00  0.0    0  6.5 10  80   M    M   8         M  M
23   M   M   M   M   M   M 0.00  0.0    0   M   M   M   M    M   0         M  M
24  85  73  79   0   0  14 0.00  0.0    0  5.1 13 170   M    M   7        17 140
25  89  76  83   4   0  18 0.19  0.0    0  3.2  9 220   M    M   4         M  M
26  88  75  82   3   0  17 0.00  0.0    0  2.7  7 120   M    M   5 3       M  M
27  87  78  83   4   0  18 0.00  0.0    0  4.5 10  50   M    M   2 3       M  M
28  87  78  83   4   0  18 0.00  0.0    0  3.9  9  70   M    M   5         M  M
29  86  77  82   3   0  17 0.00  0.0    0  6.7 13  60   M    M   5         M  M
================================================================================
SM 2330 2059         0 446  0.41     0.0 208.2          M      154
================================================================================
AV 86.3 76.3                               7.4 FASTST   M    M   5    MAX(MPH)
                                 MISC ---->    16   M                 25    M
================================================================================
NOTES:
# LAST OF SEVERAL OCCURRENCES

COLUMN 17 PEAK WIND IN M.P.H.

PRELIMINARY LOCAL CLIMATOLOGICAL DATA (WS FORM: F-6) , PAGE 2

                                          STATION:  KANEOHE BAY MCAS HI
                                          MONTH:    AUGUST
                                          YEAR:     2015
                                          LATITUDE:   21 25 N
                                          LONGITUDE: 157 46 W

[TEMPERATURE DATA]      [PRECIPITATION DATA]       SYMBOLS USED IN COLUMN 16

AVERAGE MONTHLY: 81.3   TOTAL FOR MONTH:   0.41    1 = FOG OR MIST
DPTR FM NORMAL:   2.3   DPTR FM NORMAL:   -1.00    2 = FOG REDUCING VISIBILITY
HIGHEST:    90 ON 19    GRTST 24HR  0.19 ON 25-25      TO 1/4 MILE OR LESS
LOWEST:     73 ON 24, 4                            3 = THUNDER
                        SNOW, ICE PELLETS, HAIL    4 = ICE PELLETS
                        TOTAL MONTH:   0.0 INCH    5 = HAIL
                        GRTST 24HR     0.0         6 = FREEZING RAIN OR DRIZZLE
                        GRTST DEPTH:   0           7 = DUSTSTORM OR SANDSTORM:
                                                       VSBY 1/2 MILE OR LESS
                                                   8 = SMOKE OR HAZE
[NO. OF DAYS WITH]      [WEATHER - DAYS WITH]      9 = BLOWING SNOW
                                                   X = TORNADO
MAX 32 OR BELOW:   0    0.01 INCH OR MORE:   4
MAX 90 OR ABOVE:   1    0.10 INCH OR MORE:   2
MIN 32 OR BELOW:   0    0.50 INCH OR MORE:   0
MIN  0 OR BELOW:   0    1.00 INCH OR MORE:   0

[HDD (BASE 65) ]
TOTAL THIS MO.     0    CLEAR  (SCALE 0-3)   4
DPTR FM NORMAL     0    PTCLDY (SCALE 4-7)  22
TOTAL FM JUL 1     0    CLOUDY (SCALE 8-10)  3
DPTR FM NORMAL     0

[CDD (BASE 65) ]
TOTAL THIS MO.   446
DPTR FM NORMAL    40    [PRESSURE DATA]
TOTAL FM JAN 1  2760    HIGHEST SLP M ON M
DPTR FM NORMAL   249    LOWEST  SLP M ON M

[REMARKS]
