000
CXUS56 KMTR 281000
CF6NUQ
PRELIMINARY LOCAL CLIMATOLOGICAL DATA (WS FORM: F-6)

                                          STATION:   MOFFETT FIELD
                                          MONTH:     APRIL
                                          YEAR:      2016
                                          LATITUDE:   37 25 N
                                          LONGITUDE: 122  3 W

  TEMPERATURE IN F:       :PCPN:    SNOW:  WIND      :SUNSHINE: SKY     :PK WND
================================================================================
1   2   3   4   5  6A  6B    7    8   9   10  11  12  13   14  15   16   17  18
                                     12Z  AVG MX 2MIN
DY MAX MIN AVG DEP HDD CDD  WTR  SNW DPTH SPD SPD DIR MIN PSBL S-S WX    SPD DR
================================================================================

 1  64  46  55  -2  10   0 0.00  0.0    0  5.8 16 350   M    M   0        20 350
 2  71  49  60   3   5   0 0.00  0.0    0  4.8 16 340   M    M   3        20 350
 3  66  53  60   2   5   0 0.00  0.0    0  5.9 22 350   M    M   5        26 350
 4  70  52  61   3   4   0 0.00  0.0    0  6.9 21 350   M    M   1        25 350
 5  80  49  65   7   0   0 0.00  0.0    0  4.3 16 340   M    M   0        19 340
 6  88  53  71  13   0   6 0.00  0.0    0  2.8 10 340   M    M   0        12 360
 7  75  59  67   9   0   2 0.00  0.0    0  5.7 17  90   M    M   0        20  90
 8  65  59  62   4   3   0 0.36  0.0    0  3.9 10 340   M    M   8 1      13 320
 9  64  58  61   3   4   0 0.31  0.0    0  3.6 14 350   M    M  10 1      17 350
10  59  55  57  -1   8   0 0.26  0.0    0  2.7 10 270   M    M  10 18     13 280
11  68  51  60   2   5   0 0.00  0.0    0  4.6 16 350   M    M   8        19 350
12  61  51  56  -3   9   0 0.00  0.0    0  3.5 14 260   M    M   7        18 280
13  67  48  58  -1   7   0 0.00  0.0    0  6.7 21 350   M    M   1        25 350
14  65  51  58  -1   7   0 0.08  0.0    0  9.6 21 310   M    M   3 1      30 310
15  71  49  60   1   5   0 0.00  0.0    0  6.9 18 310   M    M   0 8      25 290
16  81  49  65   6   0   0 0.00  0.0    0  3.7 13 350   M    M   0        14 350
17  84  53  69  10   0   4 0.00  0.0    0  3.5 14 350   M    M   0        17 340
18  86  54  70  11   0   5 0.00  0.0    0  4.5 21 350   M    M   0        23 310
19  80  55  68   8   0   3 0.00  0.0    0  4.6 16 360   M    M   0        19  10
20  76  49  63   3   2   0 0.00  0.0    0  5.9 18 350   M    M   0        21 350
21  76  58  67   7   0   2 0.00  0.0    0  5.9 16 270   M    M   6        21 270
22  63  54  59  -1   6   0 0.35  0.0    0  9.1 20 260   M    M   7 1      25 290
23  68  49  59  -1   6   0 0.00  0.0    0  7.5 18 340   M    M   1        24 350
24  69  52  61   1   4   0 0.00  0.0    0  9.2 22 290   M    M   2        32 280
25  66  49  58  -2   7   0 0.00  0.0    0  8.5 17 310   M    M   0        26 310
26  68  45  57  -3   8   0 0.00  0.0    0  6.2 21 350   M    M   0        25 350
27  63  49  56  -4   9   0 0.05  0.0    0  9.2 21 280   M    M   5        31 290
================================================================================
SM 1914 1399       114  22  1.41     0.0 155.5          M       77
================================================================================
AV 70.9 51.8                               5.8 FASTST   M    M   3    MAX(MPH)
                                 MISC ---->  # 22 350               # 32  280
================================================================================
NOTES:
# LAST OF SEVERAL OCCURRENCES

COLUMN 17 PEAK WIND IN M.P.H.

PRELIMINARY LOCAL CLIMATOLOGICAL DATA (WS FORM: F-6) , PAGE 2

                                          STATION:  MOFFETT FIELD
                                          MONTH:    APRIL
                                          YEAR:     2016
                                          LATITUDE:   37 25 N
                                          LONGITUDE: 122  3 W

[TEMPERATURE DATA]      [PRECIPITATION DATA]       SYMBOLS USED IN COLUMN 16

AVERAGE MONTHLY: 61.4   TOTAL FOR MONTH:   1.41    1 = FOG OR MIST
DPTR FM NORMAL:   2.5   DPTR FM NORMAL:    0.51    2 = FOG REDUCING VISIBILITY
HIGHEST:    88 ON  6    GRTST 24HR  0.59 ON  8- 9      TO 1/4 MILE OR LESS
LOWEST:     45 ON 26                               3 = THUNDER
                        SNOW, ICE PELLETS, HAIL    4 = ICE PELLETS
                        TOTAL MONTH:   0.0 INCH    5 = HAIL
                        GRTST 24HR     0.0         6 = FREEZING RAIN OR DRIZZLE
                        GRTST DEPTH:   0           7 = DUSTSTORM OR SANDSTORM:
                                                       VSBY 1/2 MILE OR LESS
                                                   8 = SMOKE OR HAZE
[NO. OF DAYS WITH]      [WEATHER - DAYS WITH]      9 = BLOWING SNOW
                                                   X = TORNADO
MAX 32 OR BELOW:   0    0.01 INCH OR MORE:   6
MAX 90 OR ABOVE:   0    0.10 INCH OR MORE:   4
MIN 32 OR BELOW:   0    0.50 INCH OR MORE:   0
MIN  0 OR BELOW:   0    1.00 INCH OR MORE:   0

[HDD (BASE 65) ]
TOTAL THIS MO.   114    CLEAR  (SCALE 0-3)  17
DPTR FM NORMAL   -63    PTCLDY (SCALE 4-7)   7
TOTAL FM JUL 1  1712    CLOUDY (SCALE 8-10)  3
DPTR FM NORMAL  -320

[CDD (BASE 65) ]
TOTAL THIS MO.    22
DPTR FM NORMAL    16    [PRESSURE DATA]
TOTAL FM JAN 1    24    HIGHEST SLP 30.03 ON 19
DPTR FM NORMAL    16    LOWEST  SLP 29.81 ON 22

[REMARKS]
