718
CXUS55 KEAX 240736
CF6OJC
PRELIMINARY LOCAL CLIMATOLOGICAL DATA (WS FORM: F-6)

                                          STATION:   Johnson County Executive KS
                                          MONTH:     SEPTEMBER
                                          YEAR:      2017
                                          LATITUDE:   38 50 N
                                          LONGITUDE:  94 44 W

  TEMPERATURE IN F:       :PCPN:    SNOW:  WIND      :SUNSHINE: SKY     :PK WND
================================================================================
1   2   3   4   5  6A  6B    7    8   9   10  11  12  13   14  15   16   17  18
                                     12Z  AVG MX 2MIN
DY MAX MIN AVG DEP HDD CDD  WTR  SNW DPTH SPD SPD DIR MIN PSBL S-S WX    SPD DR
================================================================================

 1  79  61  70  -4   0   5    T    M    M  5.6  9 110   M    M   0 8      13  60
 2  81  60  71  -3   0   6    T    M    M  5.7 12 210   M    M   2 1      18 210
 3  86  64  75   1   0  10 0.00    M    M  3.9  9 170   M    M   0 1      11 170
 4  87  67  77   4   0  12 0.00    M    M 10.1 18 360   M    M   0        23 360
 5  74  54  64  -9   1   0 0.00    M    M  9.6 21 350   M    M   1        32 350
 6  72  49  61 -11   4   0 0.00    M    M  5.8 18  10   M    M   1        22 360
 7  78  50  64  -8   1   0 0.00    M    M  2.8  9 220   M    M   0        12 350
 8  84  55  70  -2   0   5 0.00    M    M  6.1 13 200   M    M   0        17 200
 9  83  57  70  -1   0   5 0.00    M    M  4.6 12 150   M    M   0        16 170
10  82  61  72   1   0   7 0.00    M    M  6.1 13 140   M    M   0        16 170
11  80  56  68  -2   0   3 0.00    M    M  4.9 12  70   M    M   0        18  50
12  77  57  67  -3   0   2 0.00    M    M  5.2 15  40   M    M   0        21  40
13  83  56  70   0   0   5 0.00    M    M  3.5  9  90   M    M   0        12 330
14  84  60  72   3   0   7 0.00    M    M  7.9 16 170   M    M   0        20 170
15  85  64  75   6   0  10 0.00    M    M 12.3 21 160   M    M   0        29 150
16  85  64  75   7   0  10 0.44    M    M 10.4 21 170   M    M   1 13     27 170
17  75  63  69   1   0   4 1.16    M    M  4.9 17 350   M    M   7 123    22 330
18  74  63  69   1   0   4 0.25    M    M  6.1 12 170   M    M   5 1      18 190
19  86  64  75   8   0  10 0.05    M    M 12.1 25 170   M    M   2 13     32 160
20  86  72  79  12   0  14 0.00    M    M  9.6 17 200   M    M   4        25 210
21  89  73  81  15   0  16 0.00    M    M 12.7 25 170   M    M   1 1      32 180
22  87  70  79  13   0  14 0.00    M    M 10.3 20 180   M    M   0 1      25 180
23  87  67  77  11   0  12 0.00    M    M  6.1 15 170   M    M   0        18 170
================================================================================
SM 1884 1407         6 161  1.90    M    166.3          M       24
================================================================================
AV 81.9 61.2                               7.2 FASTST   M    M   1    MAX(MPH)
                                 MISC ---->  # 25 170               # 32  350
================================================================================
NOTES:
# LAST OF SEVERAL OCCURRENCES

COLUMN 17 PEAK WIND IN M.P.H.

PRELIMINARY LOCAL CLIMATOLOGICAL DATA (WS FORM: F-6) , PAGE 2

                                          STATION:  Johnson County Executive KS
                                          MONTH:    SEPTEMBER
                                          YEAR:     2017
                                          LATITUDE:   38 50 N
                                          LONGITUDE:  94 44 W

[TEMPERATURE DATA]      [PRECIPITATION DATA]       SYMBOLS USED IN COLUMN 16

AVERAGE MONTHLY: 71.5   TOTAL FOR MONTH:   1.90    1 = FOG OR MIST
DPTR FM NORMAL:   1.5   DPTR FM NORMAL:   -1.73    2 = FOG REDUCING VISIBILITY
HIGHEST:    89 ON 21    GRTST 24HR  1.16 ON 17-17      TO 1/4 MILE OR LESS
LOWEST:     49 ON  6                               3 = THUNDER
                        SNOW, ICE PELLETS, HAIL    4 = ICE PELLETS
                        TOTAL MONTH:    M          5 = HAIL
                        GRTST 24HR    M  ON   M    6 = FREEZING RAIN OR DRIZZLE
                        GRTST DEPTH:  M  ON   M    7 = DUSTSTORM OR SANDSTORM:
                                                       VSBY 1/2 MILE OR LESS
                                                   8 = SMOKE OR HAZE
[NO. OF DAYS WITH]      [WEATHER - DAYS WITH]      9 = BLOWING SNOW
                                                   X = TORNADO
MAX 32 OR BELOW:   0    0.01 INCH OR MORE:   4
MAX 90 OR ABOVE:   0    0.10 INCH OR MORE:   3
MIN 32 OR BELOW:   0    0.50 INCH OR MORE:   1
MIN  0 OR BELOW:   0    1.00 INCH OR MORE:   1

[HDD (BASE 65) ]
TOTAL THIS MO.     6    CLEAR  (SCALE 0-3)  20
DPTR FM NORMAL   -15    PTCLDY (SCALE 4-7)   3
TOTAL FM JUL 1     9    CLOUDY (SCALE 8-10)  0
DPTR FM NORMAL   -13

[CDD (BASE 65) ]
TOTAL THIS MO.   161
DPTR FM NORMAL    24    [PRESSURE DATA]
TOTAL FM JAN 1  1168    HIGHEST SLP  0.00 ON M
DPTR FM NORMAL  -134    LOWEST  SLP  0.00 ON M

[REMARKS]
