000
CXUS54 KOUN 230800
CF6OKC
PRELIMINARY LOCAL CLIMATOLOGICAL DATA (WS FORM: F-6)

                                          STATION:   OKLAHOMA CITY
                                          MONTH:     OCTOBER
                                          YEAR:      2014
                                          LATITUDE:   35 24 N
                                          LONGITUDE:  97 36 W

  TEMPERATURE IN F:       :PCPN:    SNOW:  WIND      :SUNSHINE: SKY     :PK WND
================================================================================
1   2   3   4   5  6A  6B    7    8   9   10  11  12  13   14  15   16   17  18
                                     12Z  AVG MX 2MIN
DY MAX MIN AVG DEP HDD CDD  WTR  SNW DPTH SPD SPD DIR MIN PSBL S-S WX    SPD DR
================================================================================

 1  94  70  82  14   0  17 0.00  0.0    0 15.1 25 210   M    M   6        32 220
 2  84  58  71   4   0   6 0.25  0.0    0 14.8 32 320   M    M   4 3      38 320
 3  69  44  57 -10   8   0 0.00  0.0    0 10.7 37 360   M    M   2 18     48 360
 4  80  39  60  -7   5   0 0.00  0.0    0  7.8 22 230   M    M   1        35 240
 5  85  50  68   2   0   3 0.26  0.0    0  5.8 43 350   M    M   6 13     55 350
 6  84  56  70   4   0   5 0.00  0.0    0  6.0 17 170   M    M   4 1      24 150
 7  93  62  78  12   0  13 0.00  0.0    0  7.2 15 210   M    M   4        17  80
 8  90  64  77  12   0  12 0.00  0.0    0 10.7 18 160   M    M   8        24 160
 9  91  69  80  15   0  15 0.00  0.0    0 12.1 21 210   M    M   7        28 210
10  75  52  64   0   1   0 0.58  0.0    0 12.5 31 320   M    M   9 13     38 320
11  59  50  55  -9  10   0 0.14  0.0    0  9.9 22  10   M    M  10 1      30  10
12  75  48  62  -2   3   0 0.35  0.0    0 13.6 40 300   M    M   6 13     47 290
13  63  54  59  -5   6   0 0.65  0.0    0 14.8 37 320   M    M   8 138    48 330
14  73  48  61  -2   4   0 0.00  0.0    0 13.5 28 330   M    M   0        35 340
15  79  45  62  -1   3   0 0.00  0.0    0  3.5  9 160   M    M   0        10 150
16  90  49  70   8   0   5 0.00  0.0    0 10.8 28 210   M    M   5        36 210
17  80  57  69   7   0   4 0.00  0.0    0 11.8 22  50   M    M   5        26  40
18  74  52  63   1   2   0 0.00  0.0    0  9.5 17  40   M    M   7        22  50
19  76  50  63   1   2   0 0.00  0.0    0  7.8 18 180   M    M   5        23 180
20  83  55  69   8   0   4 0.00  0.0    0  5.6 14 240   M    M   4        17 240
21  83  59  71  10   0   6 0.00  0.0    0  6.8 14 160   M    M   2 1      17 140
22  80  54  67   7   0   2 0.21  0.0    0  6.5 17 190   M    M   5 18     22 190
================================================================================
SM 1760 1185        44  92  2.44     0.0 216.8          M      108
================================================================================
AV 80.0 53.9                               9.9 FASTST   M    M   5    MAX(MPH)
                                 MISC ---->  # 43 350               # 55  350
================================================================================
NOTES:
# LAST OF SEVERAL OCCURRENCES

COLUMN 17 PEAK WIND IN M.P.H.

PRELIMINARY LOCAL CLIMATOLOGICAL DATA (WS FORM: F-6) , PAGE 2

                                          STATION:  OKLAHOMA CITY
                                          MONTH:    OCTOBER
                                          YEAR:     2014
                                          LATITUDE:   35 24 N
                                          LONGITUDE:  97 36 W

[TEMPERATURE DATA]      [PRECIPITATION DATA]       SYMBOLS USED IN COLUMN 16

AVERAGE MONTHLY: 66.9   TOTAL FOR MONTH:   2.44    1 = FOG OR MIST
DPTR FM NORMAL:   2.9   DPTR FM NORMAL:   -0.26    2 = FOG REDUCING VISIBILITY
HIGHEST:    94 ON  1    GRTST 24HR  1.00 ON 12-13      TO 1/4 MILE OR LESS
LOWEST:     39 ON  4                               3 = THUNDER
                        SNOW, ICE PELLETS, HAIL    4 = ICE PELLETS
                        TOTAL MONTH:   0.0 INCH    5 = HAIL
                        GRTST 24HR     0.0         6 = FREEZING RAIN OR DRIZZLE
                        GRTST DEPTH:   0           7 = DUSTSTORM OR SANDSTORM:
                                                       VSBY 1/2 MILE OR LESS
                                                   8 = SMOKE OR HAZE
[NO. OF DAYS WITH]      [WEATHER - DAYS WITH]      9 = BLOWING SNOW
                                                   X = TORNADO
MAX 32 OR BELOW:   0    0.01 INCH OR MORE:   7
MAX 90 OR ABOVE:   5    0.10 INCH OR MORE:   7
MIN 32 OR BELOW:   0    0.50 INCH OR MORE:   2
MIN  0 OR BELOW:   0    1.00 INCH OR MORE:   0

[HDD (BASE 65) ]
TOTAL THIS MO.    44    CLEAR  (SCALE 0-3)   5
DPTR FM NORMAL   -36    PTCLDY (SCALE 4-7)  15
TOTAL FM JUL 1    55    CLOUDY (SCALE 8-10)  2
DPTR FM NORMAL   -44

[CDD (BASE 65) ]
TOTAL THIS MO.    92
DPTR FM NORMAL    34    [PRESSURE DATA]
TOTAL FM JAN 1  2083    HIGHEST SLP M ON M
DPTR FM NORMAL     0    LOWEST  SLP 29.47 ON 13

[REMARKS]
