000
CXUS55 KGGW 190800
CF6OLF
PRELIMINARY LOCAL CLIMATOLOGICAL DATA (WS FORM: F-6)

                                          STATION:   WOLF POINT MT
                                          MONTH:     FEBRUARY
                                          YEAR:      2017
                                          LATITUDE:   48  5 N
                                          LONGITUDE: 105 35 W

  TEMPERATURE IN F:       :PCPN:    SNOW:  WIND      :SUNSHINE: SKY     :PK WND
================================================================================
1   2   3   4   5  6A  6B    7    8   9   10  11  12  13   14  15   16   17  18
                                     12Z  AVG MX 2MIN
DY MAX MIN AVG DEP HDD CDD  WTR  SNW DPTH SPD SPD DIR MIN PSBL S-S WX    SPD DR
================================================================================

 1  20   2  11  -3  54   0    T    M    0 12.2 22 310   M    M   8        26 280
 2  13 -14   0 -14  65   0 0.00  0.0    0  5.7 12 310   M    M   1        13 260
 3  19 -13   3 -11  62   0 0.00  0.0    0  6.1 14  70   M    M   2 8      15  70
 4  18  10  14   0  51   0 0.02    M    0  6.4 16 350   M    M  10 1      19 350
 5  15   9  12  -3  53   0    T    M    0 10.1 18  80   M    M   7 18     22  80
 6  10   4   7  -8  58   0 0.03    M    0 13.3 22  70   M    M  10 18     27  70
 7   7 -23  -8 -23  73   0    T    M    0  3.8 13  10   M    M   3 18     14  20
 8   2 -23 -10 -25  75   0 0.00  0.0    0  7.0 20 280   M    M   5        22 270
 9  29 -12   9  -7  56   0 0.00  0.0    0  6.3 13  80   M    M   2        15  70
10  45  21  33  17  32   0 0.00  0.0    0  7.0 16 260   M    M   1        20 240
11  40  16  28  12  37   0 0.00  0.0    0 10.7 36 310   M    M   2        45 310
12  38  11  25   8  40   0 0.00  0.0    0  4.3 14 240   M    M   0        17 240
13  40  19  30  13  35   0 0.00  0.0    0  9.1 18 260   M    M   1        21 260
14  40  20  30  13  35   0 0.00  0.0    0  4.9 13 250   M    M   1 1      15 250
15  45  13  29  11  36   0 0.00  0.0    0  3.2 12 250   M    M   1 12     14 260
16  49  22  36  18  29   0 0.00  0.0    0  2.9 10  30   M    M   1        12  30
17  47  26  37  19  28   0 0.00  0.0    0  8.0 18 250   M    M   1        23 260
18  37  23  30  11  35   0 0.00  0.0    0  9.0 18  80   M    M   3        21  80
================================================================================
SM  514  111       854   0  0.05     0.0 130.0          M       59
================================================================================
AV 28.6  6.2                               7.2 FASTST   M    M   3    MAX(MPH)
                                 MISC ---->  # 36 310               # 45  310
================================================================================
NOTES:
# LAST OF SEVERAL OCCURRENCES

COLUMN 17 PEAK WIND IN M.P.H.

PRELIMINARY LOCAL CLIMATOLOGICAL DATA (WS FORM: F-6) , PAGE 2

                                          STATION:  WOLF POINT MT
                                          MONTH:    FEBRUARY
                                          YEAR:     2017
                                          LATITUDE:   48  5 N
                                          LONGITUDE: 105 35 W

[TEMPERATURE DATA]      [PRECIPITATION DATA]       SYMBOLS USED IN COLUMN 16

AVERAGE MONTHLY: 17.4   TOTAL FOR MONTH:   0.05    1 = FOG OR MIST
DPTR FM NORMAL:   1.4   DPTR FM NORMAL:   -0.05    2 = FOG REDUCING VISIBILITY
HIGHEST:    49 ON 16    GRTST 24HR  0.03 ON  6- 6      TO 1/4 MILE OR LESS
LOWEST:    -23 ON  8, 7                            3 = THUNDER
                        SNOW, ICE PELLETS, HAIL    4 = ICE PELLETS
                        TOTAL MONTH:   0.0 INCH    5 = HAIL
                        GRTST 24HR     0.0         6 = FREEZING RAIN OR DRIZZLE
                        GRTST DEPTH:   0           7 = DUSTSTORM OR SANDSTORM:
                                                       VSBY 1/2 MILE OR LESS
                                                   8 = SMOKE OR HAZE
[NO. OF DAYS WITH]      [WEATHER - DAYS WITH]      9 = BLOWING SNOW
                                                   X = TORNADO
MAX 32 OR BELOW:   9    0.01 INCH OR MORE:   2
MAX 90 OR ABOVE:   0    0.10 INCH OR MORE:   0
MIN 32 OR BELOW:  18    0.50 INCH OR MORE:   0
MIN  0 OR BELOW:   5    1.00 INCH OR MORE:   0

[HDD (BASE 65) ]
TOTAL THIS MO.   854    CLEAR  (SCALE 0-3)  13
DPTR FM NORMAL   -28    PTCLDY (SCALE 4-7)   2
TOTAL FM JUL 1  5759    CLOUDY (SCALE 8-10)  3
DPTR FM NORMAL  -423

[CDD (BASE 65) ]
TOTAL THIS MO.     0
DPTR FM NORMAL     0    [PRESSURE DATA]
TOTAL FM JAN 1     0    HIGHEST SLP M ON M
DPTR FM NORMAL     0    LOWEST  SLP 29.36 ON 17

[REMARKS]
