000
CXUS55 KSEW 270930
CF6OLM
PRELIMINARY LOCAL CLIMATOLOGICAL DATA (WS FORM: F-6)

                                          STATION:   OLYMPIA WA AIRPORT
                                          MONTH:     JULY
                                          YEAR:      2016
                                          LATITUDE:   46 58 N
                                          LONGITUDE: 122 54 W

  TEMPERATURE IN F:       :PCPN:    SNOW:  WIND      :SUNSHINE: SKY     :PK WND
================================================================================
1   2   3   4   5  6A  6B    7    8   9   10  11  12  13   14  15   16   17  18
                                     12Z  AVG MX 2MIN
DY MAX MIN AVG DEP HDD CDD  WTR  SNW DPTH SPD SPD DIR MIN PSBL S-S WX    SPD DR
================================================================================

 1  77  47  62   0   3   0 0.00  0.0    0  2.7 12 350   M    M   3 1      19 330
 2  75  54  65   3   0   0 0.00  0.0    0  5.2 15 280   M    M   6 1      19 240
 3  75  51  63   1   2   0 0.00  0.0    0  7.5 15 240   M    M   6        22 260
 4  70  50  60  -2   5   0 0.00  0.0    0  8.8 18 230   M    M   6        25 230
 5  68  49  59  -3   6   0 0.00  0.0    0  3.7 12 260   M    M   8        15 280
 6  78  49  64   2   1   0    T  0.0    0  2.6 10 330   M    M   6        18  90
 7  64  58  61  -2   4   0 0.15  0.0    0  5.5 12 190   M    M   9 1      16 210
 8  70  58  64   1   1   0 0.21  0.0    0  6.7 15 240   M    M   8 1      19 240
 9  67  53  60  -3   5   0 0.08  0.0    0  5.6 20 190   M    M   8 12     23 190
10  72  49  61  -2   4   0    T  0.0    0  5.7 15 230   M    M   7 12     19 240
11  69  53  61  -2   4   0 0.00  0.0    0  6.0 14 220   M    M   5        17 210
12  73  53  63  -1   2   0    T  0.0    0  5.8 16 240   M    M   7        20 230
13  75  52  64   0   1   0 0.00  0.0    0  4.2 12 350   M    M   6        15  30
14  77  46  62  -2   3   0 0.00  0.0    0  3.7 14 270   M    M   2 1      18 270
15  73  50  62  -2   3   0 0.00  0.0    0  5.7 16 240   M    M   4        22 230
16  72  50  61  -3   4   0 0.00  0.0    0  5.1 13 170   M    M   7        15 170
17  77  50  64   0   1   0 0.00  0.0    0  2.3 10 330   M    M   6        13 320
18  69  54  62  -2   3   0 0.08  0.0    0  3.1 12 210   M    M   9        17 210
19  75  53  64   0   1   0 0.00  0.0    0  3.2 14 270   M    M   7        19 260
20  81  56  69   5   0   4 0.00  0.0    0  3.4 10 320   M    M   4        15 350
21  86  50  68   3   0   3 0.00  0.0    0  6.5 15 220   M    M   1 1      20 220
22  70  57  64  -1   1   0 0.10  0.0    0  9.1 16 230   M    M   9 13     23 230
23  73  55  64  -1   1   0 0.00  0.0    0  3.0  9 340   M    M   7        12 300
24  82  49  66   1   0   1 0.00  0.0    0  5.3 16  20   M    M   0 1      20  20
25  86  53  70   5   0   5 0.00  0.0    0  3.5 12 310   M    M   0        16 320
26  81  57  69   4   0   4 0.00  0.0    0  4.4  9  10   M    M   5         M  M
================================================================================
SM 1935 1356        55  17  0.62     0.0 128.3          M      146
================================================================================
AV 74.4 52.2                               4.9 FASTST   M    M   6    MAX(MPH)
                                 MISC ---->  # 20 190               # 25  230
================================================================================
NOTES:
# LAST OF SEVERAL OCCURRENCES

COLUMN 17 PEAK WIND IN M.P.H.

PRELIMINARY LOCAL CLIMATOLOGICAL DATA (WS FORM: F-6) , PAGE 2

                                          STATION:  OLYMPIA WA AIRPORT
                                          MONTH:    JULY
                                          YEAR:     2016
                                          LATITUDE:   46 58 N
                                          LONGITUDE: 122 54 W

[TEMPERATURE DATA]      [PRECIPITATION DATA]       SYMBOLS USED IN COLUMN 16

AVERAGE MONTHLY: 63.3   TOTAL FOR MONTH:   0.62    1 = FOG OR MIST
DPTR FM NORMAL:  -0.3   DPTR FM NORMAL:    0.06    2 = FOG REDUCING VISIBILITY
HIGHEST:    86 ON 25,21 GRTST 24HR  0.25 ON  7- 8      TO 1/4 MILE OR LESS
LOWEST:     46 ON 14                               3 = THUNDER
                        SNOW, ICE PELLETS, HAIL    4 = ICE PELLETS
                        TOTAL MONTH:   0.0 INCH    5 = HAIL
                        GRTST 24HR     0.0         6 = FREEZING RAIN OR DRIZZLE
                        GRTST DEPTH:   0           7 = DUSTSTORM OR SANDSTORM:
                                                       VSBY 1/2 MILE OR LESS
                                                   8 = SMOKE OR HAZE
[NO. OF DAYS WITH]      [WEATHER - DAYS WITH]      9 = BLOWING SNOW
                                                   X = TORNADO
MAX 32 OR BELOW:   0    0.01 INCH OR MORE:   5
MAX 90 OR ABOVE:   0    0.10 INCH OR MORE:   3
MIN 32 OR BELOW:   0    0.50 INCH OR MORE:   0
MIN  0 OR BELOW:   0    1.00 INCH OR MORE:   0

[HDD (BASE 65) ]
TOTAL THIS MO.    55    CLEAR  (SCALE 0-3)   4
DPTR FM NORMAL   -15    PTCLDY (SCALE 4-7)  19
TOTAL FM JUL 1    55    CLOUDY (SCALE 8-10)  3
DPTR FM NORMAL   -15

[CDD (BASE 65) ]
TOTAL THIS MO.    17
DPTR FM NORMAL   -19    [PRESSURE DATA]
TOTAL FM JAN 1    52    HIGHEST SLP M ON M
DPTR FM NORMAL     2    LOWEST  SLP 29.88 ON  7

[REMARKS]
