000
CXUS53 KARX 250930
CF6OLZ
PRELIMINARY LOCAL CLIMATOLOGICAL DATA (WS FORM: F-6)

                                          STATION:   OELWEIN IA
                                          MONTH:     MARCH
                                          YEAR:      2017
                                          LATITUDE:   42 40 N
                                          LONGITUDE:  91 58 W

  TEMPERATURE IN F:       :PCPN:    SNOW:  WIND      :SUNSHINE: SKY     :PK WND
================================================================================
1   2   3   4   5  6A  6B    7    8   9   10  11  12  13   14  15   16   17  18
                                     12Z  AVG MX 2MIN
DY MAX MIN AVG DEP HDD CDD  WTR  SNW DPTH SPD SPD DIR MIN PSBL S-S WX    SPD DR
================================================================================

 1  39  27  33   M  32   0 0.04    T    0 20.1 29 310   M    M   9 1      36 310
 2  30  21  26   M  39   0 0.00  0.0    0 15.2 22 310   M    M   4        27 320
 3  32  16  24   M  41   0 0.00  0.0    0  9.2 16 120   M    M   3        13 160
 4  46  27  37   M  28   0 0.00  0.0    0 19.4 25 120   M    M   1        32 130
 5  59  34  47   M  18   0 0.00  0.0    0 16.4 21 130   M    M   8        30 130
 6  66  48  57   M   8   0 0.38  0.0    0 23.2 35 170   M    M   9 3      45 170
 7  50  34  42   M  23   0    T  0.0    0 21.4 29 250   M    M   4        39 260
 8  45  30  38   M  27   0 0.00  0.0    0 23.3 35 280   M    M   2        45 280
 9  39  25  32   M  33   0 0.00  0.0    0 10.8 16 340   M    M   7        24 350
10  25  16  21   M  44   0 0.00  0.0    0 14.7 21 340   M    M   3        29 340
11  28  16  22   M  43   0 0.00  0.0    0  9.6 14 360   M    M   8        16 330
12  30  12  21   M  44   0    M    M    M  8.9 18 170   M    M   2        27 170
13  25  16  21   M  44   0    M    M    M 13.5 20  50   M    M   8 1      23  60
14  21   1  11   M  54   0 0.00  0.0    M  9.5 13  50   M    M   2         M  M
15  25   0  13   M  52   0 0.00  0.0    M  5.6  9 320   M    M   0         M  M
16  36  10  23   M  42   0 0.00  0.0    0 14.1 24 130   M    M   6        31 130
17  45  32  39   M  26   0 0.00  0.0    0 15.5 27 310   M    M   6        40 310
18  37  27  32   M  33   0 0.00  0.0    0 14.0 25 330   M    M   7        38 330
19  57  28  43   M  22   0 0.00  0.0    M 13.9 25 160   M    M   4        32 160
20  63  37  50   M  15   0 0.00  0.0    0 11.0 20  20   M    M   1        28  10
21  46  28  37   M  28   0 0.00  0.0    0 11.5 20 340   M    M   2        27 340
22  41  21  31   M  34   0 0.00  0.0    0 12.8 18 140   M    M   3        27 140
23  41  32  37   M  28   0    M  0.0    0 19.0 23 130   M    M   9        33 160
24  55  39  47   M  18   0 0.03  0.0    0 11.9 21  50   M    M   8 1      28  60
================================================================================
SM  981  577       776   0  0.45    T    344.5          M      116
================================================================================
AV 40.9 24.0                              14.4 FASTST   M    M   5    MAX(MPH)
                                 MISC ---->  # 35 170               # 45  170
================================================================================
NOTES:
# LAST OF SEVERAL OCCURRENCES

COLUMN 17 PEAK WIND IN M.P.H.

PRELIMINARY LOCAL CLIMATOLOGICAL DATA (WS FORM: F-6) , PAGE 2

                                          STATION:  OELWEIN IA
                                          MONTH:    MARCH
                                          YEAR:     2017
                                          LATITUDE:   42 40 N
                                          LONGITUDE:  91 58 W

[TEMPERATURE DATA]      [PRECIPITATION DATA]       SYMBOLS USED IN COLUMN 16

AVERAGE MONTHLY: 32.5   TOTAL FOR MONTH:   0.45    1 = FOG OR MIST
DPTR FM NORMAL:     M   DPTR FM NORMAL:       M    2 = FOG REDUCING VISIBILITY
HIGHEST:    66 ON  6    GRTST 24HR  0.38 ON  6- 6      TO 1/4 MILE OR LESS
LOWEST:      0 ON 15                               3 = THUNDER
                        SNOW, ICE PELLETS, HAIL    4 = ICE PELLETS
                        TOTAL MONTH:    T          5 = HAIL
                        GRTST 24HR    T  ON  1- 1  6 = FREEZING RAIN OR DRIZZLE
                        GRTST DEPTH:   0           7 = DUSTSTORM OR SANDSTORM:
                                                       VSBY 1/2 MILE OR LESS
                                                   8 = SMOKE OR HAZE
[NO. OF DAYS WITH]      [WEATHER - DAYS WITH]      9 = BLOWING SNOW
                                                   X = TORNADO
MAX 32 OR BELOW:   8    0.01 INCH OR MORE:   3
MAX 90 OR ABOVE:   0    0.10 INCH OR MORE:   1
MIN 32 OR BELOW:  19    0.50 INCH OR MORE:   0
MIN  0 OR BELOW:   1    1.00 INCH OR MORE:   0

[HDD (BASE 65) ]
TOTAL THIS MO.   776    CLEAR  (SCALE 0-3)   9
DPTR FM NORMAL     M    PTCLDY (SCALE 4-7)  10
TOTAL FM JUL 1  5325    CLOUDY (SCALE 8-10)  5
DPTR FM NORMAL     M

[CDD (BASE 65) ]
TOTAL THIS MO.     0
DPTR FM NORMAL     M    [PRESSURE DATA]
TOTAL FM JAN 1     0    HIGHEST SLP M ON M
DPTR FM NORMAL     M    LOWEST  SLP M ON M

[REMARKS]
