000
CXUS56 KOTX 011500
CF6OMK
PRELIMINARY LOCAL CLIMATOLOGICAL DATA (WS FORM: F-6)

                                          STATION:   OMAK WA AIRPORT
                                          MONTH:     FEBRUARY
                                          YEAR:      2015
                                          LATITUDE:   48 27 N
                                          LONGITUDE: 119 31 W

  TEMPERATURE IN F:       :PCPN:    SNOW:  WIND      :SUNSHINE: SKY     :PK WND
================================================================================
1   2   3   4   5  6A  6B    7    8   9   10  11  12  13   14  15   16   17  18
                                     12Z  AVG MX 2MIN
DY MAX MIN AVG DEP HDD CDD  WTR  SNW DPTH SPD SPD DIR MIN PSBL S-S WX    SPD DR
================================================================================

 1  36  31  34   5  31   0 0.12    M    M  7.6 13 170   M    M  10 1      16 170
 2  36  32  34   4  31   0 0.05    M    M  4.1  8 160   M    M  10 12     10 160
 3  37  32  35   5  30   0 0.00    M    M  1.5  8 150   M    M  10 1       9 150
 4  36  32  34   4  31   0 0.12    M    M  0.1  5 190   M    M  10 1       6 350
 5  41  34  38   8  27   0 0.29    M    M  7.0 16 220   M    M  10 12     20 200
 6  49  39  44  14  21   0 0.09    M    M  8.0 17 190   M    M   8 1      24 180
 7  50  39  45  15  20   0 0.15    M    M  5.6 14 200   M    M   7 12     17 200
 8  51  33  42  12  23   0 0.02    M    M  3.6 13 340   M    M   6        18 340
 9  47  40  44  13  21   0 0.15    M    M  3.8 12 350   M    M   9 1      14 360
10  51  40  46  15  19   0 0.01    M    M  2.0  9 180   M    M  10 1      11 190
11  51  43  47  16  18   0 0.00    M    M  5.2 10 210   M    M   8        13 210
12  54  41  48  17  17   0    T    M    M  3.8 10 170   M    M   8        14 200
13  53  34  44  13  21   0 0.00    M    M  2.9  8 300   M    M   3         9 170
14  53  34  44  13  21   0 0.00    M    M  3.8 10 320   M    M   3 1      12 320
15  55  28  42  10  23   0 0.00    M    M  5.8 14  10   M    M   0        18  20
16  53  33  43  11  22   0 0.00    M    M  9.9 16  10   M    M   0        21 360
17  52  31  42  10  23   0 0.00    M    M 10.2 18 350   M    M   0        23 360
18  49  26  38   6  27   0 0.00    M    M  3.3 10 330   M    M   0        13 330
19  46  28  37   4  28   0    T    M    M  3.3  8 290   M    M   2        10 180
20  54  26  40   7  25   0 0.00    M    M  6.8 21 360   M    M   5        27  10
21  54  31  43  10  22   0 0.00    M    M 12.4 24  30   M    M   2        33  20
22  47  22  35   2  30   0 0.00    M    M  2.8  8 290   M    M   0        10 180
23  49  20  35   1  30   0 0.00    M    M  3.8  9 170   M    M   0        11 170
24  49  24  37   3  28   0 0.00    M    M  2.8  8 290   M    M   0        10 310
25  54  20  37   3  28   0 0.00    M    M  3.0  9 200   M    M   2        11 190
26  54  33  44   9  21   0 0.00    M    M  6.3 12 170   M    M   8        15 210
27  46  34  40   5  25   0    T    M    M 10.2 23  10   M    M   9        32  10
28  50  32  41   6  24   0 0.00    M    M 11.2 24  10   M    M   1        30 360
================================================================================
SM 1357  892       687   0  1.00    M    150.8          M      141
================================================================================
AV 48.5 31.9                               5.4 FASTST   M    M   5    MAX(MPH)
                                 MISC ---->  # 24  30               # 33   20
================================================================================
NOTES:
# LAST OF SEVERAL OCCURRENCES

COLUMN 17 PEAK WIND IN M.P.H.

PRELIMINARY LOCAL CLIMATOLOGICAL DATA (WS FORM: F-6) , PAGE 2

                                          STATION:  OMAK WA AIRPORT
                                          MONTH:    FEBRUARY
                                          YEAR:     2015
                                          LATITUDE:   48 27 N
                                          LONGITUDE: 119 31 W

[TEMPERATURE DATA]      [PRECIPITATION DATA]       SYMBOLS USED IN COLUMN 16

AVERAGE MONTHLY: 40.2   TOTAL FOR MONTH:   1.00    1 = FOG OR MIST
DPTR FM NORMAL:   8.4   DPTR FM NORMAL:   -0.30    2 = FOG REDUCING VISIBILITY
HIGHEST:    55 ON 15    GRTST 24HR  0.29 ON  5- 6      TO 1/4 MILE OR LESS
LOWEST:     20 ON 25,23                            3 = THUNDER
                        SNOW, ICE PELLETS, HAIL    4 = ICE PELLETS
                        TOTAL MONTH:    M          5 = HAIL
                        GRTST 24HR    M  ON   M    6 = FREEZING RAIN OR DRIZZLE
                        GRTST DEPTH:  M  ON   M    7 = DUSTSTORM OR SANDSTORM:
                                                       VSBY 1/2 MILE OR LESS
                                                   8 = SMOKE OR HAZE
[NO. OF DAYS WITH]      [WEATHER - DAYS WITH]      9 = BLOWING SNOW
                                                   X = TORNADO
MAX 32 OR BELOW:   0    0.01 INCH OR MORE:   9
MAX 90 OR ABOVE:   0    0.10 INCH OR MORE:   5
MIN 32 OR BELOW:  15    0.50 INCH OR MORE:   0
MIN  0 OR BELOW:   0    1.00 INCH OR MORE:   0

[HDD (BASE 65) ]
TOTAL THIS MO.   687    CLEAR  (SCALE 0-3)  13
DPTR FM NORMAL  -241    PTCLDY (SCALE 4-7)   7
TOTAL FM JUL 1  4186    CLOUDY (SCALE 8-10)  8
DPTR FM NORMAL  -675

[CDD (BASE 65) ]
TOTAL THIS MO.     0
DPTR FM NORMAL     0    [PRESSURE DATA]
TOTAL FM JAN 1     0    HIGHEST SLP 30.57 ON 22
DPTR FM NORMAL     0    LOWEST  SLP 29.39 ON  6

[REMARKS]
#FINAL-02-15#
