000
CXUS53 KARX 010930
CF6ONA
PRELIMINARY LOCAL CLIMATOLOGICAL DATA (WS FORM: F-6)

                                          STATION:   WINONA_MUNI_(AWOS) MN
                                          MONTH:     AUGUST
                                          YEAR:      2014
                                          LATITUDE:   44  4 N
                                          LONGITUDE:  91 42 W

  TEMPERATURE IN F:       :PCPN:    SNOW:  WIND      :SUNSHINE: SKY     :PK WND
================================================================================
1   2   3   4   5  6A  6B    7    8   9   10  11  12  13   14  15   16   17  18
                                     12Z  AVG MX 2MIN
DY MAX MIN AVG DEP HDD CDD  WTR  SNW DPTH SPD SPD DIR MIN PSBL S-S WX    SPD DR
================================================================================

 1  82  59  71   M   0   6 0.00  0.0    0  1.4  7 290   M    M   1         M  M
 2  86  61  74   M   0   9 0.00  0.0    0  1.5  7 250   M    M   1 1       M  M
 3  81  63  72   M   0   7    M  0.0    0  0.8  8 150   M    M   4 3       M  M
 4  81  66  74   M   0   9    M  0.0    0  1.2  6  50   M    M   5 13     16 160
 5  79  63  71   M   0   6 0.00  0.0    0  1.8  9 110   M    M   6 1       M  M
 6  81  61  71   M   0   6 0.00  0.0    0  1.1  8 150   M    M   4 12      M  M
 7  81  61  71   M   0   6 0.00  0.0    0  4.1 12 120   M    M   3 1      17 100
 8  81  63  72   M   0   7 0.00  0.0    0  3.2  8 130   M    M   6         M  M
 9  81  61  71   M   0   6 0.00  0.0    0  2.7  8 120   M    M   1         M  M
10  79  61  70   M   0   5 0.00  0.0    0  1.9  7 120   M    M   0         M  M
11  75  61  68   M   0   3 0.00  0.0    0  5.4 14 310   M    M   7 1      18 310
12  77  59  68   M   0   3 0.00  0.0    0  7.1 16 320   M    M   3        23 320
13  81  57  69   M   0   4 0.00  0.0    0  2.4  7  20   M    M   2         M  M
14  75  54  65   M   0   0 0.00  0.0    0  1.8  7 140   M    M   0         M  M
15  81  55  68   M   0   3 0.00  0.0    0  3.3 10 220   M    M   2         M  M
16  81  64  73   M   0   8 0.00  0.0    0  0.6  5 310   M    M   5 1       M  M
17  77  70  74   M   0   9    M  0.0    0  5.8 12 110   M    M   9 1       M  M
18  90  66  78   M   0  13 1.13  0.0    0  3.4  8 150   M    M   7 3       M  M
19  79  63  71   M   0   6 0.00  0.0    0  2.8  7 320   M    M   4         M  M
20  81  61  71   M   0   6 0.00  0.0    0  1.1  7 130   M    M   4 12      M  M
21  82  70  76   M   0  11    M  0.0    0  4.6 14  10   M    M   6 3      20  10
22  86  73  80   M   0  15 0.00  0.0    0  1.2  7 310   M    M   5 1       M  M
23  79  70  75   M   0  10    M  0.0    0  2.8  9 130   M    M   8 1       M  M
24  90  72  81   M   0  16 0.00  0.0    0  7.1 13 130   M    M   5 3      16 150
25  88  70  79   M   0  14    M  0.0    0  3.8  8 300   M    M   2 3       M  M
26  73  61  67   M   0   2 0.00  0.0    0  3.5 10 340   M    M   3        17 350
27  73  59  66   M   0   1    T  0.0    0  1.4  5 330   M    M   4         M  M
28  70  59  65   M   0   0    M  0.0    0  4.9 12 120   M    M   7 1      16 120
29  86  63  75   M   0  10    M  0.0    0  5.6 22 280   M    M   7 13     45 280
30  73  63  68   M   0   3 0.22  0.0    0  3.4 10 340   M    M   7         M  M
31  86  61  74   M   0   9 0.40  0.0    0  4.7 13 230   M    M   6 1      21 230
================================================================================
SM 2495 1950         0 213  1.75     0.0  96.4          M      134
================================================================================
AV 80.5 62.9                               3.1 FASTST   M    M   4    MAX(MPH)
                                 MISC ---->    22   M                 45    M
================================================================================
NOTES:
# LAST OF SEVERAL OCCURRENCES

COLUMN 17 PEAK WIND IN M.P.H.

PRELIMINARY LOCAL CLIMATOLOGICAL DATA (WS FORM: F-6) , PAGE 2

                                          STATION:  WINONA_MUNI_(AWOS) MN
                                          MONTH:    AUGUST
                                          YEAR:     2014
                                          LATITUDE:   44  4 N
                                          LONGITUDE:  91 42 W

[TEMPERATURE DATA]      [PRECIPITATION DATA]       SYMBOLS USED IN COLUMN 16

AVERAGE MONTHLY: 71.7   TOTAL FOR MONTH:   1.75    1 = FOG OR MIST
DPTR FM NORMAL:     M   DPTR FM NORMAL:       M    2 = FOG REDUCING VISIBILITY
HIGHEST:    90 ON 24,18 GRTST 24HR  1.13 ON 18-18      TO 1/4 MILE OR LESS
LOWEST:     54 ON 14                               3 = THUNDER
                        SNOW, ICE PELLETS, HAIL    4 = ICE PELLETS
                        TOTAL MONTH:   0.0 INCH    5 = HAIL
                        GRTST 24HR     0.0         6 = FREEZING RAIN OR DRIZZLE
                        GRTST DEPTH:   0           7 = DUSTSTORM OR SANDSTORM:
                                                       VSBY 1/2 MILE OR LESS
                                                   8 = SMOKE OR HAZE
[NO. OF DAYS WITH]      [WEATHER - DAYS WITH]      9 = BLOWING SNOW
                                                   X = TORNADO
MAX 32 OR BELOW:   0    0.01 INCH OR MORE:   3
MAX 90 OR ABOVE:   2    0.10 INCH OR MORE:   3
MIN 32 OR BELOW:   0    0.50 INCH OR MORE:   1
MIN  0 OR BELOW:   0    1.00 INCH OR MORE:   1

[HDD (BASE 65) ]
TOTAL THIS MO.     0    CLEAR  (SCALE 0-3)   9
DPTR FM NORMAL     M    PTCLDY (SCALE 4-7)  21
TOTAL FM JUL 1     9    CLOUDY (SCALE 8-10)  1
DPTR FM NORMAL     M

[CDD (BASE 65) ]
TOTAL THIS MO.   213
DPTR FM NORMAL     M    [PRESSURE DATA]
TOTAL FM JAN 1   560    HIGHEST SLP M ON M
DPTR FM NORMAL     M    LOWEST  SLP M ON M

[REMARKS]
#FINAL-08-14#
