795
CXUS56 KBOI 011002
CF6ONO
PRELIMINARY LOCAL CLIMATOLOGICAL DATA (WS FORM: F-6)

                                          STATION:   ONTARIO OR
                                          MONTH:     APRIL
                                          YEAR:      2016
                                          LATITUDE:   44  1 N
                                          LONGITUDE: 117  1 W

  TEMPERATURE IN F:       :PCPN:    SNOW:  WIND      :SUNSHINE: SKY     :PK WND
================================================================================
1   2   3   4   5  6A  6B    7    8   9   10  11  12  13   14  15   16   17  18
                                     12Z  AVG MX 2MIN
DY MAX MIN AVG DEP HDD CDD  WTR  SNW DPTH SPD SPD DIR MIN PSBL S-S WX    SPD DR
================================================================================

 1  70  33  52   5  13   0 0.00    M    M  4.0 12 120   M    M   0        17 120
 2  75  34  55   7  10   0 0.00    M    M  3.7 10  90   M    M   0        15  60
 3  77  44  61  13   4   0 0.00    M    M  4.7 12 100   M    M   0        16  90
 4  64  38  51   3  14   0 0.00    M    M  8.7 29 300   M    M   2        37 320
 5  62  36  49   1  16   0 0.00    M    M  6.7 20 330   M    M   1        26 320
 6  72  31  52   4  13   0 0.00    M    M  3.3 10 240   M    M   0        11 250
 7  77  34  56   8   9   0 0.00    M    M  3.4  9 240   M    M   0        11 110
 8  80  38  59  10   6   0 0.00    M    M  2.7  8 250   M    M   0 8      14 280
 9  82  37  60  11   5   0 0.00    M    M  4.3 20 320   M    M   0        24 320
10  80  47  64  15   1   0 0.00    M    M  5.4 22 320   M    M   0        29 320
11  79  42  61  12   4   0 0.00    M    M  2.9 18 310   M    M   0        23 310
12  62  44  53   4  12   0 0.03    M    M  5.6 18 310   M    M   6 1      23 300
13  64  42  53   3  12   0 0.10    M    M  6.2 31 300   M    M   6 1      41 300
14  57  42  50   0  15   0    T    M    M  8.1 29 260   M    M   6        36 250
15  62  40  51   1  14   0 0.00    M    M 11.7 24 310   M    M   5        30 310
16  69  35  52   2  13   0 0.00    M    M  4.7 13 240   M    M   0        15 330
17  73  36  55   5  10   0 0.00    M    M  3.5  9 340   M    M   0        18 330
18  76  37  57   6   8   0 0.00    M    M  2.5  8 210   M    M   0        12  10
19  82  35  59   8   6   0 0.00    M    M  1.4  9 250   M    M   0        11 250
20  82  40  61  10   4   0 0.00    M    M  3.0 10 250   M    M   0        11 250
21  83  43  63  11   2   0 0.00    M    M  3.3 15 340   M    M   0        18 350
22  76  53  65  13   0   0 0.04    M    M  6.8 29 240   M    M   3 8      43 150
23  59  42  51  -1  14   0 0.28    M    M 12.0 29 310   M    M   8 1      37 310
24  63  40  52   0  13   0 0.01    M    M  9.0 23 310   M    M   4        28 320
25  64  46  55   2  10   0    T    M    M 23.9 33 320   M    M   5        42 320
26  70  46  58   5   7   0 0.00    M    M 14.3 29 310   M    M   2        37 310
27  64  50  57   4   8   0 0.00    M    M  9.3 20 310   M    M   7        24 300
28  72  50  61   7   4   0 0.00    M    M 14.7 24 320   M    M   5        32 320
29  64  46  55   1  10   0 0.00    M    M 12.7 24 320   M    M   5        29 330
30  70  48  59   5   6   0 0.00    M    M 18.8 30 320   M    M   1        38 320
================================================================================
SM 2130 1229       263   0  0.46    M    221.3          M       66
================================================================================
AV 71.0 41.0                               7.4 FASTST   M    M   2    MAX(MPH)
                                 MISC ---->  # 33 320               # 43  150
================================================================================
NOTES:
# LAST OF SEVERAL OCCURRENCES

COLUMN 17 PEAK WIND IN M.P.H.

PRELIMINARY LOCAL CLIMATOLOGICAL DATA (WS FORM: F-6) , PAGE 2

                                          STATION:  ONTARIO OR
                                          MONTH:    APRIL
                                          YEAR:     2016
                                          LATITUDE:   44  1 N
                                          LONGITUDE: 117  1 W

[TEMPERATURE DATA]      [PRECIPITATION DATA]       SYMBOLS USED IN COLUMN 16

AVERAGE MONTHLY: 56.0   TOTAL FOR MONTH:   0.46    1 = FOG OR MIST
DPTR FM NORMAL:   5.6   DPTR FM NORMAL:   -0.34    2 = FOG REDUCING VISIBILITY
HIGHEST:    83 ON 21    GRTST 24HR  0.32 ON 22-23      TO 1/4 MILE OR LESS
LOWEST:     31 ON  6                               3 = THUNDER
                        SNOW, ICE PELLETS, HAIL    4 = ICE PELLETS
                        TOTAL MONTH:    M          5 = HAIL
                        GRTST 24HR    M  ON   M    6 = FREEZING RAIN OR DRIZZLE
                        GRTST DEPTH:  M  ON   M    7 = DUSTSTORM OR SANDSTORM:
                                                       VSBY 1/2 MILE OR LESS
                                                   8 = SMOKE OR HAZE
[NO. OF DAYS WITH]      [WEATHER - DAYS WITH]      9 = BLOWING SNOW
                                                   X = TORNADO
MAX 32 OR BELOW:   0    0.01 INCH OR MORE:   5
MAX 90 OR ABOVE:   0    0.10 INCH OR MORE:   2
MIN 32 OR BELOW:   1    0.50 INCH OR MORE:   0
MIN  0 OR BELOW:   0    1.00 INCH OR MORE:   0

[HDD (BASE 65) ]
TOTAL THIS MO.   263    CLEAR  (SCALE 0-3)  20
DPTR FM NORMAL  -178    PTCLDY (SCALE 4-7)   9
TOTAL FM JUL 1  4796    CLOUDY (SCALE 8-10)  1
DPTR FM NORMAL  -945

[CDD (BASE 65) ]
TOTAL THIS MO.     0
DPTR FM NORMAL    -1    [PRESSURE DATA]
TOTAL FM JAN 1     0    HIGHEST SLP 30.45 ON  6
DPTR FM NORMAL    -1    LOWEST  SLP 29.48 ON 22

[REMARKS]
#FINAL-04-16#
