000
CXUS52 KMFL 281000
CF6OPF
PRELIMINARY LOCAL CLIMATOLOGICAL DATA (WS FORM: F-6)

                                          STATION:   OPA-LOCKA ARPT
                                          MONTH:     MAY
                                          YEAR:      2017
                                          LATITUDE:   25 53 N
                                          LONGITUDE:  80 17 W

  TEMPERATURE IN F:       :PCPN:    SNOW:  WIND      :SUNSHINE: SKY     :PK WND
================================================================================
1   2   3   4   5  6A  6B    7    8   9   10  11  12  13   14  15   16   17  18
                                     12Z  AVG MX 2MIN
DY MAX MIN AVG DEP HDD CDD  WTR  SNW DPTH SPD SPD DIR MIN PSBL S-S WX    SPD DR
================================================================================

 1  85  76  81   4   0  16 0.00  0.0    0 15.4 23 140   M    M   5        27 140
 2  88  69  79   2   0  14 0.75  0.0    0 10.0 24 340   M    M   5 13     30 330
 3  90  79  85   8   0  20 0.00  0.0    0  7.7 15 100   M    M   2        21 100
 4  89  74  82   5   0  17    T  0.0    0  8.6 16 140   M    M   4 3      22 130
 5  87  68  78   1   0  13 0.44  0.0    0 12.9 25 260   M    M   4 3      34 260
 6  83  66  75  -2   0  10 0.00  0.0    0 11.6 24 320   M    M   1        30 350
 7  85  63  74  -4   0   9 0.00  0.0    0  8.0 15 300   M    M   0        19 320
 8  87  65  76  -2   0  11 0.00  0.0    0  5.5 15 130   M    M   0        22  90
 9  89  67  78   0   0  13 0.00  0.0    0  5.8 15 120   M    M   0        20 130
10  89  71  80   2   0  15 0.00  0.0    0  5.3 14  90   M    M   1        19 120
11  90  70  80   2   0  15 0.00  0.0    0  6.1 15 240   M    M   0        21 180
12  90  71  81   3   0  16 0.00  0.0    0  7.5 20 160   M    M   1        25 150
13  93  73  83   5   0  18 0.00  0.0    0 10.9 22 240   M    M   1        30 240
14  90  74  82   3   0  17 0.11  0.0    0 10.3 20 220   M    M   5 13     27 250
15  93  71  82   3   0  17 0.00  0.0    0  7.6 17 140   M    M   0        24 130
16  89  76  83   4   0  18    T  0.0    0 10.8 23  90   M    M   3        28 100
17  89  78  84   5   0  19 0.24  0.0    0 15.5 30 120   M    M   4 1      34 130
18  88  77  83   4   0  18 0.14  0.0    0 15.1 25  90   M    M   6 1      32  90
19  88  77  83   3   0  18    T  0.0    0 16.1 22 120   M    M   7        28 120
20  89  79  84   4   0  19    T  0.0    0 13.0 20 140   M    M   3        24 130
21  88  77  83   3   0  18 0.00  0.0    0 10.3 20 110   M    M   1        24 100
22  89  74  82   2   0  17 0.00  0.0    0  7.9 17 120   M    M   2        23 150
23  90  76  83   3   0  18 0.00  0.0    0 10.6 22 160   M    M   1        28 160
24  94  73  84   4   0  19 0.04  0.0    0 14.2 30 270   M    M   5 13     38 200
25  87  76  82   2   0  17 0.86  0.0    0 10.8 30 280   M    M   3 138    36 210
26  91  77  84   3   0  19    T  0.0    0  6.1 15 130   M    M   3 3      19 160
27  96  79  88   7   0  23 0.00  0.0    0  6.4 16 140   M    M   3 3      19 150
================================================================================
SM 2406 1976         0 444  2.58     0.0 270.0          M       70
================================================================================
AV 89.1 73.2                              10.0 FASTST   M    M   3    MAX(MPH)
                                 MISC ---->  # 30 120               # 38  200
================================================================================
NOTES:
# LAST OF SEVERAL OCCURRENCES

COLUMN 17 PEAK WIND IN M.P.H.

PRELIMINARY LOCAL CLIMATOLOGICAL DATA (WS FORM: F-6) , PAGE 2

                                          STATION:  OPA-LOCKA ARPT
                                          MONTH:    MAY
                                          YEAR:     2017
                                          LATITUDE:   25 53 N
                                          LONGITUDE:  80 17 W

[TEMPERATURE DATA]      [PRECIPITATION DATA]       SYMBOLS USED IN COLUMN 16

AVERAGE MONTHLY: 81.2   TOTAL FOR MONTH:   2.58    1 = FOG OR MIST
DPTR FM NORMAL:   2.4   DPTR FM NORMAL:   -2.11    2 = FOG REDUCING VISIBILITY
HIGHEST:    96 ON 27    GRTST 24HR  0.86 ON 25-25      TO 1/4 MILE OR LESS
LOWEST:     63 ON  7                               3 = THUNDER
                        SNOW, ICE PELLETS, HAIL    4 = ICE PELLETS
                        TOTAL MONTH:   0.0 INCH    5 = HAIL
                        GRTST 24HR     0.0         6 = FREEZING RAIN OR DRIZZLE
                        GRTST DEPTH:   0           7 = DUSTSTORM OR SANDSTORM:
                                                       VSBY 1/2 MILE OR LESS
                                                   8 = SMOKE OR HAZE
[NO. OF DAYS WITH]      [WEATHER - DAYS WITH]      9 = BLOWING SNOW
                                                   X = TORNADO
MAX 32 OR BELOW:   0    0.01 INCH OR MORE:   7
MAX 90 OR ABOVE:  10    0.10 INCH OR MORE:   6
MIN 32 OR BELOW:   0    0.50 INCH OR MORE:   2
MIN  0 OR BELOW:   0    1.00 INCH OR MORE:   0

[HDD (BASE 65) ]
TOTAL THIS MO.     0    CLEAR  (SCALE 0-3)  16
DPTR FM NORMAL     0    PTCLDY (SCALE 4-7)  11
TOTAL FM JUL 1    21    CLOUDY (SCALE 8-10)  0
DPTR FM NORMAL  -119

[CDD (BASE 65) ]
TOTAL THIS MO.   444
DPTR FM NORMAL    73    [PRESSURE DATA]
TOTAL FM JAN 1  1457    HIGHEST SLP M ON M
DPTR FM NORMAL   289    LOWEST  SLP 29.75 ON  5

[REMARKS]
