000
CXUS52 KMFL 261000
CF6OPF
PRELIMINARY LOCAL CLIMATOLOGICAL DATA (WS FORM: F-6)

                                          STATION:   OPA-LOCKA ARPT
                                          MONTH:     JULY
                                          YEAR:      2017
                                          LATITUDE:   25 53 N
                                          LONGITUDE:  80 17 W

  TEMPERATURE IN F:       :PCPN:    SNOW:  WIND      :SUNSHINE: SKY     :PK WND
================================================================================
1   2   3   4   5  6A  6B    7    8   9   10  11  12  13   14  15   16   17  18
                                     12Z  AVG MX 2MIN
DY MAX MIN AVG DEP HDD CDD  WTR  SNW DPTH SPD SPD DIR MIN PSBL S-S WX    SPD DR
================================================================================

 1  92  80  86   3   0  21 0.03  0.0    0  8.3 16 120   M    M   1        21 120
 2  91  81  86   3   0  21 0.00  0.0    0  8.1 16  80   M    M   2 3      20 120
 3  92  82  87   4   0  22 0.00  0.0    0  9.4 16 110   M    M   2        20 100
 4  90  78  84   1   0  19 0.08  0.0    0  8.1 21 170   M    M   2 13     23 160
 5  91  80  86   3   0  21    T  0.0    0  9.7 18 110   M    M   2        22 120
 6  92  81  87   4   0  22    T  0.0    0  9.5 15 120   M    M   2        21  90
 7  93  81  87   4   0  22    T  0.0    0  6.9 17 270   M    M   2 3      23 270
 8  90  76  83   0   0  18 1.78  0.0    0  5.2 29 270   M    M   4 138    32 280
 9  80  79  80  -3   0  15 0.00  0.0    0  6.8 15 110   M    M   2        18 110
10   M   M   M   M   M   M 0.10    M    0  6.8 13 130   M    M   2 3       M  M
11  91  78  85   2   0  20 0.01  0.0    0  7.6 17  80   M    M   1 3      21  90
12  92  74  83   0   0  18 2.56  0.0    0  7.9 26 310   M    M   4 13     31 300
13  90  78  84   1   0  19 0.94  0.0    0 10.2 25 140   M    M   4 138    33 110
14  91  81  86   3   0  21 0.01  0.0    0  9.7 17  90   M    M   3        22  70
15  92  80  86   3   0  21    T  0.0    0  7.6 18  80   M    M   2        22  70
16  91  79  85   2   0  20 0.03  0.0    0  6.6 15 110   M    M   1 13     18 100
17  93  76  85   1   0  20 0.16  0.0    0  5.2 22 300   M    M   2 13     30 300
18  92  78  85   1   0  20 0.10  0.0    0  3.2 18 270   M    M   5 138    22 260
19  91  77  84   0   0  19 1.08  0.0    0  3.2 23 260   M    M   1 13     26 260
20  92  78  85   1   0  20 0.17  0.0    0  3.8 21 130   M    M   2 13     25 140
21  90  74  82  -2   0  17 2.64  0.0    0  3.2 28 310   M    M   3 123    38 280
22  91  75  83  -1   0  18 0.00  0.0    0  4.3 13 140   M    M   1 3      17 140
23  92  80  86   2   0  21 0.01  0.0    0  7.1 18 130   M    M   2        24 130
24   M   M   M   M   M   M 0.05    M    0  4.6 12 130   M    M   2 3       M  M
25  94  79  87   3   0  22 0.25  0.0    0  4.8 20  90   M    M   3 13     27 100
================================================================================
SM 2093 1805         0 457 10.00     0.0 167.8          M       57
================================================================================
AV 91.0 78.5                               6.7 FASTST   M    M   2    MAX(MPH)
                                 MISC ---->  # 29 270               # 38  280
================================================================================
NOTES:
# LAST OF SEVERAL OCCURRENCES

COLUMN 17 PEAK WIND IN M.P.H.

PRELIMINARY LOCAL CLIMATOLOGICAL DATA (WS FORM: F-6) , PAGE 2

                                          STATION:  OPA-LOCKA ARPT
                                          MONTH:    JULY
                                          YEAR:     2017
                                          LATITUDE:   25 53 N
                                          LONGITUDE:  80 17 W

[TEMPERATURE DATA]      [PRECIPITATION DATA]       SYMBOLS USED IN COLUMN 16

AVERAGE MONTHLY: 84.7   TOTAL FOR MONTH:  10.00    1 = FOG OR MIST
DPTR FM NORMAL:   1.4   DPTR FM NORMAL:    4.30    2 = FOG REDUCING VISIBILITY
HIGHEST:    94 ON 25    GRTST 24HR  2.64 ON 21-21      TO 1/4 MILE OR LESS
LOWEST:     74 ON 21,12                            3 = THUNDER
                        SNOW, ICE PELLETS, HAIL    4 = ICE PELLETS
                        TOTAL MONTH:   0.0 INCH    5 = HAIL
                        GRTST 24HR     0.0         6 = FREEZING RAIN OR DRIZZLE
                        GRTST DEPTH:   0           7 = DUSTSTORM OR SANDSTORM:
                                                       VSBY 1/2 MILE OR LESS
                                                   8 = SMOKE OR HAZE
[NO. OF DAYS WITH]      [WEATHER - DAYS WITH]      9 = BLOWING SNOW
                                                   X = TORNADO
MAX 32 OR BELOW:   0    0.01 INCH OR MORE:  17
MAX 90 OR ABOVE:  22    0.10 INCH OR MORE:  10
MIN 32 OR BELOW:   0    0.50 INCH OR MORE:   5
MIN  0 OR BELOW:   0    1.00 INCH OR MORE:   4

[HDD (BASE 65) ]
TOTAL THIS MO.     0    CLEAR  (SCALE 0-3)  20
DPTR FM NORMAL     0    PTCLDY (SCALE 4-7)   5
TOTAL FM JUL 1     0    CLOUDY (SCALE 8-10)  0
DPTR FM NORMAL     0

[CDD (BASE 65) ]
TOTAL THIS MO.   457
DPTR FM NORMAL    -1    [PRESSURE DATA]
TOTAL FM JAN 1  2528    HIGHEST SLP M ON M
DPTR FM NORMAL   317    LOWEST  SLP 29.94 ON 16

[REMARKS]
