000
CXUS52 KMFL 271000
CF6OPF
PRELIMINARY LOCAL CLIMATOLOGICAL DATA (WS FORM: F-6)

                                          STATION:   OPA-LOCKA ARPT
                                          MONTH:     JULY
                                          YEAR:      2016
                                          LATITUDE:   25 53 N
                                          LONGITUDE:  80 17 W

  TEMPERATURE IN F:       :PCPN:    SNOW:  WIND      :SUNSHINE: SKY     :PK WND
================================================================================
1   2   3   4   5  6A  6B    7    8   9   10  11  12  13   14  15   16   17  18
                                     12Z  AVG MX 2MIN
DY MAX MIN AVG DEP HDD CDD  WTR  SNW DPTH SPD SPD DIR MIN PSBL S-S WX    SPD DR
================================================================================

 1  91  72  82  -1   0  17 0.56  0.0    0  3.9 22 250   M    M   4 3      25 250
 2  90  76  83   0   0  18 0.93  0.0    0  4.3 17 140   M    M   3 3      22 130
 3  90  78  84   1   0  19 0.63  0.0    0  4.3 15 260   M    M   2 38     18 260
 4  93  78  86   3   0  21    T  0.0    0  6.5 16 120   M    M   1 3      21 120
 5  93  80  87   4   0  22 0.00  0.0    0  7.3 15 130   M    M   1        20 130
 6  93  82  88   5   0  23 0.00  0.0    0  8.3 15 110   M    M   2        21 140
 7  93  81  87   4   0  22 0.00  0.0    0  7.4 16 170   M    M   3        26 130
 8  94  78  86   3   0  21    T  0.0    0  5.4 16 130   M    M   2 3      19 130
 9  93  79  86   3   0  21 0.00  0.0    0  5.7 15 160   M    M   1 8      19 130
10  93  80  87   4   0  22 0.00  0.0    0  8.1 16 120   M    M   2 8      20 130
11  93  80  87   4   0  22 0.01  0.0    0  8.9 16 120   M    M   2 8      22 120
12  94  81  88   5   0  23 0.00  0.0    0  8.4 16 100   M    M   2 138    21 120
13  93  79  86   3   0  21    T  0.0    0  4.2 16 120   M    M   1 38     20 110
14  92  78  85   2   0  20 0.04  0.0    0  7.6 18 120   M    M   2 3      23 130
15  92  76  84   1   0  19 0.17  0.0    0  8.8 25 120   M    M   2 3      31 110
16  92  76  84   1   0  19 0.03  0.0    0  6.0 18 140   M    M   2 3      23 130
17  92  75  84   0   0  19 0.60  0.0    0 12.2 25  90   M    M   4 138    34  80
18  92  76  84   0   0  19 0.00  0.0    0 12.2 22  90   M    M   3 3      27 100
19  92  79  86   2   0  21 0.03  0.0    0 11.7 20 100   M    M   3 3      26 110
20  93  80  87   3   0  22    T  0.0    0 10.4 20  90   M    M   2        23  90
21  91  77  84   0   0  19 0.45  0.0    0  7.1 26 120   M    M   1 138    31 120
22  92  76  84   0   0  19 0.12  0.0    0  4.3 21 290   M    M   2 3      25 180
23  91  76  84   0   0  19    T  0.0    0  4.9 15  50   M    M   3 3      19  40
24  86  77  82  -2   0  17 0.01  0.0    0  4.6 23 100   M    M   2 3      27 110
25  92  78  85   1   0  20 0.00  0.0    0  7.6 18 130   M    M   1        23 130
26  92  79  86   2   0  21 0.04  0.0    0  7.9 28 130   M    M   1 3      34 120
================================================================================
SM 2392 2027         0 526  3.62     0.0 188.0          M       54
================================================================================
AV 92.0 78.0                               7.2 FASTST   M    M   2    MAX(MPH)
                                 MISC ---->  # 28 130               # 34   80
================================================================================
NOTES:
# LAST OF SEVERAL OCCURRENCES

COLUMN 17 PEAK WIND IN M.P.H.

PRELIMINARY LOCAL CLIMATOLOGICAL DATA (WS FORM: F-6) , PAGE 2

                                          STATION:  OPA-LOCKA ARPT
                                          MONTH:    JULY
                                          YEAR:     2016
                                          LATITUDE:   25 53 N
                                          LONGITUDE:  80 17 W

[TEMPERATURE DATA]      [PRECIPITATION DATA]       SYMBOLS USED IN COLUMN 16

AVERAGE MONTHLY: 85.0   TOTAL FOR MONTH:   3.62    1 = FOG OR MIST
DPTR FM NORMAL:   1.6   DPTR FM NORMAL:   -2.31    2 = FOG REDUCING VISIBILITY
HIGHEST:    94 ON 12, 8 GRTST 24HR  1.49 ON  1- 2      TO 1/4 MILE OR LESS
LOWEST:     72 ON  1                               3 = THUNDER
                        SNOW, ICE PELLETS, HAIL    4 = ICE PELLETS
                        TOTAL MONTH:   0.0 INCH    5 = HAIL
                        GRTST 24HR     0.0         6 = FREEZING RAIN OR DRIZZLE
                        GRTST DEPTH:   0           7 = DUSTSTORM OR SANDSTORM:
                                                       VSBY 1/2 MILE OR LESS
                                                   8 = SMOKE OR HAZE
[NO. OF DAYS WITH]      [WEATHER - DAYS WITH]      9 = BLOWING SNOW
                                                   X = TORNADO
MAX 32 OR BELOW:   0    0.01 INCH OR MORE:  13
MAX 90 OR ABOVE:  25    0.10 INCH OR MORE:   7
MIN 32 OR BELOW:   0    0.50 INCH OR MORE:   4
MIN  0 OR BELOW:   0    1.00 INCH OR MORE:   0

[HDD (BASE 65) ]
TOTAL THIS MO.     0    CLEAR  (SCALE 0-3)  24
DPTR FM NORMAL     0    PTCLDY (SCALE 4-7)   2
TOTAL FM JUL 1     0    CLOUDY (SCALE 8-10)  0
DPTR FM NORMAL     0

[CDD (BASE 65) ]
TOTAL THIS MO.   526
DPTR FM NORMAL    49    [PRESSURE DATA]
TOTAL FM JAN 1  2543    HIGHEST SLP M ON M
DPTR FM NORMAL   313    LOWEST  SLP 29.99 ON M

[REMARKS]
