000
CXUS54 KMRX 241000
CF6OQT
PRELIMINARY LOCAL CLIMATOLOGICAL DATA (WS FORM: F-6)

                                          STATION:   OAK_RIDGE_(ASOS)
                                          MONTH:     SEPTEMBER
                                          YEAR:      2017
                                          LATITUDE:   36  1 N
                                          LONGITUDE:  84 14 W

  TEMPERATURE IN F:       :PCPN:    SNOW:  WIND      :SUNSHINE: SKY     :PK WND
================================================================================
1   2   3   4   5  6A  6B    7    8   9   10  11  12  13   14  15   16   17  18
                                     12Z  AVG MX 2MIN
DY MAX MIN AVG DEP HDD CDD  WTR  SNW DPTH SPD SPD DIR MIN PSBL S-S WX    SPD DR
================================================================================

 1  77  61  69  -6   0   4 0.53    M    M  5.1 18 190   M    M  10 1      34 200
 2  68  58  63 -12   2   0 0.09    M    M  2.9 10 260   M    M  10 128    17 280
 3  80  57  69  -6   0   4 0.00    M    M  1.6  9 160   M    M   5 12     13 160
 4  85  58  72  -3   0   7 0.00    M    M  2.5  9 190   M    M   2 12     15 230
 5  70  64  67  -7   0   2 1.88    M    M  1.7  9 160   M    M   7 1      13 200
 6  75  53  64 -10   1   0 0.00    M    M  2.0 10 280   M    M   5 12     15 330
 7  74  47  61 -13   4   0    T    M    M  1.3  8 260   M    M   2 1      12 210
 8  76  49  63 -11   2   0 0.00    M    M  1.7  9  80   M    M   1 1      13  80
 9  80  53  67  -6   0   2 0.00    M    M  2.1 10  90   M    M   2        16 360
10  77  53  65  -8   0   0 0.00    M    M  2.5 12  70   M    M   0        17  90
11  64  57  61 -11   4   0 0.39    M    M  4.1 12  60   M    M   3 1      20 360
12  72  61  67  -5   0   2    T    M    M  3.1 14  50   M    M   8        25  50
13  66  59  63  -9   2   0 0.05    M    M  2.8 12 200   M    M   9 1      20 220
14  76  60  68  -3   0   3 0.06    M    M  1.1  7 280   M    M   9 1      10 250
15  83  64  74   3   0   9 0.00    M    M  0.6  7 150   M    M   7 1      10 140
16  86  63  75   4   0  10 0.00    M    M  0.6  7 130   M    M   4 12     11 140
17  86  62  74   4   0   9 0.00    M    M  0.4  7 170   M    M   4 12     11 160
18  87  62  75   5   0  10    T  0.0    0  0.8  7  80   M    M   1        10  80
19  87  63  75   5   0  10 0.14  0.0    0  0.8  6  99   M    M   4 12      M  M
20  86  62  74   5   0   9 0.00    M    M  0.9  8 140   M    M   5 12     10 140
21  88  64  76   7   0  11 0.00    M    M  0.6  7  20   M    M   2 12     11 360
22  90  66  78  10   0  13 0.00    M    M  0.4  6 320   M    M   0 1       9  60
23  91  66  79  11   0  14    T  0.0    0  1.3  8  70   M    M   1 1      15  70
================================================================================
SM 1824 1362        15 119  3.14     0.0  40.9          M      101
================================================================================
AV 79.3 59.2                               1.8 FASTST   M    M   4    MAX(MPH)
                                 MISC ---->  # 18 190               # 34  200
================================================================================
NOTES:
# LAST OF SEVERAL OCCURRENCES

COLUMN 17 PEAK WIND IN M.P.H.

PRELIMINARY LOCAL CLIMATOLOGICAL DATA (WS FORM: F-6) , PAGE 2

                                          STATION:  OAK_RIDGE_(ASOS)
                                          MONTH:    SEPTEMBER
                                          YEAR:     2017
                                          LATITUDE:   36  1 N
                                          LONGITUDE:  84 14 W

[TEMPERATURE DATA]      [PRECIPITATION DATA]       SYMBOLS USED IN COLUMN 16

AVERAGE MONTHLY: 69.3   TOTAL FOR MONTH:   3.14    1 = FOG OR MIST
DPTR FM NORMAL:  -2.7   DPTR FM NORMAL:    0.31    2 = FOG REDUCING VISIBILITY
HIGHEST:    91 ON 23    GRTST 24HR  1.88 ON  5- 5      TO 1/4 MILE OR LESS
LOWEST:     47 ON  7                               3 = THUNDER
                        SNOW, ICE PELLETS, HAIL    4 = ICE PELLETS
                        TOTAL MONTH:   0.0 INCH    5 = HAIL
                        GRTST 24HR     0.0         6 = FREEZING RAIN OR DRIZZLE
                        GRTST DEPTH:   0           7 = DUSTSTORM OR SANDSTORM:
                                                       VSBY 1/2 MILE OR LESS
                                                   8 = SMOKE OR HAZE
[NO. OF DAYS WITH]      [WEATHER - DAYS WITH]      9 = BLOWING SNOW
                                                   X = TORNADO
MAX 32 OR BELOW:   0    0.01 INCH OR MORE:   7
MAX 90 OR ABOVE:   2    0.10 INCH OR MORE:   4
MIN 32 OR BELOW:   0    0.50 INCH OR MORE:   2
MIN  0 OR BELOW:   0    1.00 INCH OR MORE:   1

[HDD (BASE 65) ]
TOTAL THIS MO.    15    CLEAR  (SCALE 0-3)  10
DPTR FM NORMAL     9    PTCLDY (SCALE 4-7)   8
TOTAL FM JUL 1    15    CLOUDY (SCALE 8-10)  5
DPTR FM NORMAL     9

[CDD (BASE 65) ]
TOTAL THIS MO.   119
DPTR FM NORMAL   -49    [PRESSURE DATA]
TOTAL FM JAN 1  1471    HIGHEST SLP M ON M
DPTR FM NORMAL    45    LOWEST  SLP 29.59 ON 12

[REMARKS]
