000
CXUS53 KDMX 210920
CF6OTM
PRELIMINARY LOCAL CLIMATOLOGICAL DATA (WS FORM: F-6)

                                          STATION:   OTTUMWA IA
                                          MONTH:     JANUARY
                                          YEAR:      2017
                                          LATITUDE:   41  6 N
                                          LONGITUDE:  92 27 W

  TEMPERATURE IN F:       :PCPN:    SNOW:  WIND      :SUNSHINE: SKY     :PK WND
================================================================================
1   2   3   4   5  6A  6B    7    8   9   10  11  12  13   14  15   16   17  18
                                     12Z  AVG MX 2MIN
DY MAX MIN AVG DEP HDD CDD  WTR  SNW DPTH SPD SPD DIR MIN PSBL S-S WX    SPD DR
================================================================================

 1  40  16  28   5  37   0 0.00  0.0    0  7.8 17 180   M    M   2 18     20 190
 2  41  31  36  13  29   0 0.08  0.0    0  8.5 17 110   M    M  10 128    20 100
 3  37  11  24   1  41   0 0.00  0.0    0 20.2 32 320   M    M   6 18     38 320
 4  17   7  12 -11  53   0    T    M    0 13.9 23 310   M    M   3 8      30 310
 5  14  -1   7 -16  58   0    T    M    M 10.1 21 330   M    M   7 8      26 310
 6  11  -5   3 -19  62   0 0.00  0.0    0  6.9 13 290   M    M   2 8      16 290
 7  24   2  13  -9  52   0 0.00  0.0    0  8.1 16 330   M    M   3        20 320
 8  24  -2  11 -11  54   0 0.00  0.0    0 11.0 23 180   M    M   4        28 180
 9  38  13  26   4  39   0 0.00  0.0    M  9.9 21 170   M    M   5        26 170
10  49  24  37  15  28   0 0.07    M    M 15.6 32 280   M    M   8 18     42 290
11  46  18  32  10  33   0 0.00  0.0    M 14.9 26 330   M    M   6 18     32 320
12  24  16  20  -2  45   0    T    M    M 11.7 21 330   M    M   6 8      24 330
13  27  13  20  -2  45   0 0.00  0.0    M 10.4 17  10   M    M   4        24  10
14  34  21  28   6  37   0 0.00  0.0    M  4.4 12 350   M    M   7        15 320
15  32  20  26   4  39   0 0.02    M    M  5.7 12 100   M    M   9 18     14 100
16  37  30  34  12  31   0 0.78    M    0  9.4 17 100   M    M  10 126    21  90
17  37  34  36  14  29   0 0.00  0.0    0 10.0 16 290   M    M  10 1      21 300
18  45  30  38  16  27   0 0.00  0.0    0  9.7 20 200   M    M   6 128    22 200
19  40  28  34  12  31   0 0.11    M    0  6.8 13  90   M    M  10 12     15  90
20  44  36  40  18  25   0 0.02    M    0  5.2 12 130   M    M  10 12     15 110
================================================================================
SM  661  342       795   0  1.08     0.0 200.2          M      128
================================================================================
AV 33.1 17.1                              10.0 FASTST   M    M   6    MAX(MPH)
                                 MISC ---->  # 32 320               # 42  290
================================================================================
NOTES:
# LAST OF SEVERAL OCCURRENCES

COLUMN 17 PEAK WIND IN M.P.H.

PRELIMINARY LOCAL CLIMATOLOGICAL DATA (WS FORM: F-6) , PAGE 2

                                          STATION:  OTTUMWA IA
                                          MONTH:    JANUARY
                                          YEAR:     2017
                                          LATITUDE:   41  6 N
                                          LONGITUDE:  92 27 W

[TEMPERATURE DATA]      [PRECIPITATION DATA]       SYMBOLS USED IN COLUMN 16

AVERAGE MONTHLY: 25.1   TOTAL FOR MONTH:   1.08    1 = FOG OR MIST
DPTR FM NORMAL:   2.8   DPTR FM NORMAL:    0.47    2 = FOG REDUCING VISIBILITY
HIGHEST:    49 ON 10    GRTST 24HR  0.79 ON 15-16      TO 1/4 MILE OR LESS
LOWEST:     -5 ON  6                               3 = THUNDER
                        SNOW, ICE PELLETS, HAIL    4 = ICE PELLETS
                        TOTAL MONTH:   0.0 INCH    5 = HAIL
                        GRTST 24HR     0.0         6 = FREEZING RAIN OR DRIZZLE
                        GRTST DEPTH:   0           7 = DUSTSTORM OR SANDSTORM:
                                                       VSBY 1/2 MILE OR LESS
                                                   8 = SMOKE OR HAZE
[NO. OF DAYS WITH]      [WEATHER - DAYS WITH]      9 = BLOWING SNOW
                                                   X = TORNADO
MAX 32 OR BELOW:   8    0.01 INCH OR MORE:   6
MAX 90 OR ABOVE:   0    0.10 INCH OR MORE:   2
MIN 32 OR BELOW:  18    0.50 INCH OR MORE:   1
MIN  0 OR BELOW:   3    1.00 INCH OR MORE:   0

[HDD (BASE 65) ]
TOTAL THIS MO.   795    CLEAR  (SCALE 0-3)   3
DPTR FM NORMAL   -59    PTCLDY (SCALE 4-7)  10
TOTAL FM JUL 1  2744    CLOUDY (SCALE 8-10)  7
DPTR FM NORMAL  -615

[CDD (BASE 65) ]
TOTAL THIS MO.     0
DPTR FM NORMAL     0    [PRESSURE DATA]
TOTAL FM JAN 1     0    HIGHEST SLP M ON M
DPTR FM NORMAL     0    LOWEST  SLP 29.31 ON 10

[REMARKS]
