004
CXAK56 PAOT 271132
CF6OTZ

PRELIMINARY LOCAL CLIMATOLOGICAL DATA (WS FORM: F-6)

                                          STATION:   KOTZEBUE
                                          MONTH:     07
                                          YEAR:      2016
                                          LATITUDE:   66 53 N
                                          LONGITUDE: 162 36 W

  TEMPERATURE IN F:       :PCPN:    SNOW:  WIND      :SUNSHINE: SKY     :PK WND
================================================================================
1   2   3   4   5  6A  6B    7     8   9   10  11  12  13   14  15   16  17  18
                                      12Z  AVG MX 2MIN
DY MAX MIN AVG DEP HDD CDD  WTR   SNW DPTH SPD SPD DIR MIN PSBL S-S WX   SPD DR
================================================================================

 1  63  53  58   6   7   0  0.00  0.0   0 18.0 26  290   M    M   M       32 290
 2  61  50  56   3   9   0  0.00  0.0   0 18.8 23  290   M    M   M       28 290
 3  62  46  54   1  11   0  0.00  0.0   0 12.4 21  300   M    M   M 12    24 290
 4  52  45  49  -4  16   0  0.00  0.0   0 15.4 22  290   M    M   M 2     26 290
 5  61  50  56   2   9   0     T  0.0   0  8.0 14  270   M    M   M       16 270
 6  63  53  58   4   7   0     T  0.0   0  7.6 13  290   M    M   M       15 300
 7  64  52  58   4   7   0     T  0.0   0  8.2 18  240   M    M   M 8     21 310
 8  62  53  58   4   7   0     T  0.0   0  7.5 14  240   M    M   M 1     16 270
 9  62  55  59   4   6   0  0.04  0.0   0  8.6 16  210   M    M   M       20 150
10  58  48  53  -2  12   0  0.28  0.0   0 16.2 25  290   M    M   M 1     32 280
11  67  50  59   4   6   0  0.00  0.0   0  5.7 12  240   M    M   M       13 240
12  71  57  64   9   1   0  0.00  0.0   0  5.2 12  210   M    M   M       14 210
13  73  62  68  13   0   3  0.00  0.0   0  7.3 13  300   M    M   M       15 300
14  73  60  67  12   0   2  0.00  0.0   0  6.1 14  310   M    M   M       16 310
15  62  51  57   2   8   0  0.11  0.0   0 12.3 26  250   M    M   M 1     30 250
16  59  54  57   2   8   0  0.06  0.0   0 10.0 24  250   M    M   M 1     27 260
17  55  52  54  -1  11   0  0.29  0.0   0 12.0 26  230   M    M   M 1     32 240
18  57  49  53  -2  12   0     T  0.0   0 19.3 28  290   M    M   M       31 290
19  59  51  55   0  10   0  0.00  0.0   0 12.7 21  300   M    M   M       24 300
20  57  53  55   0  10   0  0.45  0.0   0  7.9 18   90   M    M   M 1     21  80
21  63  53  58   3   7   0  0.00  0.0   0  7.5 16   90   M    M   M 1     19  80
22  65  57  61   6   4   0  0.00  0.0   0  9.9 23  290   M    M   M       27 290
23  68  54  61   6   4   0  0.00  0.0   0 13.4 22  290   M    M   M       25 290
24  65  54  60   5   5   0  0.00  0.0   0  8.6 15  300   M    M   M       18 300
25  63  57  60   5   5   0  0.00  0.0   0  0.0 17  190   M    M   M       19 300
26  62  55  59   4   6   0  0.00  0.0   0  6.9 14  310   M    M   M       17 310
================================================================================
SM 1627 1374       188   5  1.23 0.0    265.5           M        M
================================================================================
AV 62.6 52.8                             10.2 FASTST  PSBL  %   M    MAX(MPH)
                                 MISC ---->     28  290               # 32 240
================================================================================
NOTES:
# LAST OF SEVERAL OCCURRENCES

COLUMN 17 PEAK WIND IN M.P.H.

PRELIMINARY LOCAL CLIMATOLOGICAL DATA (WS FORM: F-6) , PAGE 2

                                          STATION:   KOTZEBUE
                                          MONTH:     07
                                          YEAR:      2016
                                          LATITUDE:  66 53 N
                                          LONGITUDE: 162 36 W

[TEMPERATURE DATA]      [PRECIPITATION DATA]       SYMBOLS USED IN COLUMN 16

AVERAGE MONTHLY:57.7   TOTAL FOR MONTH: 1.23       1 = FOG
DPTR FM NORMAL:  3.2   DPTR FM NORMAL: 0.10       2 = FOG REDUCING VISIBILITY
HIGHEST:    73 ON 14    GRTST 24HR   0.45 ON 20        TO 1/4 MILE OR LESS
LOWEST:     45 ON  4                               3 = THUNDER
                        SNOW, ICE PELLETS, HAIL    4 = ICE PELLETS
                        TOTAL MONTH: 0.0         5 = HAIL
                        GRTST 24HR   0.0           6 = GLAZE OR RIME
                        GRTST DEPTH:    0          7 = BLOWING DUST OR SAND:
                                                       VSBY 1/2 MILE OR LESS
                                                   8 = SMOKE OR HAZE
[NO. OF DAYS WITH]      [WEATHER - DAYS WITH]      9 = BLOWING SNOW
                                                   X = TORNADO
MAX 32 OR BELOW:   0    0.01 INCH OR MORE:   6
MAX 70 OR ABOVE:   3    0.10 INCH OR MORE:   4
MIN 32 OR BELOW:   0    0.50 INCH OR MORE:   0
MIN  0 OR BELOW:   0    1.00 INCH OR MORE:   0

[HDD (BASE 65) ]
TOTAL THIS MO.   188    CLEAR  (SCALE 0-3)   M
DPTR FM NORMAL   -87    PTCLDY (SCALE 4-7)   M
SEASONAL TOTAL   188    CLOUDY (SCALE 8-10)  M
DPTR FM NORMAL   -87

[CDD (BASE 65) ]
TOTAL THIS MO.     5
DPTR FM NORMAL     5    [PRESSURE DATA]
SEASONAL TOTAL     5    HIGHEST SLP     M
DPTR FM NORMAL     5    LOWEST  SLP     M

[REMARKS]
