000
CXUS53 KARX 010658
CF6OVS
PRELIMINARY LOCAL CLIMATOLOGICAL DATA (WS FORM: F-6)

                                          STATION:   BOSCOBEL_(ASOS) WI
                                          MONTH:     APRIL
                                          YEAR:      2017
                                          LATITUDE:   43  9 N
                                          LONGITUDE:  90 41 W

  TEMPERATURE IN F:       :PCPN:    SNOW:  WIND      :SUNSHINE: SKY     :PK WND
================================================================================
1   2   3   4   5  6A  6B    7    8   9   10  11  12  13   14  15   16   17  18
                                     12Z  AVG MX 2MIN
DY MAX MIN AVG DEP HDD CDD  WTR  SNW DPTH SPD SPD DIR MIN PSBL S-S WX    SPD DR
================================================================================

 1  64  28  46   4  19   0 0.00  0.0    0  1.7  8 200   M    M   2 128    11 200
 2  55  34  45   3  20   0 0.10  0.0    0  1.9 12 180   M    M   8 1      15 190
 3  55  46  51   9  14   0 0.38  0.0    0  4.2 12  80   M    M  10 1      16  60
 4  61  40  51   8  14   0 0.33  0.0    0  2.8 13 360   M    M   6 1      20  20
 5  53  41  47   4  18   0 0.00  0.0    0  6.5 17 360   M    M   7        25  10
 6  56  39  48   4  17   0 0.00  0.0    0 11.4 24 330   M    M   1        32 320
 7  61  26  44   0  21   0 0.00  0.0    0  2.9 10 220   M    M   0 8      14 220
 8  77  34  56  11   9   0 0.00  0.0    0  6.8 18 190   M    M   1 8      29 170
 9  78  59  69  24   0   4 0.00  0.0    0  8.1 20 190   M    M   5        30 220
10  70  44  57  11   8   0 0.04  0.0    0  7.0 17 210   M    M   7 18     24 210
11  50  32  41  -5  24   0 0.00  0.0    0  6.2 15 300   M    M   7 18     20 310
12  65  29  47   0  18   0 0.11  0.0    0  3.5 13 100   M    M   5 128    19 110
13  61  43  52   5  13   0 0.33  0.0    0  6.3 14  90   M    M   9 1      18  90
14  69  47  58  10   7   0 1.73  0.0    0  6.2 17 290   M    M   6 138    22 290
15  77  57  67  19   0   2 0.76  0.0    0  6.8 21 210   M    M   8 13     29 210
16  70  42  56   8   9   0 0.00  0.0    0  8.8 23 290   M    M   2 1      31 290
17  73  41  57   8   8   0    T  0.0    0  3.9 18 310   M    M   3 18     24 320
18  73  44  59  10   6   0    T  0.0    0  7.4 22 190   M    M   4        38 200
19  62  49  56   6   9   0 0.75  0.0    0  7.3 24 320   M    M   6 13     31 340
20  55  45  50   0  15   0 0.02  0.0    0  7.9 22 290   M    M   9 13     30 290
21  64  37  51   0  14   0 0.00  0.0    0  5.6 16 330   M    M   1 8      20 340
22  69  32  51   0  14   0 0.00  0.0    0  1.5  9  30   M    M   0 1      13  20
23  74  33  54   3  11   0 0.00  0.0    0  3.7 15 220   M    M   0 8      21 220
24  75  42  59   7   6   0 0.00  0.0    0  5.7 17 180   M    M   1        27 210
25  75  49  62  10   3   0 0.02  0.0    0  3.2 12 170   M    M   4        17 120
26  61  44  53   0  12   0 0.12  0.0    0  6.5 15 220   M    M   9 1      20 230
27  44  35  40 -13  25   0 0.44    T    0 10.1 17 260   M    M  10 1      25 220
28  52  30  41 -12  24   0 0.06  0.0    0  3.1 13 270   M    M   6 8      19 290
29  48  41  45  -9  20   0 0.02  0.0    0  9.3 20  70   M    M   4        30  60
30  47  41  44 -10  21   0 0.34  0.0    0  9.9 20 230   M    M   9 138    28  90
================================================================================
SM 1894 1204       399   6  5.55    T    176.2          M      150
================================================================================
AV 63.1 40.1                               5.9 FASTST   M    M   5    MAX(MPH)
                                 MISC ---->  # 24 330               # 38  200
================================================================================
NOTES:
# LAST OF SEVERAL OCCURRENCES

COLUMN 17 PEAK WIND IN M.P.H.

PRELIMINARY LOCAL CLIMATOLOGICAL DATA (WS FORM: F-6) , PAGE 2

                                          STATION:  BOSCOBEL_(ASOS) WI
                                          MONTH:    APRIL
                                          YEAR:     2017
                                          LATITUDE:   43  9 N
                                          LONGITUDE:  90 41 W

[TEMPERATURE DATA]      [PRECIPITATION DATA]       SYMBOLS USED IN COLUMN 16

AVERAGE MONTHLY: 51.6   TOTAL FOR MONTH:   5.55    1 = FOG OR MIST
DPTR FM NORMAL:   3.6   DPTR FM NORMAL:    1.91    2 = FOG REDUCING VISIBILITY
HIGHEST:    78 ON  9    GRTST 24HR  1.73 ON 14-14      TO 1/4 MILE OR LESS
LOWEST:     26 ON  7                               3 = THUNDER
                        SNOW, ICE PELLETS, HAIL    4 = ICE PELLETS
                        TOTAL MONTH:    T          5 = HAIL
                        GRTST 24HR    T  ON 27-27  6 = FREEZING RAIN OR DRIZZLE
                        GRTST DEPTH:   0           7 = DUSTSTORM OR SANDSTORM:
                                                       VSBY 1/2 MILE OR LESS
                                                   8 = SMOKE OR HAZE
[NO. OF DAYS WITH]      [WEATHER - DAYS WITH]      9 = BLOWING SNOW
                                                   X = TORNADO
MAX 32 OR BELOW:   0    0.01 INCH OR MORE:  16
MAX 90 OR ABOVE:   0    0.10 INCH OR MORE:  11
MIN 32 OR BELOW:   6    0.50 INCH OR MORE:   3
MIN  0 OR BELOW:   0    1.00 INCH OR MORE:   1

[HDD (BASE 65) ]
TOTAL THIS MO.   399    CLEAR  (SCALE 0-3)  10
DPTR FM NORMAL  -112    PTCLDY (SCALE 4-7)  13
TOTAL FM JUL 1  5641    CLOUDY (SCALE 8-10)  7
DPTR FM NORMAL -1165

[CDD (BASE 65) ]
TOTAL THIS MO.     6
DPTR FM NORMAL     3    [PRESSURE DATA]
TOTAL FM JAN 1     6    HIGHEST SLP M ON M
DPTR FM NORMAL     2    LOWEST  SLP 29.34 ON 26

[REMARKS]
#FINAL-04-17#
