000
CXUS53 KARX 190930
CF6OVS
PRELIMINARY LOCAL CLIMATOLOGICAL DATA (WS FORM: F-6)

                                          STATION:   BOSCOBEL_(ASOS) WI
                                          MONTH:     FEBRUARY
                                          YEAR:      2018
                                          LATITUDE:   43  9 N
                                          LONGITUDE:  90 41 W

  TEMPERATURE IN F:       :PCPN:    SNOW:  WIND      :SUNSHINE: SKY     :PK WND
================================================================================
1   2   3   4   5  6A  6B    7    8   9   10  11  12  13   14  15   16   17  18
                                     12Z  AVG MX 2MIN
DY MAX MIN AVG DEP HDD CDD  WTR  SNW DPTH SPD SPD DIR MIN PSBL S-S WX    SPD DR
================================================================================

 1  36   2  19  -1  46   0    T    T    M 10.3 23 310   M    M   2 8      32 300
 2  20  -2   9 -11  56   0 0.00  0.0    M  5.5 15 220   M    M   3 8      21 230
 3  32  20  26   6  39   0 0.13    M    M  4.2 10  10   M    M  10 18     16  50
 4  27  -5  11 -10  54   0    T    M    M  9.1 17 330   M    M   5 18     26  40
 5  12 -15  -1 -22  66   0 0.05    M    M  3.2 13 210   M    M   5 1      17 210
 6  15 -12   2 -19  63   0    T    T    M  1.5  9 300   M    M   5 18     14 310
 7  18  -1   9 -13  56   0    T    M    M  4.3 14 330   M    M   4 18     20 290
 8  22   5  14  -8  51   0 0.11    M    M  4.0  9 200   M    M   8 18     13 200
 9  23   4  14  -8  51   0 0.13    M    M  4.9 13  10   M    M   5 18     20  10
10  20   5  13  -9  52   0 0.00  0.0    M  2.1  7 340   M    M   4 8      10 280
11  23   6  15  -8  50   0 0.03    M    M  6.6 17 270   M    M   4 1      25 280
12  21 -11   5 -18  60   0 0.00  0.0    M  0.1  5 120   M    M   0 18      7 100
13  35   0  18  -6  47   0 0.00  0.0    M  4.3 13 200   M    M   5 18     20 180
14  48   5  27   3  38   0 0.00  0.0    M  4.8 14 210   M    M   0 18     23 190
15  46  33  40  16  25   0 0.00  0.0    0  6.1 17 340   M    M   2 18     29 330
16  34  10  22  -3  43   0 0.00  0.0    0  7.3 18 320   M    M   2 8      26 330
17  31  10  21  -4  44   0 0.03    M    0  4.5 13 270   M    M   6 1      19 270
18  41   9  25   0  40   0 0.00  0.0    M  4.7 17 180   M    M   2 1      29 180
================================================================================
SM  504   63       881   0  0.48    T     87.5          M       72
================================================================================
AV 28.0  3.5                               4.9 FASTST   M    M   4    MAX(MPH)
                                 MISC ---->  # 23 310               # 32  300
================================================================================
NOTES:
# LAST OF SEVERAL OCCURRENCES

COLUMN 17 PEAK WIND IN M.P.H.

PRELIMINARY LOCAL CLIMATOLOGICAL DATA (WS FORM: F-6) , PAGE 2

                                          STATION:  BOSCOBEL_(ASOS) WI
                                          MONTH:    FEBRUARY
                                          YEAR:     2018
                                          LATITUDE:   43  9 N
                                          LONGITUDE:  90 41 W

[TEMPERATURE DATA]      [PRECIPITATION DATA]       SYMBOLS USED IN COLUMN 16

AVERAGE MONTHLY: 15.8   TOTAL FOR MONTH:   0.48    1 = FOG OR MIST
DPTR FM NORMAL:  -6.7   DPTR FM NORMAL:   -0.13    2 = FOG REDUCING VISIBILITY
HIGHEST:    48 ON 14    GRTST 24HR  0.13 ON  9- 9      TO 1/4 MILE OR LESS
LOWEST:    -15 ON  5                               3 = THUNDER
                        SNOW, ICE PELLETS, HAIL    4 = ICE PELLETS
                        TOTAL MONTH:    T          5 = HAIL
                        GRTST 24HR    T  ON  6- 6  6 = FREEZING RAIN OR DRIZZLE
                        GRTST DEPTH:   0           7 = DUSTSTORM OR SANDSTORM:
                                                       VSBY 1/2 MILE OR LESS
                                                   8 = SMOKE OR HAZE
[NO. OF DAYS WITH]      [WEATHER - DAYS WITH]      9 = BLOWING SNOW
                                                   X = TORNADO
MAX 32 OR BELOW:  12    0.01 INCH OR MORE:   6
MAX 90 OR ABOVE:   0    0.10 INCH OR MORE:   3
MIN 32 OR BELOW:  17    0.50 INCH OR MORE:   0
MIN  0 OR BELOW:   7    1.00 INCH OR MORE:   0

[HDD (BASE 65) ]
TOTAL THIS MO.   881    CLEAR  (SCALE 0-3)   7
DPTR FM NORMAL   116    PTCLDY (SCALE 4-7)  10
TOTAL FM JUL 1  4842    CLOUDY (SCALE 8-10)  1
DPTR FM NORMAL  -156

[CDD (BASE 65) ]
TOTAL THIS MO.     0
DPTR FM NORMAL     0    [PRESSURE DATA]
TOTAL FM JAN 1     0    HIGHEST SLP M ON M
DPTR FM NORMAL     0    LOWEST  SLP 29.71 ON 15

[REMARKS]
