327
CXUS53 KDDC 011521
CF6P28
PRELIMINARY LOCAL CLIMATOLOGICAL DATA (WS FORM: F-6)

                                          STATION:   MEDICINE LODGE KS
                                          MONTH:     FEBRUARY
                                          YEAR:      2017
                                          LATITUDE:   37 17 N
                                          LONGITUDE:  98 35 W

  TEMPERATURE IN F:       :PCPN:    SNOW:  WIND      :SUNSHINE: SKY     :PK WND
================================================================================
1   2   3   4   5  6A  6B    7    8   9   10  11  12  13   14  15   16   17  18
                                     12Z  AVG MX 2MIN
DY MAX MIN AVG DEP HDD CDD  WTR  SNW DPTH SPD SPD DIR MIN PSBL S-S WX    SPD DR
================================================================================

 1  47  27  37   2  28   0 0.00  0.0    0 16.7 23  20   M    M   0        30  30
 2  33  19  26  -9  39   0 0.00  0.0    0  9.8 24  10   M    M   0        30  10
 3  37  15  26  -9  39   0 0.00  0.0    0  5.2 13  60   M    M   0        15  60
 4  62  22  42   6  23   0 0.00  0.0    0 11.5 22 210   M    M   0        28 180
 5  56  24  40   4  25   0 0.00  0.0    0  6.4 14  20   M    M   0        18  20
 6  67  44  56  20   9   0 0.01  0.0    0  6.1 15 170   M    M   0        19 180
 7  72  32  52  16  13   0 0.00  0.0    0  8.9 20  40   M    M   0        25  40
 8  38  19  29  -7  36   0 0.00  0.0    0 14.1 28  10   M    M   0        36  10
 9  47  18  33  -4  32   0 0.00  0.0    0  9.2 20 170   M    M   0        27 180
10  77  37  57  20   8   0 0.00  0.0    0 10.5 18 180   M    M   0        23 150
11  78  41  60  23   5   0 0.00  0.0    0 10.0 30  10   M    M   0        40  10
12  52  38  45   8  20   0 0.00  0.0    0 13.7 28  10   M    M   0        35  20
13  48  30  39   1  26   0 0.10  0.0    0  2.2  9 190   M    M   0        13 160
14  51  31  41   3  24   0 0.02  0.0    0  7.9 21  10   M    M   0        25  10
15  60  25  43   5  22   0 0.00  0.0    0  6.8 13 320   M    M   0        19 280
16  74  27  51  13  14   0 0.00  0.0    0  9.2 21 180   M    M   0        26 180
17  73  35  54  15  11   0 0.00  0.0    0  8.6 21 180   M    M   0        26 180
18  71  32  52  13  13   0 0.00  0.0    0  6.2 16 170   M    M   0        22 170
19  64  44  54  15  11   0 0.09  0.0    0  8.7 18 160   M    M   0        27 170
20  72  46  59  19   6   0 0.00  0.0    0  8.7 20 330   M    M   0        28 350
21  76  31  54  14  11   0 0.00  0.0    0  4.8 12 140   M    M   0        17 150
22  84  36  60  20   5   0 0.00  0.0    0  5.2 14 300   M    M   0        19 290
23  82  38  60  20   5   0 0.00  0.0    0 12.1 39 360   M    M   0        52 350
24  42  19  31 -10  34   0 0.00  0.0    0 15.7 28 320   M    M   0        36 360
25  46  12  29 -12  36   0 0.00  0.0    0  8.0 18 170   M    M   0        23 190
26  55  30  43   2  22   0 0.00  0.0    0  5.2 14  30   M    M   0        17  20
27  69  30  50   8  15   0 0.00  0.0    0  9.9 24 180   M    M   0        32 180
28  70  41  56  14   9   0 0.00  0.0    0 11.1 33 360   M    M   0        45 360
================================================================================
SM 1703  843       541   0  0.22     0.0 252.4          M        0
================================================================================
AV 60.8 30.1                               9.0 FASTST   M    M   0    MAX(MPH)
                                 MISC ---->  # 39 360               # 52  350
================================================================================
NOTES:
# LAST OF SEVERAL OCCURRENCES

COLUMN 17 PEAK WIND IN M.P.H.

PRELIMINARY LOCAL CLIMATOLOGICAL DATA (WS FORM: F-6) , PAGE 2

                                          STATION:  MEDICINE LODGE KS
                                          MONTH:    FEBRUARY
                                          YEAR:     2017
                                          LATITUDE:   37 17 N
                                          LONGITUDE:  98 35 W

[TEMPERATURE DATA]      [PRECIPITATION DATA]       SYMBOLS USED IN COLUMN 16

AVERAGE MONTHLY: 45.5   TOTAL FOR MONTH:   0.22    1 = FOG OR MIST
DPTR FM NORMAL:   7.3   DPTR FM NORMAL:   -0.82    2 = FOG REDUCING VISIBILITY
HIGHEST:    84 ON 22    GRTST 24HR  0.12 ON 13-14      TO 1/4 MILE OR LESS
LOWEST:     12 ON 25                               3 = THUNDER
                        SNOW, ICE PELLETS, HAIL    4 = ICE PELLETS
                        TOTAL MONTH:   0.0 INCH    5 = HAIL
                        GRTST 24HR     0.0         6 = FREEZING RAIN OR DRIZZLE
                        GRTST DEPTH:   0           7 = DUSTSTORM OR SANDSTORM:
                                                       VSBY 1/2 MILE OR LESS
                                                   8 = SMOKE OR HAZE
[NO. OF DAYS WITH]      [WEATHER - DAYS WITH]      9 = BLOWING SNOW
                                                   X = TORNADO
MAX 32 OR BELOW:   0    0.01 INCH OR MORE:   4
MAX 90 OR ABOVE:   0    0.10 INCH OR MORE:   1
MIN 32 OR BELOW:  18    0.50 INCH OR MORE:   0
MIN  0 OR BELOW:   0    1.00 INCH OR MORE:   0

[HDD (BASE 65) ]
TOTAL THIS MO.   541    CLEAR  (SCALE 0-3)  28
DPTR FM NORMAL  -211    PTCLDY (SCALE 4-7)   0
TOTAL FM JUL 1  3001    CLOUDY (SCALE 8-10)  0
DPTR FM NORMAL  -528

[CDD (BASE 65) ]
TOTAL THIS MO.     0
DPTR FM NORMAL     0    [PRESSURE DATA]
TOTAL FM JAN 1     0    HIGHEST SLP 30.64 ON  3
DPTR FM NORMAL     0    LOWEST  SLP 29.22 ON 23

[REMARKS]
#FINAL-02-17#
