000
CXUS53 KDDC 011200
CF6P28
PRELIMINARY LOCAL CLIMATOLOGICAL DATA (WS FORM: F-6)

                                          STATION:   MEDICINE LODGE KS
                                          MONTH:     JUNE
                                          YEAR:      2015
                                          LATITUDE:   37 17 N
                                          LONGITUDE:  98 35 W

  TEMPERATURE IN F:       :PCPN:    SNOW:  WIND      :SUNSHINE: SKY     :PK WND
================================================================================
1   2   3   4   5  6A  6B    7    8   9   10  11  12  13   14  15   16   17  18
                                     12Z  AVG MX 2MIN
DY MAX MIN AVG DEP HDD CDD  WTR  SNW DPTH SPD SPD DIR MIN PSBL S-S WX    SPD DR
================================================================================

 1  80  58  69  -3   0   4 0.00  0.0    0  9.0 18 180   M    M   0        23 170
 2  91  63  77   4   0  12 0.00  0.0    0 12.5 23 180   M    M   0        29 150
 3  92  67  80   7   0  15 0.00  0.0    0 12.3 28 180   M    M   0        33 180
 4  93  68  81   8   0  16 0.00  0.0    0 11.7 25 180   M    M   0        34 180
 5  92  67  80   6   0  15 0.00  0.0    0  9.4 22  70   M    M   0        28  70
 6  93  64  79   5   0  14 0.00  0.0    0 10.2 23 190   M    M   0        29 220
 7  96  69  83   9   0  18 0.00  0.0    0  9.1 30 230   M    M   0        36 230
 8  94  65  80   5   0  15 0.00  0.0    0  4.1 10 280   M    M   0        15 300
 9  97  61  79   4   0  14 0.00  0.0    0  5.1 16 220   M    M   0        21 220
10  99  71  85  10   0  20 0.00  0.0    0 11.4 21 180   M    M   0        29 200
11  96  67  82   6   0  17 0.77  0.0    0 12.4 24 250   M    M   0        33 260
12  78  66  72  -4   0   7 0.89  0.0    0  5.5 23 140   M    M   0        33 150
13  83  66  75  -1   0  10 0.00  0.0    0  6.3 13 160   M    M   0        18 210
14  86  67  77   1   0  12 0.53  0.0    0  7.7 28 160   M    M   0        40 180
15  84  66  75  -2   0  10 0.03  0.0    0  8.5 17  20   M    M   0        24  10
16  82  62  72  -5   0   7 0.00  0.0    0  4.3 13  50   M    M   0        16  60
17  85  66  76  -1   0  11 0.00  0.0    0  4.7 10 150   M    M   0        16 170
18  88  65  77  -1   0  12 0.00  0.0    0  5.8 22  20   M    M   0        28  20
19  91  65  78   0   0  13 0.00  0.0    0  6.2 15 180   M    M   0        20 180
20  98  72  85   7   0  20 0.00  0.0    0 11.8 25 220   M    M   0        32 220
21  94  73  84   6   0  19 0.00  0.0    0 12.4 22 190   M    M   0        29 190
22  96  73  85   7   0  20 0.00  0.0    0 14.1 26 210   M    M   0        35 210
23  96  72  84   5   0  19 0.00  0.0    0 11.3 22 220   M    M   0        29 210
24  96  69  83   4   0  18 0.00  0.0    0 12.8 24 230   M    M   0        33 200
25  97  71  84   5   0  19 0.00  0.0    0 10.3 20 200   M    M   0        26 230
26  90  68  79  -1   0  14 0.00  0.0    0 12.1 25 360   M    M   0        32 360
27  91  60  76  -4   0  11 0.00  0.0    0  4.5 13 360   M    M   0        16  20
28  98  61  80   0   0  15 0.04  0.0    0  6.8 15 230   M    M   0        20 240
29  97  67  82   2   0  17 0.00  0.0    0  5.0 16 360   M    M   0        19  10
30 100  65  83   3   0  18 0.00  0.0    0  7.2 16 230   M    M   0        21 230
================================================================================
SM 2753 1994         0 432  2.26     0.0 264.5          M        0
================================================================================
AV 91.8 66.5                               8.8 FASTST   M    M   0    MAX(MPH)
                                 MISC ---->  # 30 230               # 40  180
================================================================================
NOTES:
# LAST OF SEVERAL OCCURRENCES

COLUMN 17 PEAK WIND IN M.P.H.

PRELIMINARY LOCAL CLIMATOLOGICAL DATA (WS FORM: F-6) , PAGE 2

                                          STATION:  MEDICINE LODGE KS
                                          MONTH:    JUNE
                                          YEAR:     2015
                                          LATITUDE:   37 17 N
                                          LONGITUDE:  98 35 W

[TEMPERATURE DATA]      [PRECIPITATION DATA]       SYMBOLS USED IN COLUMN 16

AVERAGE MONTHLY: 79.1   TOTAL FOR MONTH:   2.26    1 = FOG OR MIST
DPTR FM NORMAL:   2.5   DPTR FM NORMAL:   -1.85    2 = FOG REDUCING VISIBILITY
HIGHEST:   100 ON 30    GRTST 24HR  1.59 ON 11-12      TO 1/4 MILE OR LESS
LOWEST:     58 ON  1                               3 = THUNDER
                        SNOW, ICE PELLETS, HAIL    4 = ICE PELLETS
                        TOTAL MONTH:   0.0 INCH    5 = HAIL
                        GRTST 24HR     0.0         6 = FREEZING RAIN OR DRIZZLE
                        GRTST DEPTH:   0           7 = DUSTSTORM OR SANDSTORM:
                                                       VSBY 1/2 MILE OR LESS
                                                   8 = SMOKE OR HAZE
[NO. OF DAYS WITH]      [WEATHER - DAYS WITH]      9 = BLOWING SNOW
                                                   X = TORNADO
MAX 32 OR BELOW:   0    0.01 INCH OR MORE:   5
MAX 90 OR ABOVE:  22    0.10 INCH OR MORE:   3
MIN 32 OR BELOW:   0    0.50 INCH OR MORE:   3
MIN  0 OR BELOW:   0    1.00 INCH OR MORE:   0

[HDD (BASE 65) ]
TOTAL THIS MO.     0    CLEAR  (SCALE 0-3)  30
DPTR FM NORMAL    -3    PTCLDY (SCALE 4-7)   0
TOTAL FM JUL 1  4323    CLOUDY (SCALE 8-10)  0
DPTR FM NORMAL  -135

[CDD (BASE 65) ]
TOTAL THIS MO.   432
DPTR FM NORMAL    79    [PRESSURE DATA]
TOTAL FM JAN 1   539    HIGHEST SLP 30.12 ON 27
DPTR FM NORMAL    30    LOWEST  SLP 29.58 ON 11

[REMARKS]
#FINAL-06-15#
