000
CXUS56 KLKN 291009
CF6P68
PRELIMINARY LOCAL CLIMATOLOGICAL DATA (WS FORM: F-6)

                                          STATION:   EUREKA AIRPORT NV
                                          MONTH:     APRIL
                                          YEAR:      2016
                                          LATITUDE:   39 30 N
                                          LONGITUDE: 115 58 W

  TEMPERATURE IN F:       :PCPN:    SNOW:  WIND      :SUNSHINE: SKY     :PK WND
================================================================================
1   2   3   4   5  6A  6B    7    8   9   10  11  12  13   14  15   16   17  18
                                     12Z  AVG MX 2MIN
DY MAX MIN AVG DEP HDD CDD  WTR  SNW DPTH SPD SPD DIR MIN PSBL S-S WX    SPD DR
================================================================================

 1  57  28  43   3  22   0 0.00    M    M  5.2 12 140   M    M   M        14 150
 2  66  31  49   9  16   0 0.00    M    M  5.0 16  30   M    M   M        19  30
 3  66  34  50  10  15   0 0.01    M    M  5.2 16 160   M    M   M        19 160
 4  66  34  50   9  15   0 0.00    M    M  7.0 17 270   M    M   M        23 310
 5  60  27  44   3  21   0 0.00    M    M  6.8 18 340   M    M   M        25 350
 6  69  27  48   7  17   0 0.00    M    M  4.5 12 360   M    M   M        15  30
 7  74  31  53  12  12   0 0.00    M    M  6.1 17  70   M    M   M        23  70
 8  71  38  55  14  10   0 0.00    M    M  6.3 21 160   M    M   M        30 110
 9  58  40  49   7  16   0 0.17    M    M  6.8 23 200   M    M   M        27 180
10  59  35  47   5  18   0 0.08    M    M  5.6 20 330   M    M   M        23 340
11  62  39  51   9  14   0 0.02    M    M  5.6 26 180   M    M   M        31 180
12  63  35  49   7  16   0 0.15    M    M  6.5 29 280   M    M   M        40 270
13  55  42  49   6  16   0 0.08    M    M  4.1 14 260   M    M   M        19 250
14  53  34  44   1  21   0 0.00    M    M 10.5 26 290   M    M   M        33 260
15  46  31  39  -4  26   0 0.01    M    M 14.1 30 330   M    M   M        40 360
16  57  23  40  -3  25   0 0.00    M    M  8.7 25  10   M    M   M        31 360
17  62  24  43  -1  22   0 0.00    M    M  7.2 21 360   M    M   M        25 340
18  66  27  47   3  18   0 0.00    M    M  7.4 18  10   M    M   M        24  10
19  69  30  50   6  15   0 0.00    M    M  4.7 13  20   M    M   M        17 360
20  75  36  56  12   9   0 0.00    M    M  6.4 15 160   M    M   M        26 140
21  76  35  56  11   9   0 0.00    M    M 14.0 30 180   M    M   M        37 180
22  70  33  52   7  13   0 0.37    M    M 14.3 38 180   M    M   M        45 180
23  52  33  43  -2  22   0 0.03    M    M 10.0 20 290   M    M   M        25 270
24  54  32  43  -3  22   0 0.17    M    M  4.6 18 190   M    M   M        22 200
25  39  33  36 -10  29   0 0.20    M    M  9.8 23 350   M    M   M        31 350
26  50  32  41  -5  24   0 0.00    M    M  6.4 15  30   M    M   M        19  30
27  47  33  40  -6  25   0 0.23    M    M  3.7 14 300   M    M   M        18 300
28  47  33  40  -7  25   0 0.49    M    M  5.5 17 350   M    M   M        21 360
================================================================================
SM 1689  910       513   0  2.01    M    202.0          M        M
================================================================================
AV 60.3 32.5                               7.2 FASTST   M    M   2    MAX(MPH)
                                 MISC ---->  # 38 180               # 45  180
================================================================================
NOTES:
# LAST OF SEVERAL OCCURRENCES

COLUMN 17 PEAK WIND IN M.P.H.

PRELIMINARY LOCAL CLIMATOLOGICAL DATA (WS FORM: F-6) , PAGE 2

                                          STATION:  EUREKA AIRPORT NV
                                          MONTH:    APRIL
                                          YEAR:     2016
                                          LATITUDE:   39 30 N
                                          LONGITUDE: 115 58 W

[TEMPERATURE DATA]      [PRECIPITATION DATA]       SYMBOLS USED IN COLUMN 16

AVERAGE MONTHLY: 46.4   TOTAL FOR MONTH:   2.01    1 = FOG OR MIST
DPTR FM NORMAL:   3.3   DPTR FM NORMAL:    1.10    2 = FOG REDUCING VISIBILITY
HIGHEST:    76 ON 21    GRTST 24HR  0.66 ON 27-28      TO 1/4 MILE OR LESS
LOWEST:     23 ON 16                               3 = THUNDER
                        SNOW, ICE PELLETS, HAIL    4 = ICE PELLETS
                        TOTAL MONTH:    M          5 = HAIL
                        GRTST 24HR    M  ON   M    6 = FREEZING RAIN OR DRIZZLE
                        GRTST DEPTH:  M  ON   M    7 = DUSTSTORM OR SANDSTORM:
                                                       VSBY 1/2 MILE OR LESS
                                                   8 = SMOKE OR HAZE
[NO. OF DAYS WITH]      [WEATHER - DAYS WITH]      9 = BLOWING SNOW
                                                   X = TORNADO
MAX 32 OR BELOW:   0    0.01 INCH OR MORE:  13
MAX 90 OR ABOVE:   0    0.10 INCH OR MORE:   7
MIN 32 OR BELOW:  12    0.50 INCH OR MORE:   0
MIN  0 OR BELOW:   0    1.00 INCH OR MORE:   0

[HDD (BASE 65) ]
TOTAL THIS MO.   513    CLEAR  (SCALE 0-3)   0
DPTR FM NORMAL  -100    PTCLDY (SCALE 4-7)   0
TOTAL FM JUL 1  6365    CLOUDY (SCALE 8-10)  0
DPTR FM NORMAL  -404

[CDD (BASE 65) ]
TOTAL THIS MO.     0
DPTR FM NORMAL     0    [PRESSURE DATA]
TOTAL FM JAN 1     0    HIGHEST SLP M ON M
DPTR FM NORMAL     0    LOWEST  SLP 29.54 ON 22

[REMARKS]
