000
CXUS53 KPAH 190654
CF6PAH
PRELIMINARY LOCAL CLIMATOLOGICAL DATA (WS FORM: F-6)

                                          STATION:   PADUCAH KY
                                          MONTH:     JANUARY
                                          YEAR:      2017
                                          LATITUDE:   37  4 N
                                          LONGITUDE:  88 46 W

  TEMPERATURE IN F:       :PCPN:    SNOW:  WIND      :SUNSHINE: SKY     :PK WND
================================================================================
1   2   3   4   5  6A  6B    7    8   9   10  11  12  13   14  15   16   17  18
                                     12Z  AVG MX 2MIN
DY MAX MIN AVG DEP HDD CDD  WTR  SNW DPTH SPD SPD DIR MIN PSBL S-S WX    SPD DR
================================================================================

 1  47  41  44   9  21   0 0.01  0.0    0  6.9 13  70   M    M  10 18     17  70
 2  60  46  53  18  12   0 0.25  0.0    0  3.5 13 120   M    M  10 12     18 120
 3  58  37  48  13  17   0 0.02  0.0    0  8.8 20 340   M    M   9 12     26 320
 4  37  23  30  -4  35   0 0.00  0.0    0  8.3 20 340   M    M   1        25 340
 5  28  18  23 -11  42   0 0.02  0.2    0  8.9 14 350   M    M   9 1      19 350
 6  21  14  18 -16  47   0    T    T    0  9.7 16  10   M    M   6 8      20 360
 7  24   7  16 -18  49   0 0.00  0.0    0  6.3 17 350   M    M   0        20 350
 8  29   7  18 -16  47   0 0.00  0.0    0  3.2  9 150   M    M   2        13 140
 9  46  23  35   1  30   0 0.00  0.0    0  9.4 21 170   M    M   4        33 170
10  62  46  54  20  11   0    T  0.0    0 14.6 29 170   M    M   9 128    45 190
11  68  44  56  22   9   0 0.09  0.0    0 11.2 22 210   M    M   7 1      34 230
12  71  36  54  20  11   0 0.14  0.0    0 13.2 26 230   M    M  10 18     42 240
13  37  33  35   1  30   0 0.24  0.0    0  9.1 16  50   M    M  10 12     21  40
14  42  36  39   5  26   0 0.60  0.0    0  4.7 12  40   M    M  10 1      13  40
15  43  37  40   6  25   0 0.05  0.0    0  5.9 10  20   M    M  10 1      12  30
16  64  43  54  20  11   0 0.54  0.0    0  7.7 16 170   M    M   9 123    23 210
17  63  45  54  20  11   0    T  0.0    0 11.0 22 250   M    M   7        26 260
18  46  42  44  10  21   0    T  0.0    0  3.4 12 120   M    M   8        14 310
================================================================================
SM  846  578       455   0  1.96     0.2 145.8          M      131
================================================================================
AV 47.0 32.1                               8.1 FASTST   M    M   7    MAX(MPH)
                                 MISC ---->  # 29 170               # 45  190
================================================================================
NOTES:
# LAST OF SEVERAL OCCURRENCES

COLUMN 17 PEAK WIND IN M.P.H.

PRELIMINARY LOCAL CLIMATOLOGICAL DATA (WS FORM: F-6) , PAGE 2

                                          STATION:  PADUCAH KY
                                          MONTH:    JANUARY
                                          YEAR:     2017
                                          LATITUDE:   37  4 N
                                          LONGITUDE:  88 46 W

[TEMPERATURE DATA]      [PRECIPITATION DATA]       SYMBOLS USED IN COLUMN 16

AVERAGE MONTHLY: 39.6   TOTAL FOR MONTH:   1.96    1 = FOG OR MIST
DPTR FM NORMAL:   5.4   DPTR FM NORMAL:   -0.16    2 = FOG REDUCING VISIBILITY
HIGHEST:    71 ON 12    GRTST 24HR  0.60 ON 14-14      TO 1/4 MILE OR LESS
LOWEST:      7 ON  8, 7                            3 = THUNDER
                        SNOW, ICE PELLETS, HAIL    4 = ICE PELLETS
                        TOTAL MONTH:   0.2 INCH    5 = HAIL
                        GRTST 24HR   0.2 ON   M    6 = FREEZING RAIN OR DRIZZLE
                        GRTST DEPTH:   0           7 = DUSTSTORM OR SANDSTORM:
                                                       VSBY 1/2 MILE OR LESS
                                                   8 = SMOKE OR HAZE
[NO. OF DAYS WITH]      [WEATHER - DAYS WITH]      9 = BLOWING SNOW
                                                   X = TORNADO
MAX 32 OR BELOW:   4    0.01 INCH OR MORE:  10
MAX 90 OR ABOVE:   0    0.10 INCH OR MORE:   5
MIN 32 OR BELOW:   6    0.50 INCH OR MORE:   2
MIN  0 OR BELOW:   0    1.00 INCH OR MORE:   0

[HDD (BASE 65) ]
TOTAL THIS MO.   455    CLEAR  (SCALE 0-3)   3
DPTR FM NORMAL  -100    PTCLDY (SCALE 4-7)   5
TOTAL FM JUL 1  1782    CLOUDY (SCALE 8-10) 10
DPTR FM NORMAL  -404

[CDD (BASE 65) ]
TOTAL THIS MO.     0
DPTR FM NORMAL     0    [PRESSURE DATA]
TOTAL FM JAN 1     0    HIGHEST SLP M ON M
DPTR FM NORMAL     0    LOWEST  SLP 29.72 ON  3

[REMARKS]
