000
CXUS51 KBTV 250700
CF6PBG
PRELIMINARY LOCAL CLIMATOLOGICAL DATA (WS FORM: F-6)

                                          STATION:   PLATTSBURGH NY
                                          MONTH:     MAY
                                          YEAR:      2016
                                          LATITUDE:   44 39 N
                                          LONGITUDE:  73 28 W

  TEMPERATURE IN F:       :PCPN:    SNOW:  WIND      :SUNSHINE: SKY     :PK WND
================================================================================
1   2   3   4   5  6A  6B    7    8   9   10  11  12  13   14  15   16   17  18
                                     12Z  AVG MX 2MIN
DY MAX MIN AVG DEP HDD CDD  WTR  SNW DPTH SPD SPD DIR MIN PSBL S-S WX    SPD DR
================================================================================

 1  49  39  44  -7  21   0 0.24    M    0  4.6 12 140   M    M   9 1      16 170
 2   M   M   M   M   M   M 0.44    M    0  7.8 12 150   M    M  10 1       M  M
 3   M   M   M   M   M   M    M    M    M   M   M   M   M    M   M         M  M
 4  58  34  46  -6  19   0 0.06    M    M  4.2 15 140   M    M   9 1      19 180
 5  62  42  52  -1  13   0 0.00  0.0    0  8.1 15  40   M    M   9 1      20  40
 6  68  43  56   3   9   0    T    M    0 10.9 21 360   M    M   2        27 360
 7  72  46  59   6   6   0 0.00  0.0    0 12.1 23 160   M    M   2        30 160
 8  56  39  48  -6  17   0 0.08    M    0 10.5 23 320   M    M   8 1      42 320
 9  53  30  42 -12  23   0    T    M    0  7.3 20 310   M    M   4        30 330
10  64  37  51  -3  14   0 0.00  0.0    0  5.8 14  20   M    M   0        21 360
11  67  39  53  -2  12   0 0.00  0.0    0  3.8 10 120   M    M   0        21 120
12  77  36  57   2   8   0 0.00  0.0    0  4.4 15 140   M    M   0        19 140
13  70  46  58   2   7   0 0.13    M    0  5.3 17 140   M    M   4 1      22 160
14  71  46  59   3   6   0 0.06    M    0 10.1 24 150   M    M   3        33 170
15  54  38  46 -10  19   0 0.05    M    0  8.3 20 290   M    M   9 8      30 290
16  56  34  45 -11  20   0 0.00  0.0    0  9.1 20 320   M    M   8        29 310
17  66  32  49  -8  16   0 0.00  0.0    0  7.3 25 360   M    M   3        29  10
18  62  42  52  -5  13   0 0.00  0.0    0  5.7 13  30   M    M   3        17  50
19  68  41  55  -2  10   0 0.06    M    0  3.4 16  10   M    M   4 13     22  10
20  73  38  56  -2   9   0 0.00  0.0    0  3.9 13 140   M    M   1 1       M  M
21  73  41  57  -1   8   0 0.00  0.0    0  4.7 16 140   M    M   1        19 140
22  78  49  64   6   1   0 0.02    M    0  4.9 23 140   M    M   3 1      26 140
23  79  44  62   4   3   0 0.00  0.0    0  3.5 14  40   M    M   0 1      19  40
24  83  43  63   4   2   0 0.00  0.0    0  4.5 18 150   M    M   0        22 150
================================================================================
SM 1459  879       256   0  1.14     0.0 150.2          M       92
================================================================================
AV 66.3 40.0                               6.5 FASTST   M    M   4    MAX(MPH)
                                 MISC ---->  # 25 360               # 42  320
================================================================================
NOTES:
# LAST OF SEVERAL OCCURRENCES

COLUMN 17 PEAK WIND IN M.P.H.

PRELIMINARY LOCAL CLIMATOLOGICAL DATA (WS FORM: F-6) , PAGE 2

                                          STATION:  PLATTSBURGH NY
                                          MONTH:    MAY
                                          YEAR:     2016
                                          LATITUDE:   44 39 N
                                          LONGITUDE:  73 28 W

[TEMPERATURE DATA]      [PRECIPITATION DATA]       SYMBOLS USED IN COLUMN 16

AVERAGE MONTHLY: 53.1   TOTAL FOR MONTH:   1.14    1 = FOG OR MIST
DPTR FM NORMAL:  -2.0   DPTR FM NORMAL:       M    2 = FOG REDUCING VISIBILITY
HIGHEST:    83 ON 24    GRTST 24HR  0.44 ON  2- 2      TO 1/4 MILE OR LESS
LOWEST:     30 ON  9                               3 = THUNDER
                        SNOW, ICE PELLETS, HAIL    4 = ICE PELLETS
                        TOTAL MONTH:   0.0 INCH    5 = HAIL
                        GRTST 24HR     0.0         6 = FREEZING RAIN OR DRIZZLE
                        GRTST DEPTH:   0           7 = DUSTSTORM OR SANDSTORM:
                                                       VSBY 1/2 MILE OR LESS
                                                   8 = SMOKE OR HAZE
[NO. OF DAYS WITH]      [WEATHER - DAYS WITH]      9 = BLOWING SNOW
                                                   X = TORNADO
MAX 32 OR BELOW:   0    0.01 INCH OR MORE:   9
MAX 90 OR ABOVE:   0    0.10 INCH OR MORE:   3
MIN 32 OR BELOW:   2    0.50 INCH OR MORE:   0
MIN  0 OR BELOW:   0    1.00 INCH OR MORE:   0

[HDD (BASE 65) ]
TOTAL THIS MO.   256    CLEAR  (SCALE 0-3)  12
DPTR FM NORMAL    15    PTCLDY (SCALE 4-7)   4
TOTAL FM JUL 1  6715    CLOUDY (SCALE 8-10)  7
DPTR FM NORMAL  -870

[CDD (BASE 65) ]
TOTAL THIS MO.     0
DPTR FM NORMAL    -1    [PRESSURE DATA]
TOTAL FM JAN 1     0    HIGHEST SLP M ON M
DPTR FM NORMAL    -1    LOWEST  SLP 29.52 ON M

[REMARKS]
