000
CXUS56 KPDT 261832
CF6PDT
PRELIMINARY LOCAL CLIMATOLOGICAL DATA (WS FORM: F-6)

                                          STATION:   PENDLETON OR
                                          MONTH:     MAY
                                          YEAR:      2016
                                          LATITUDE:   45 40 N
                                          LONGITUDE: 118 51 W

  TEMPERATURE IN F:       :PCPN:    SNOW:  WIND      :SUNSHINE: SKY     :PK WND
================================================================================
1   2   3   4   5  6A  6B    7    8   9   10  11  12  13   14  15   16   17  18
                                     12Z  AVG MX 2MIN
DY MAX MIN AVG DEP HDD CDD  WTR  SNW DPTH SPD SPD DIR MIN PSBL S-S WX    SPD DR
================================================================================

 1  75  38  57   3   8   0 0.00  0.0    0  6.6 14  10   M    M   0        20  40
 2  84  44  64  10   1   0 0.00  0.0    0  8.3 21  60   M    M   0        30  30
 3  89  56  73  19   0   8 0.00  0.0    0  9.2 28 280   M    M   1        34 290
 4  77  50  64   9   1   0 0.15  0.0    0  8.9 43 220   M    M   4 3      54 200
 5  70  50  60   5   5   0 0.02  0.0    0  6.2 20 360   M    M   6        23 360
 6  73  48  61   6   4   0 0.00  0.0    0  5.6 14 320   M    M   3        15  90
 7  82  50  66  11   0   1 0.00  0.0    0  6.9 14 320   M    M   0        22 310
 8  75  48  62   6   3   0 0.00  0.0    0 24.1 41 270   M    M   0        50 270
 9  66  44  55  -1  10   0    T  0.0    0 15.0 35 260   M    M   7        43 260
10  70  37  54  -2  11   0 0.00  0.0    0  6.4 15 330   M    M   2        21 320
11  82  42  62   5   3   0 0.00  0.0    0  7.2 16  40   M    M   0        20 240
12  85  54  70  13   0   5 0.00  0.0    0  9.1 20 300   M    M   0        24 280
13  82  47  65   8   0   0 0.00  0.0    0  8.3 16 360   M    M   0        22  10
14  68  50  59   2   6   0 0.52  0.0    0  9.5 31 360   M    M   7 13     40 220
15  57  50  54  -4  11   0 0.15  0.0    0 14.6 23 260   M    M  10 1      27 250
16  70  50  60   2   5   0 0.10  0.0    0  7.0 16 240   M    M   8 1      20 240
17  77  46  62   4   3   0 0.00  0.0    0  4.8 12 160   M    M   0        16 300
18  85  52  69  11   0   4 0.02  0.0    0 11.7 29 260   M    M   2 3      35 260
19  65  45  55  -4  10   0 0.00  0.0    0 18.4 31 260   M    M   4        40 270
20  60  37  49 -10  16   0 0.06  0.0    0  5.8 15  30   M    M   6        19  10
21  61  42  52  -7  13   0 0.17  0.0    0 10.5 26 260   M    M   6 3      33 250
22  68  51  60   1   5   0    T  0.0    0 17.5 29 250   M    M   7        36 260
23  70  45  58  -2   7   0 0.00  0.0    0 11.4 23 250   M    M   2        27 250
24  72  47  60   0   5   0 0.00  0.0    0  7.3 17 300   M    M   3        24 260
25  76  48  62   2   3   0 0.00  0.0    0 11.3 22 300   M    M   1        26 290
================================================================================
SM 1839 1171       130  18  1.19     0.0 251.6          M       79
================================================================================
AV 73.6 46.8                              10.1 FASTST   M    M   3    MAX(MPH)
                                 MISC ---->  # 43 220               # 54  200
================================================================================
NOTES:
# LAST OF SEVERAL OCCURRENCES

COLUMN 17 PEAK WIND IN M.P.H.

PRELIMINARY LOCAL CLIMATOLOGICAL DATA (WS FORM: F-6) , PAGE 2

                                          STATION:  PENDLETON OR
                                          MONTH:    MAY
                                          YEAR:     2016
                                          LATITUDE:   45 40 N
                                          LONGITUDE: 118 51 W

[TEMPERATURE DATA]      [PRECIPITATION DATA]       SYMBOLS USED IN COLUMN 16

AVERAGE MONTHLY: 60.2   TOTAL FOR MONTH:   1.19    1 = FOG OR MIST
DPTR FM NORMAL:   3.2   DPTR FM NORMAL:    0.13    2 = FOG REDUCING VISIBILITY
HIGHEST:    89 ON  3    GRTST 24HR  0.53 ON 14-15      TO 1/4 MILE OR LESS
LOWEST:     37 ON 20,10                            3 = THUNDER
                        SNOW, ICE PELLETS, HAIL    4 = ICE PELLETS
                        TOTAL MONTH:   0.0 INCH    5 = HAIL
                        GRTST 24HR     0.0         6 = FREEZING RAIN OR DRIZZLE
                        GRTST DEPTH:   0           7 = DUSTSTORM OR SANDSTORM:
                                                       VSBY 1/2 MILE OR LESS
                                                   8 = SMOKE OR HAZE
[NO. OF DAYS WITH]      [WEATHER - DAYS WITH]      9 = BLOWING SNOW
                                                   X = TORNADO
MAX 32 OR BELOW:   0    0.01 INCH OR MORE:   8
MAX 90 OR ABOVE:   0    0.10 INCH OR MORE:   5
MIN 32 OR BELOW:   0    0.50 INCH OR MORE:   1
MIN  0 OR BELOW:   0    1.00 INCH OR MORE:   0

[HDD (BASE 65) ]
TOTAL THIS MO.   130    CLEAR  (SCALE 0-3)  15
DPTR FM NORMAL   -84    PTCLDY (SCALE 4-7)   9
TOTAL FM JUL 1  4542    CLOUDY (SCALE 8-10)  1
DPTR FM NORMAL  -619

[CDD (BASE 65) ]
TOTAL THIS MO.    18
DPTR FM NORMAL     2    [PRESSURE DATA]
TOTAL FM JAN 1    18    HIGHEST SLP 29.86 ON M
DPTR FM NORMAL     1    LOWEST  SLP 29.65 ON 20

[REMARKS]
