000
CXUS54 KEWX 260910
CF6PEZ
PRELIMINARY LOCAL CLIMATOLOGICAL DATA (WS FORM: F-6)

                                          STATION:   PLEASANTON MUNICIPAL AIRPORT
                                          MONTH:     MARCH
                                          YEAR:      2017
                                          LATITUDE:   28 57 N
                                          LONGITUDE:  98 31 W

  TEMPERATURE IN F:       :PCPN:    SNOW:  WIND      :SUNSHINE: SKY     :PK WND
================================================================================
1   2   3   4   5  6A  6B    7    8   9   10  11  12  13   14  15   16   17  18
                                     12Z  AVG MX 2MIN
DY MAX MIN AVG DEP HDD CDD  WTR  SNW DPTH SPD SPD DIR MIN PSBL S-S WX    SPD DR
================================================================================

 1  80  55  68   M   0   3 0.00    M    M  7.5 15  10   M    M   3 1      23  10
 2  69  46  58   M   7   0 0.00    M    M  5.9 14  50   M    M   0        23  50
 3  69  42  56   M   9   0 0.00    M    M  6.1 12 130   M    M   8        16 110
 4  61  57  59   M   6   0 1.05    M    M  5.7 13  80   M    M  10        17  70
 5  74  60  67   M   0   2 0.17    M    M  3.3  7 190   M    M   8 1       M  M
 6  83  67  75   M   0  10 0.00    M    M  9.1 15 120   M    M   9 8      23 130
 7  79  60  70   M   0   5 0.00    M    M  7.1 16  40   M    M  10 18     25  40
 8  74  60  67   M   0   2 0.00    M    M  5.1  8  50   M    M  10         M  M
 9  81  65  73   M   0   8 0.47    M    M  4.3 23 150   M    M   8 123    32 150
10  75  62  69   M   0   4 0.08    M    M  4.0 12 110   M    M   8 12     25 110
11  74  63  69   M   0   4 0.12    M    M  4.6  8  50   M    M   8         M  M
12  65  52  59   M   6   0 0.04    M    M  9.0 15 360   M    M  10 1      24 360
13  70  48  59   M   6   0 0.01    M    M  3.4  9  30   M    M   6 1      18  20
14  73  44  59   M   6   0 0.00    M    M  4.8 13 150   M    M   0        17 150
15  74  48  61   M   4   0 0.00    M    M  4.8 10 120   M    M   5        16 130
16  81  61  71   M   0   6 0.00    M    M  7.8 14 140   M    M   7 8      21 130
17  84  64  74   M   0   9 0.00    M    M  8.7 16 140   M    M   5 18     22 140
18  83  60  72   M   0   7 0.00    M    M  5.0 13 130   M    M   5 18     17 130
19  83  62  73   M   0   8 0.00    M    M  5.2 10 170   M    M   4 18     20 170
20  85  59  72   M   0   7 0.00    M    M  5.6 12 150   M    M   4 12     22 170
21  85  58  72   M   0   7 0.00    M    M  5.9 12 130   M    M   4 12     17 160
22  83  61  72   M   0   7 0.00    M    M  6.6 14 120   M    M   4 1      22 120
23  84  64  74   M   0   9 0.00    M    M 12.8 23 150   M    M   4        31 150
24  84  60  72   M   0   7 0.00    M    M  5.2 16 130   M    M   5        28 130
25  85  57  71   M   0   6 0.00    M    0  3.0  9  10   M    M   0 1      17 140
================================================================================
SM 1938 1435        44 111  1.94    M    150.5          M      145
================================================================================
AV 77.5 57.4                               6.0 FASTST   M    M   6    MAX(MPH)
                                 MISC ---->  # 23 150               # 32  150
================================================================================
NOTES:
# LAST OF SEVERAL OCCURRENCES

COLUMN 17 PEAK WIND IN M.P.H.

PRELIMINARY LOCAL CLIMATOLOGICAL DATA (WS FORM: F-6) , PAGE 2

                                          STATION:  PLEASANTON MUNICIPAL AIRPORT
                                          MONTH:    MARCH
                                          YEAR:     2017
                                          LATITUDE:   28 57 N
                                          LONGITUDE:  98 31 W

[TEMPERATURE DATA]      [PRECIPITATION DATA]       SYMBOLS USED IN COLUMN 16

AVERAGE MONTHLY: 67.5   TOTAL FOR MONTH:   1.94    1 = FOG OR MIST
DPTR FM NORMAL:     M   DPTR FM NORMAL:       M    2 = FOG REDUCING VISIBILITY
HIGHEST:    85 ON 25,21 GRTST 24HR  1.05 ON  4- 4      TO 1/4 MILE OR LESS
LOWEST:     42 ON  3                               3 = THUNDER
                        SNOW, ICE PELLETS, HAIL    4 = ICE PELLETS
                        TOTAL MONTH:    M          5 = HAIL
                        GRTST 24HR    M  ON   M    6 = FREEZING RAIN OR DRIZZLE
                        GRTST DEPTH:   0           7 = DUSTSTORM OR SANDSTORM:
                                                       VSBY 1/2 MILE OR LESS
                                                   8 = SMOKE OR HAZE
[NO. OF DAYS WITH]      [WEATHER - DAYS WITH]      9 = BLOWING SNOW
                                                   X = TORNADO
MAX 32 OR BELOW:   0    0.01 INCH OR MORE:   7
MAX 90 OR ABOVE:   0    0.10 INCH OR MORE:   4
MIN 32 OR BELOW:   0    0.50 INCH OR MORE:   1
MIN  0 OR BELOW:   0    1.00 INCH OR MORE:   1

[HDD (BASE 65) ]
TOTAL THIS MO.    44    CLEAR  (SCALE 0-3)   4
DPTR FM NORMAL     M    PTCLDY (SCALE 4-7)  14
TOTAL FM JUL 1   674    CLOUDY (SCALE 8-10)  7
DPTR FM NORMAL     M

[CDD (BASE 65) ]
TOTAL THIS MO.   111
DPTR FM NORMAL     M    [PRESSURE DATA]
TOTAL FM JAN 1   272    HIGHEST SLP M ON M
DPTR FM NORMAL     M    LOWEST  SLP M ON M

[REMARKS]
