000
CXUS55 KTBW 201000
CF6PGD
PRELIMINARY LOCAL CLIMATOLOGICAL DATA (WS FORM: F-6)

                                          STATION:   Punta Gorda
                                          MONTH:     AUGUST
                                          YEAR:      2017
                                          LATITUDE:   26 55 N
                                          LONGITUDE:  82  0 W

  TEMPERATURE IN F:       :PCPN:    SNOW:  WIND      :SUNSHINE: SKY     :PK WND
================================================================================
1   2   3   4   5  6A  6B    7    8   9   10  11  12  13   14  15   16   17  18
                                     12Z  AVG MX 2MIN
DY MAX MIN AVG DEP HDD CDD  WTR  SNW DPTH SPD SPD DIR MIN PSBL S-S WX    SPD DR
================================================================================

 1  90  75  83   0   0  18 0.04  0.0    0  6.5 28 250   M    M   4 1      36 250
 2  91  76  84   1   0  19 0.00  0.0    0  7.4 17 210   M    M   1        22 220
 3  95  75  85   2   0  20 0.00  0.0    0  6.9 17 240   M    M   1        22 240
 4  95  75  85   2   0  20 0.00  0.0    0  6.4 14 240   M    M   1 8      17 130
 5  95  77  86   3   0  21 0.35  0.0    0  4.2 25 300   M    M   3 38     34 310
 6  95  74  85   2   0  20 1.54  0.0    0  6.6 30 110   M    M   2 123    38 110
 7  94  77  86   3   0  21 0.03  0.0    0  5.8 21 140   M    M   2 13     26 140
 8  94  77  86   3   0  21 0.45  0.0    0  7.6 17  90   M    M   2 13     23  90
 9  96  76  86   3   0  21 0.10  0.0    0  5.0 10  80   M    M   2 13     16 130
10  94  75  85   2   0  20    T  0.0    0  4.0 14 360   M    M   1 3      18 280
11  91  77  84   1   0  19 0.04  0.0    0  4.7 16 220   M    M   2 3      21 240
12  92  76  84   1   0  19 0.00  0.0    0  4.8 15 250   M    M   2 3      18 260
13  93  76  85   2   0  20 0.00  0.0    0  5.2 14 270   M    M   0        18 240
14  91  77  84   1   0  19 0.05  0.0    0  3.3 13 130   M    M   2 13     17 160
15  94  78  86   3   0  21 0.00  0.0    0  4.6 15 240   M    M   1 3      19 220
16  94  78  86   3   0  21 0.01  0.0    0  2.4 18 140   M    M   1 3      24 130
17  96  76  86   3   0  21 0.01  0.0    0  4.1 25 300   M    M   3 13     33 310
18  94  73  84   1   0  19 0.20  0.0    0  5.5 17 170   M    M   1 13     23 160
19  95  71  83   0   0  18    T  0.0    0  3.8 10 180   M    M   1 3      13 190
================================================================================
SM 1779 1439         0 378  2.82     0.0  98.8          M       32
================================================================================
AV 93.6 75.7                               5.2 FASTST   M    M   2    MAX(MPH)
                                 MISC ---->  # 30 110               # 38  110
================================================================================
NOTES:
# LAST OF SEVERAL OCCURRENCES

COLUMN 17 PEAK WIND IN M.P.H.

PRELIMINARY LOCAL CLIMATOLOGICAL DATA (WS FORM: F-6) , PAGE 2

                                          STATION:  Punta Gorda
                                          MONTH:    AUGUST
                                          YEAR:     2017
                                          LATITUDE:   26 55 N
                                          LONGITUDE:  82  0 W

[TEMPERATURE DATA]      [PRECIPITATION DATA]       SYMBOLS USED IN COLUMN 16

AVERAGE MONTHLY: 84.7   TOTAL FOR MONTH:   2.82    1 = FOG OR MIST
DPTR FM NORMAL:   1.7   DPTR FM NORMAL:   -2.16    2 = FOG REDUCING VISIBILITY
HIGHEST:    96 ON 17, 9 GRTST 24HR  2.48 ON 31- 1      TO 1/4 MILE OR LESS
LOWEST:     71 ON 19                               3 = THUNDER
                        SNOW, ICE PELLETS, HAIL    4 = ICE PELLETS
                        TOTAL MONTH:   0.0 INCH    5 = HAIL
                        GRTST 24HR     0.0         6 = FREEZING RAIN OR DRIZZLE
                        GRTST DEPTH:   0           7 = DUSTSTORM OR SANDSTORM:
                                                       VSBY 1/2 MILE OR LESS
                                                   8 = SMOKE OR HAZE
[NO. OF DAYS WITH]      [WEATHER - DAYS WITH]      9 = BLOWING SNOW
                                                   X = TORNADO
MAX 32 OR BELOW:   0    0.01 INCH OR MORE:  11
MAX 90 OR ABOVE:  19    0.10 INCH OR MORE:   5
MIN 32 OR BELOW:   0    0.50 INCH OR MORE:   1
MIN  0 OR BELOW:   0    1.00 INCH OR MORE:   1

[HDD (BASE 65) ]
TOTAL THIS MO.     0    CLEAR  (SCALE 0-3)  17
DPTR FM NORMAL     0    PTCLDY (SCALE 4-7)   2
TOTAL FM JUL 1     0    CLOUDY (SCALE 8-10)  0
DPTR FM NORMAL     0

[CDD (BASE 65) ]
TOTAL THIS MO.   378
DPTR FM NORMAL    36    [PRESSURE DATA]
TOTAL FM JAN 1  2490    HIGHEST SLP M ON M
DPTR FM NORMAL   216    LOWEST  SLP 29.92 ON 19

[REMARKS]
