000
CXUS53 KILX 300900
CF6PIA
PRELIMINARY LOCAL CLIMATOLOGICAL DATA (WS FORM: F-6)

                                          STATION:   PEORIA IL
                                          MONTH:     AUGUST
                                          YEAR:      2015
                                          LATITUDE:   40 40 N
                                          LONGITUDE:  89 41 W

  TEMPERATURE IN F:       :PCPN:    SNOW:  WIND      :SUNSHINE: SKY     :PK WND
================================================================================
1   2   3   4   5  6A  6B    7    8   9   10  11  12  13   14  15   16   17  18
                                     12Z  AVG MX 2MIN
DY MAX MIN AVG DEP HDD CDD  WTR  SNW DPTH SPD SPD DIR MIN PSBL S-S WX    SPD DR
================================================================================

 1  89  64  77   2   0  12 0.00  0.0    0  5.6 16 230   M    M   0        20 230
 2  94  69  82   7   0  17 0.00  0.0    0 11.2 22 230   M    M   0        28 230
 3  85  67  76   1   0  11 0.00  0.0    0  5.1 12 300   M    M   1        17 290
 4  84  62  73  -2   0   8 0.00  0.0    0  2.3 12 280   M    M   0        14 290
 5  86  66  76   1   0  11 0.00  0.0    0  7.0 15  60   M    M   2        18  70
 6  86  67  77   2   0  12 0.00  0.0    0  7.2 17  70   M    M   1        22  80
 7  86  64  75   1   0  10 0.00  0.0    0  6.3 15 190   M    M   1        20 160
 8  86  69  78   4   0  13    T  0.0    0  4.2 10  60   M    M   2        14 300
 9  86  72  79   5   0  14 0.72  0.0    0  6.2 17 180   M    M   8 138    23 180
10  87  72  80   6   0  15 0.00  0.0    0  4.9 14 310   M    M   5 128    19 290
11  86  68  77   3   0  12 0.00  0.0    0  5.2 13  10   M    M   2        18 360
12  85  64  75   1   0  10 0.00  0.0    0  2.3 10 300   M    M   0 8      16  30
13  86  62  74   0   0   9 0.00  0.0    0  3.8 13 220   M    M   0 18     16 250
14  89  69  79   5   0  14 0.00  0.0    0  4.3 13 260   M    M   1        15 270
15  91  68  80   6   0  15 0.00  0.0    0  3.5 12  60   M    M   1        14 240
16  92  71  82   8   0  17 0.00  0.0    0  5.2 14 220   M    M   0 18     20 170
17  89  71  80   6   0  15    T  0.0    0  7.0 18 210   M    M   2 138    22 200
18  90  69  80   6   0  15 1.28  0.0    0  8.6 33 200   M    M   5 138    44 200
19  75  61  68  -6   0   3    T  0.0    0 11.8 20 270   M    M   5        26 210
20  79  58  69  -5   0   4 0.00  0.0    0  7.7 20 290   M    M   0        26 290
21  86  61  74   0   0   9 0.00  0.0    0  6.8 15 200   M    M   1        21 190
22  81  60  71  -2   0   6 0.00  0.0    0  8.0 17 180   M    M   2        22 130
23  78  60  69  -4   0   4    T  0.0    0  8.8 18 290   M    M   3 1      26 310
24  77  55  66  -7   0   1 0.00  0.0    0  9.3 23 280   M    M   1        30 270
25  76  54  65  -8   0   0 0.00  0.0    0  5.8 15 280   M    M   2        20 280
26  77  57  67  -6   0   2 0.00  0.0    0  4.6 13 360   M    M   2        18 360
27  77  54  66  -7   0   1 0.00  0.0    0  2.5  8  90   M    M   0 18     11 240
28  77  62  70  -2   0   5 0.01  0.0    0  5.7 12 160   M    M   1 18     16 160
29  83  68  76   4   0  11 0.02  0.0    0  5.6 14 210   M    M   7 18     17 210
================================================================================
SM 2443 1864         0 276  2.03     0.0 176.5          M       55
================================================================================
AV 84.2 64.3                               6.1 FASTST   M    M   2    MAX(MPH)
                                 MISC ---->  # 33 200               # 44  200
================================================================================
NOTES:
# LAST OF SEVERAL OCCURRENCES

COLUMN 17 PEAK WIND IN M.P.H.

PRELIMINARY LOCAL CLIMATOLOGICAL DATA (WS FORM: F-6) , PAGE 2

                                          STATION:  PEORIA IL
                                          MONTH:    AUGUST
                                          YEAR:     2015
                                          LATITUDE:   40 40 N
                                          LONGITUDE:  89 41 W

[TEMPERATURE DATA]      [PRECIPITATION DATA]       SYMBOLS USED IN COLUMN 16

AVERAGE MONTHLY: 74.3   TOTAL FOR MONTH:   2.03    1 = FOG OR MIST
DPTR FM NORMAL:   0.4   DPTR FM NORMAL:   -0.99    2 = FOG REDUCING VISIBILITY
HIGHEST:    94 ON  2    GRTST 24HR  1.28 ON 18-18      TO 1/4 MILE OR LESS
LOWEST:     54 ON 27,25                            3 = THUNDER
                        SNOW, ICE PELLETS, HAIL    4 = ICE PELLETS
                        TOTAL MONTH:   0.0 INCH    5 = HAIL
                        GRTST 24HR     0.0         6 = FREEZING RAIN OR DRIZZLE
                        GRTST DEPTH:   0           7 = DUSTSTORM OR SANDSTORM:
                                                       VSBY 1/2 MILE OR LESS
                                                   8 = SMOKE OR HAZE
[NO. OF DAYS WITH]      [WEATHER - DAYS WITH]      9 = BLOWING SNOW
                                                   X = TORNADO
MAX 32 OR BELOW:   0    0.01 INCH OR MORE:   4
MAX 90 OR ABOVE:   4    0.10 INCH OR MORE:   2
MIN 32 OR BELOW:   0    0.50 INCH OR MORE:   2
MIN  0 OR BELOW:   0    1.00 INCH OR MORE:   1

[HDD (BASE 65) ]
TOTAL THIS MO.     0    CLEAR  (SCALE 0-3)  23
DPTR FM NORMAL     0    PTCLDY (SCALE 4-7)   6
TOTAL FM JUL 1     5    CLOUDY (SCALE 8-10)  0
DPTR FM NORMAL     4

[CDD (BASE 65) ]
TOTAL THIS MO.   276
DPTR FM NORMAL    13    [PRESSURE DATA]
TOTAL FM JAN 1  1086    HIGHEST SLP M ON M
DPTR FM NORMAL   192    LOWEST  SLP 29.63 ON 19

[REMARKS]
