000
CXUS55 KPIH 261200
CF6PIH

PRELIMINARY LOCAL CLIMATOLOGICAL DATA (WS FORM: F-6)

                                          STATION:   POCATELLO ID
                                          MONTH:     JULY
                                          YEAR:      2016
                                          LATITUDE:   42 55 N
                                          LONGITUDE: 112 36 W

  TEMPERATURE IN F:       :PCPN:    SNOW:  WIND      :SUNSHINE: SKY     :PK WND
================================================================================
1   2   3   4   5  6A  6B    7    8   9   10  11  12  13   14  15   16   17  18
                                     12Z  AVG MX 2MIN
DY MAX MIN AVG DEP HDD CDD  WTR  SNW DPTH SPD SPD DIR MIN PSBL S-S WX    SPD DR
================================================================================

 1  88  52  70   3   0   5 0.00  0.0    0  5.5 16 350   M    M   2        19 350
 2  92  50  71   4   0   6 0.00  0.0    0 10.3 21 230   M    M   0        25 240
 3  92  56  74   7   0   9 0.00  0.0    0 11.3 22 270   M    M   1        27 250
 4  86  55  71   3   0   6 0.00  0.0    0 13.0 24 250   M    M   2        30 230
 5  81  61  71   3   0   6 0.00  0.0    0 13.0 21 260   M    M   1        27 230
 6  80  60  70   2   0   5    T  0.0    0 14.8 25 250   M    M   1        30 250
 7  84  47  66  -2   0   1 0.00  0.0    0  7.2 17 220   M    M   1        21 260
 8  92  47  70   1   0   5 0.00  0.0    0  6.6 16 260   M    M   1        20 250
 9  88  56  72   3   0   7    T  0.0    0  8.4 45 250   M    M   1 3      60 240
10  69  49  59 -10   6   0 0.14  0.0    0 14.4 38 260   M    M   5 13     46 260
11  71  45  58 -11   7   0 0.00  0.0    0 11.3 23 220   M    M   2        32 250
12  84  39  62  -8   3   0 0.00  0.0    0  6.2 17 280   M    M   2        24 260
13  81  47  64  -6   1   0 0.00  0.0    0  8.7 20 250   M    M   0        25 250
14  88  43  66  -4   0   1 0.00  0.0    0  7.2 21 230   M    M   1 8      26 240
15  94  44  69  -1   0   4 0.00  0.0    0  7.6 15 240   M    M   1        23 270
16  84  60  72   2   0   7 0.00  0.0    0 15.7 31 240   M    M   1        38 230
17  92  46  69  -1   0   4 0.00  0.0    0  7.2 21 200   M    M   2        27 160
18  94  49  72   1   0   7 0.00  0.0    0  7.5 20 260   M    M   0 8      25 240
19  92  55  74   3   0   9 0.00  0.0    0  8.2 20 220   M    M   0 8      25 210
20  92  52  72   1   0   7 0.00  0.0    0  9.3 23 260   M    M   0        27 250
21  97  48  73   2   0   8 0.00  0.0    0  6.2 14 170   M    M   1        16 180
22  94  69  82  11   0  17    T  0.0    0 15.5 26 240   M    M   1        37 230
23  86  51  69  -2   0   4 0.00  0.0    0 14.8 26 230   M    M   0        32 230
24  90  54  72   1   0   7 0.00  0.0    0  7.1 15 210   M    M   0        22 270
25  96  46  71   0   0   6 0.00  0.0    0  5.9 15 270   M    M   0        18 270
================================================================================
SM 2187 1281        17 131  0.14     0.0 242.9          M       26
================================================================================
AV 87.5 51.2                               9.7 FASTST   M    M   1    MAX(MPH)
                                 MISC ---->  # 45 250               # 60  240
================================================================================
NOTES:
# LAST OF SEVERAL OCCURRENCES
SNOWFALL/DEPTH ALWAYS AUGMENTED BY WFO POCATELLO

COLUMN 17 PEAK WIND IN M.P.H.

PRELIMINARY LOCAL CLIMATOLOGICAL DATA (WS FORM: F-6) , PAGE 2

                                          STATION:  POCATELLO ID
                                          MONTH:    JULY
                                          YEAR:     2016
                                          LATITUDE:   42 55 N
                                          LONGITUDE: 112 36 W

[TEMPERATURE DATA]      [PRECIPITATION DATA]       SYMBOLS USED IN COLUMN 16

AVERAGE MONTHLY: 69.4   TOTAL FOR MONTH:   0.14    1 = FOG OR MIST
DPTR FM NORMAL:  -0.1   DPTR FM NORMAL:   -0.37    2 = FOG REDUCING VISIBILITY
HIGHEST:    97 ON 21    GRTST 24HR  0.14 ON 10-10      TO 1/4 MILE OR LESS
LOWEST:     39 ON 12                               3 = THUNDER
                        SNOW, ICE PELLETS, HAIL    4 = ICE PELLETS
                        TOTAL MONTH:   0.0 INCH    5 = HAIL
                        GRTST 24HR     0.0         6 = FREEZING RAIN OR DRIZZLE
                        GRTST DEPTH:   0           7 = DUSTSTORM OR SANDSTORM:
                                                       VSBY 1/2 MILE OR LESS
                                                   8 = SMOKE OR HAZE
[NO. OF DAYS WITH]      [WEATHER - DAYS WITH]      9 = BLOWING SNOW
                                                   X = TORNADO
MAX 32 OR BELOW:   0    0.01 INCH OR MORE:   1
MAX 90 OR ABOVE:  12    0.10 INCH OR MORE:   1
MIN 32 OR BELOW:   0    0.50 INCH OR MORE:   0
MIN  0 OR BELOW:   0    1.00 INCH OR MORE:   0

[HDD (BASE 65) ]
TOTAL THIS MO.    17    CLEAR  (SCALE 0-3)  24
DPTR FM NORMAL     0    PTCLDY (SCALE 4-7)   1
TOTAL FM JUL 1    17    CLOUDY (SCALE 8-10)  0
DPTR FM NORMAL     0

[CDD (BASE 65) ]
TOTAL THIS MO.   131
DPTR FM NORMAL     1    [PRESSURE DATA]
TOTAL FM JAN 1   221    HIGHEST SLP M ON M
DPTR FM NORMAL    40    LOWEST  SLP 25.51 ON 22

[REMARKS]
