000
CXUS51 KRLX 201242
CF6PKB
PRELIMINARY LOCAL CLIMATOLOGICAL DATA (WS FORM: F-6)

                                          STATION:   PARKERSBURG WV
                                          MONTH:     JANUARY
                                          YEAR:      2018
                                          LATITUDE:   39 20 N
                                          LONGITUDE:  81 26 W

  TEMPERATURE IN F:       :PCPN:    SNOW:  WIND      :SUNSHINE: SKY     :PK WND
================================================================================
1   2   3   4   5  6A  6B    7    8   9   10  11  12  13   14  15   16   17  18
                                     12Z  AVG MX 2MIN
DY MAX MIN AVG DEP HDD CDD  WTR  SNW DPTH SPD SPD DIR MIN PSBL S-S WX    SPD DR
================================================================================

 1  12  -7   3 -29  62   0    T    M    M  4.9 14 270   M    M   4 18     17 280
 2  15  -2   7 -25  58   0 0.00    M    M  5.7 13 200   M    M   4 18     17 180
 3  27  -8  10 -22  55   0 0.00    M    M  3.9 13 300   M    M   2 18     18 300
 4  20  11  16 -16  49   0    T    M    M 11.1 22 290   M    M  10 18     30 280
 5  16   3  10 -22  55   0    T    M    M  9.5 18 280   M    M   7 18     26 270
 6  16  -2   7 -25  58   0 0.00    M    M  4.1 16 300   M    M   4 18     21 310
 7  30  -7  12 -20  53   0 0.00    M    M  3.6 10 200   M    M   2 18     14 150
 8  38  30  34   2  31   0 0.18    M    M  7.9 15 180   M    M  10 1      23 220
 9  37  29  33   2  32   0 0.00    M    M  2.6  8 210   M    M   7 1      12 180
10  61  28  45  14  20   0 0.00    M    M  4.0 13 170   M    M   4 18     17 150
11  67  52  60  29   5   0 0.76    M    M  7.4 17 170   M    M   5 1      23 190
12  64  24  44  13  21   0 1.52    M    M  8.5 21 320   M    M  10 1246   32  30
13  24  14  19 -12  46   0 0.16    M    M  8.5 18 320   M    M  10 18     31 310
14  21   7  14 -17  51   0 0.00    M    M  3.5 10  60   M    M   5 18     14  60
15  34   4  19 -12  46   0    T    M    M  3.5 12 180   M    M   8 18     15 280
16  31   3  17 -14  48   0 0.07    M    M  6.2 15 270   M    M   9 18     20 270
17  12   0   6 -25  59   0    T    M    M  3.7  9 190   M    M   7 18     14 170
18  28   6  17 -14  48   0 0.00    M    M 10.0 20 210   M    M   0        29 200
19  41  22  32   1  33   0 0.00    M    M  9.1 16 190   M    M   0        22 200
================================================================================
SM  594  207       830   0  2.69    M    117.7          M      108
================================================================================
AV 31.3 10.9                               6.2 FASTST   M    M   6    MAX(MPH)
                                 MISC ---->  # 22 290               # 32   30
================================================================================
NOTES:
# LAST OF SEVERAL OCCURRENCES

COLUMN 17 PEAK WIND IN M.P.H.

PRELIMINARY LOCAL CLIMATOLOGICAL DATA (WS FORM: F-6) , PAGE 2

                                          STATION:  PARKERSBURG WV
                                          MONTH:    JANUARY
                                          YEAR:     2018
                                          LATITUDE:   39 20 N
                                          LONGITUDE:  81 26 W

[TEMPERATURE DATA]      [PRECIPITATION DATA]       SYMBOLS USED IN COLUMN 16

AVERAGE MONTHLY: 21.1   TOTAL FOR MONTH:   2.69    1 = FOG OR MIST
DPTR FM NORMAL: -10.3   DPTR FM NORMAL:    0.90    2 = FOG REDUCING VISIBILITY
HIGHEST:    67 ON 11    GRTST 24HR  1.52 ON 12-12      TO 1/4 MILE OR LESS
LOWEST:     -8 ON  3                               3 = THUNDER
                        SNOW, ICE PELLETS, HAIL    4 = ICE PELLETS
                        TOTAL MONTH:    M          5 = HAIL
                        GRTST 24HR    M  ON   M    6 = FREEZING RAIN OR DRIZZLE
                        GRTST DEPTH:  M  ON   M    7 = DUSTSTORM OR SANDSTORM:
                                                       VSBY 1/2 MILE OR LESS
                                                   8 = SMOKE OR HAZE
[NO. OF DAYS WITH]      [WEATHER - DAYS WITH]      9 = BLOWING SNOW
                                                   X = TORNADO
MAX 32 OR BELOW:  12    0.01 INCH OR MORE:   5
MAX 90 OR ABOVE:   0    0.10 INCH OR MORE:   4
MIN 32 OR BELOW:  18    0.50 INCH OR MORE:   2
MIN  0 OR BELOW:   6    1.00 INCH OR MORE:   1

[HDD (BASE 65) ]
TOTAL THIS MO.   830    CLEAR  (SCALE 0-3)   4
DPTR FM NORMAL   191    PTCLDY (SCALE 4-7)  10
TOTAL FM JUL 1  2723    CLOUDY (SCALE 8-10)  5
DPTR FM NORMAL   174

[CDD (BASE 65) ]
TOTAL THIS MO.     0
DPTR FM NORMAL     0    [PRESSURE DATA]
TOTAL FM JAN 1     0    HIGHEST SLP M ON M
DPTR FM NORMAL     0    LOWEST  SLP 29.56 ON 12

[REMARKS]
