000
CXUS51 KRLX 281126
CF6PKB
PRELIMINARY LOCAL CLIMATOLOGICAL DATA (WS FORM: F-6)

                                          STATION:   PARKERSBURG WV
                                          MONTH:     MAY
                                          YEAR:      2016
                                          LATITUDE:   39 20 N
                                          LONGITUDE:  81 26 W

  TEMPERATURE IN F:       :PCPN:    SNOW:  WIND      :SUNSHINE: SKY     :PK WND
================================================================================
1   2   3   4   5  6A  6B    7    8   9   10  11  12  13   14  15   16   17  18
                                     12Z  AVG MX 2MIN
DY MAX MIN AVG DEP HDD CDD  WTR  SNW DPTH SPD SPD DIR MIN PSBL S-S WX    SPD DR
================================================================================

 1  78  59  69  10   0   4 0.18    M    M  6.1 14 190   M    M   6 3      20 180
 2  78  58  68   9   0   3 0.15    M    M  7.9 14 240   M    M   7 13      M  M
 3  63  53  58  -1   7   0    T    M    M   M   M   M   M    M   M         M  M
 4  66  49  58  -1   7   0 0.32    M    M  4.2  9 270   M    M   6 1      18 270
 5  62  45  54  -6  11   0 0.12    M    M  6.9 20 320   M    M  10 1      26 330
 6  71  47  59  -1   6   0    T    M    M  8.2 22 320   M    M   6        32 320
 7  72  44  58  -2   7   0 0.01    M    M  5.2 15 280   M    M   3        23 310
 8  68  48  58  -2   7   0 0.00    M    M  5.0 16 280   M    M   2        22 260
 9  59  47  53  -7  12   0 0.37    M    M  3.3 12  60   M    M   9 1      14  70
10  78  53  66   5   0   1 0.17    M    M  4.7 17 280   M    M   6 138    25 270
11  78  56  67   6   0   2 0.00    M    M  4.0 15 260   M    M   5 1      23 270
12  80  58  69   8   0   4 0.38    M    M  4.7 16 200   M    M   4 12     23 210
13  71  51  61   0   4   0 0.32    M    M  8.0 20 290   M    M   6 1      25 280
14  55  43  49 -13  16   0 0.39    M    M  9.8 26 290   M    M   7 18     35 290
15  56  37  47 -15  18   0 0.02    M    M  8.4 22 280   M    M   8 1      33 320
16  63  32  48 -14  17   0 0.00    M    M  3.2 12 270   M    M   0        17 240
17  59  48  54  -8  11   0 0.22    M    M  2.5  9  60   M    M  10 1      14 120
18  62  44  53 -10  12   0 0.32    M    M  6.9 17  40   M    M   7 1      24  40
19  72  39  56  -7   9   0 0.00    M    M  2.4 10 310   M    M   4 128    15 310
20  76  43  60  -3   5   0 0.44    M    M  4.3 13 130   M    M   3 1      17 100
21  66  56  61  -3   4   0 0.24    M    M  5.1 14 320   M    M  10 1      20 320
22  74  48  61  -3   4   0 0.04    M    M  2.7 21  90   M    M   4 12     27 100
23  78  47  63  -1   2   0 0.00    M    M  2.1 12  90   M    M   4 1      16 300
24  80  50  65   1   0   0 0.00    M    M  3.1 13 260   M    M   1 1      19 250
25  84  50  67   2   0   2 0.00    M    M  2.2 14 240   M    M   1 1      20 310
26  80  61  71   6   0   6 0.02    M    M  5.5 16 210   M    M   5 1      22 240
27  87  65  76  11   0  11    T    M    M  3.6 13 190   M    M   1 18     18 210
================================================================================
SM 1916 1331       159  33  3.71    M    130.0          M      135
================================================================================
AV 71.0 49.3                               5.0 FASTST   M    M   5    MAX(MPH)
                                 MISC ---->  # 26 290               # 35  290
================================================================================
NOTES:
# LAST OF SEVERAL OCCURRENCES

COLUMN 17 PEAK WIND IN M.P.H.

PRELIMINARY LOCAL CLIMATOLOGICAL DATA (WS FORM: F-6) , PAGE 2

                                          STATION:  PARKERSBURG WV
                                          MONTH:    MAY
                                          YEAR:     2016
                                          LATITUDE:   39 20 N
                                          LONGITUDE:  81 26 W

[TEMPERATURE DATA]      [PRECIPITATION DATA]       SYMBOLS USED IN COLUMN 16

AVERAGE MONTHLY: 60.1   TOTAL FOR MONTH:   3.71    1 = FOG OR MIST
DPTR FM NORMAL:  -1.6   DPTR FM NORMAL:    0.00    2 = FOG REDUCING VISIBILITY
HIGHEST:    87 ON 27    GRTST 24HR  0.68 ON 20-21      TO 1/4 MILE OR LESS
LOWEST:     32 ON 16                               3 = THUNDER
                        SNOW, ICE PELLETS, HAIL    4 = ICE PELLETS
                        TOTAL MONTH:    M          5 = HAIL
                        GRTST 24HR    M  ON   M    6 = FREEZING RAIN OR DRIZZLE
                        GRTST DEPTH:  M  ON   M    7 = DUSTSTORM OR SANDSTORM:
                                                       VSBY 1/2 MILE OR LESS
                                                   8 = SMOKE OR HAZE
[NO. OF DAYS WITH]      [WEATHER - DAYS WITH]      9 = BLOWING SNOW
                                                   X = TORNADO
MAX 32 OR BELOW:   0    0.01 INCH OR MORE:  17
MAX 90 OR ABOVE:   0    0.10 INCH OR MORE:  13
MIN 32 OR BELOW:   1    0.50 INCH OR MORE:   0
MIN  0 OR BELOW:   0    1.00 INCH OR MORE:   0

[HDD (BASE 65) ]
TOTAL THIS MO.   159    CLEAR  (SCALE 0-3)   6
DPTR FM NORMAL    22    PTCLDY (SCALE 4-7)  16
TOTAL FM JUL 1  4141    CLOUDY (SCALE 8-10)  4
DPTR FM NORMAL  -802

[CDD (BASE 65) ]
TOTAL THIS MO.    33
DPTR FM NORMAL   -16    [PRESSURE DATA]
TOTAL FM JAN 1    53    HIGHEST SLP M ON M
DPTR FM NORMAL   -17    LOWEST  SLP 29.61 ON  4

[REMARKS]
