000
CXUS51 KRLX 301057
CF6PKB
PRELIMINARY LOCAL CLIMATOLOGICAL DATA (WS FORM: F-6)

                                          STATION:   PARKERSBURG WV
                                          MONTH:     AUGUST
                                          YEAR:      2014
                                          LATITUDE:   39 20 N
                                          LONGITUDE:  81 26 W

  TEMPERATURE IN F:       :PCPN:    SNOW:  WIND      :SUNSHINE: SKY     :PK WND
================================================================================
1   2   3   4   5  6A  6B    7    8   9   10  11  12  13   14  15   16   17  18
                                     12Z  AVG MX 2MIN
DY MAX MIN AVG DEP HDD CDD  WTR  SNW DPTH SPD SPD DIR MIN PSBL S-S WX    SPD DR
================================================================================

 1   M  59   M   M   M   M 0.00    M    M   M   M   M   M    M   M 12      M  M
 2  81  61  71  -3   0   6 0.04    M    M  3.5  9  80   M    M   4 3       M  M
 3  80  61  71  -3   0   6 0.00    M    M  1.9 10 290   M    M   6 12     13 280
 4  85  58  72  -2   0   7 0.00    M    M  1.7  9  70   M    M   2 12     14  60
 5  87  58  73  -1   0   8 0.12    M    M  1.6 15 280   M    M   4 12     20 260
 6  83  64  74   0   0   9    T    M    M  2.3 24 300   M    M   6 13     35 300
 7  81  56  69  -5   0   4 0.00    M    M  2.6 13  40   M    M   1 1      17  40
 8  81  58  70  -4   0   5 0.00    M    M  2.7 10  80   M    M   3 12     13  80
 9  87  61  74   0   0   9 0.00    M    M  4.2 12  60   M    M   3 12     16  60
10  85  62  74   0   0   9    T    M    M  4.5 13 170   M    M   5 12     19 160
11  80  68  74   0   0   9 0.28    M    M  8.0 20 160   M    M   8 13     25 170
12  84  65  75   1   0  10 1.50    M    M  7.6 21 300   M    M   7 13     30 310
13  77  58  68  -6   0   3    T    M    M  6.3 15 280   M    M   5        24 280
14  79  54  67  -7   0   2 0.00    M    M  5.2 21 300   M    M   2        28 320
15  77  50  64 -10   1   0 0.00    M    M  2.3 13 280   M    M   2 12     17 290
16  81  51  66  -8   0   1 0.00    M    M  2.8 15 280   M    M   5 12     19 270
17  81  66  74   0   0   9 0.04    M    M  2.4  9 250   M    M   9 1      13 240
18  84  66  75   1   0  10    T    M    M  2.4 12  50   M    M   7 12     16  50
19  86  64  75   2   0  10    T    M    M  1.5  8 200   M    M   3 1      11 210
20  86  69  78   5   0  13 0.00    M    M  3.5 10 210   M    M   3         M  M
21  77  67  72  -1   0   7 0.08    M    M  4.4 13 170   M    M   4 13     16 180
22  82  70  76   3   0  11 0.93    M    M  4.9 13 260   M    M   6 13     17 260
23  87  68  78   5   0  13 0.00    M    M  2.7 10  20   M    M   6 18     14 320
24  86  65  76   3   0  11 0.00    M    M  3.6  9  70   M    M   3 1      13  70
25  84  64  74   1   0   9 0.00    M    M  3.2 13 150   M    M   3 1      16 150
26  86  58  72   0   0   7 0.00    M    M  2.3  9  80   M    M   1 12     12 220
27  89  62  76   4   0  11 0.06    M    M  3.1 13 330   M    M   3 13     19 320
28  80  60  70  -2   0   5 0.00    M    M  4.4 13  70   M    M   1 1      16  30
29  85  54  70  -2   0   5 0.00    M    M  2.5  8  60   M    M   1 12     14  40
================================================================================
SM 2321 1777         1 209  3.05    M     98.1          M      113
================================================================================
AV 82.9 61.3                               3.5 FASTST   M    M   4    MAX(MPH)
                                 MISC ---->  # 24 300               # 35  300
================================================================================
NOTES:
# LAST OF SEVERAL OCCURRENCES

COLUMN 17 PEAK WIND IN M.P.H.

PRELIMINARY LOCAL CLIMATOLOGICAL DATA (WS FORM: F-6) , PAGE 2

                                          STATION:  PARKERSBURG WV
                                          MONTH:    AUGUST
                                          YEAR:     2014
                                          LATITUDE:   39 20 N
                                          LONGITUDE:  81 26 W

[TEMPERATURE DATA]      [PRECIPITATION DATA]       SYMBOLS USED IN COLUMN 16

AVERAGE MONTHLY: 72.1   TOTAL FOR MONTH:   3.05    1 = FOG OR MIST
DPTR FM NORMAL:  -1.4   DPTR FM NORMAL:   -0.33    2 = FOG REDUCING VISIBILITY
HIGHEST:    89 ON 27    GRTST 24HR  1.50 ON 12-12      TO 1/4 MILE OR LESS
LOWEST:     50 ON 15                               3 = THUNDER
                        SNOW, ICE PELLETS, HAIL    4 = ICE PELLETS
                        TOTAL MONTH:    M          5 = HAIL
                        GRTST 24HR    M  ON   M    6 = FREEZING RAIN OR DRIZZLE
                        GRTST DEPTH:  M  ON   M    7 = DUSTSTORM OR SANDSTORM:
                                                       VSBY 1/2 MILE OR LESS
                                                   8 = SMOKE OR HAZE
[NO. OF DAYS WITH]      [WEATHER - DAYS WITH]      9 = BLOWING SNOW
                                                   X = TORNADO
MAX 32 OR BELOW:   0    0.01 INCH OR MORE:   8
MAX 90 OR ABOVE:   0    0.10 INCH OR MORE:   4
MIN 32 OR BELOW:   0    0.50 INCH OR MORE:   2
MIN  0 OR BELOW:   0    1.00 INCH OR MORE:   1

[HDD (BASE 65) ]
TOTAL THIS MO.     1    CLEAR  (SCALE 0-3)  13
DPTR FM NORMAL     1    PTCLDY (SCALE 4-7)  14
TOTAL FM JUL 1     2    CLOUDY (SCALE 8-10)  1
DPTR FM NORMAL     1

[CDD (BASE 65) ]
TOTAL THIS MO.   209
DPTR FM NORMAL   -38    [PRESSURE DATA]
TOTAL FM JAN 1   461    HIGHEST SLP M ON M
DPTR FM NORMAL  -353    LOWEST  SLP 29.75 ON 12

[REMARKS]
