000
CXUS53 KAPX 271249
CF6PLN
PRELIMINARY LOCAL CLIMATOLOGICAL DATA (WS FORM: F-6)

                                          STATION:   PELLSTON
                                          MONTH:     FEBRUARY
                                          YEAR:      2015
                                          LATITUDE:   45 34 N
                                          LONGITUDE:  84 48 W

  TEMPERATURE IN F:       :PCPN:    SNOW:  WIND      :SUNSHINE: SKY     :PK WND
================================================================================
1   2   3   4   5  6A  6B    7    8   9   10  11  12  13   14  15   16   17  18
                                     12Z  AVG MX 2MIN
DY MAX MIN AVG DEP HDD CDD  WTR  SNW DPTH SPD SPD DIR MIN PSBL S-S WX    SPD DR
================================================================================

 1  13   2   8  -8  57   0    T    M    M 11.2 15  60   M    M   7        21  50
 2  17 -17   0 -16  65   0    T    M    M  4.8 14  20   M    M   3        16  20
 3  21  10  16   0  49   0 0.03    M    M  6.9 18 270   M    M   9        25 270
 4  17   4  11  -5  54   0    T    M    M 11.4 25 310   M    M   6        34 310
 5  22 -14   4 -12  61   0    T    M    M 10.0 28 260   M    M   4 8      40 250
 6  25  18  22   6  43   0    T    M    M 10.8 21 290   M    M   7 8      32 250
 7  25  19  22   6  43   0 0.11    M    M  9.9 23  90   M    M  10 168    33  90
 8  20  11  16   0  49   0 0.01    M    M 12.5 21  50   M    M  10 168    29  90
 9  18  -4   7  -9  58   0    T    M    M  4.8 10  10   M    M   3 18     12  80
10  27  -8  10  -7  55   0 0.00    M    M  5.8 15  90   M    M   5        22 100
11  28  10  19   2  46   0 0.06    M    M 13.1 30 310   M    M   9 189    37 320
12  10 -12  -1 -18  66   0    T    M    M 12.6 26 350   M    M   3        35 360
13  19 -14   3 -14  62   0 0.02    M    M  7.7 21 290   M    M  10        30 290
14  16 -11   3 -14  62   0    T    M    M 19.1 30 340   M    M   6 9      39 330
15   1 -23 -11 -28  76   0 0.00    M    M  5.2 17 360   M    M   0        21 350
16  16 -22  -3 -21  68   0 0.00    M    M  2.9  9 200   M    M   6        14 200
17  15  -8   4 -14  61   0    T    M    M  5.5 15 310   M    M  10        20 280
18  10 -18  -4 -22  69   0    T    M    M  8.9 24 320   M    M   5        28 310
19  -3 -28 -15 -33  80   0 0.00    M    M  7.9 22 320   M    M   1        24 320
20  15 -35 -10 -28  75   0 0.01    M    M  5.8 17 200   M    M   5        23 190
21  23   7  15  -4  50   0    T    M    M  7.8 16 310   M    M   9        18 310
22   8 -14  -3 -22  68   0 0.00    M    M 11.6 25 320   M    M   5 9      31 330
23  10 -30 -10 -29  75   0 0.00    M    M  7.9 18 250   M    M   3        27 240
24  25   2  14  -5  51   0 0.08    M    M 15.9 36 320   M    M   9 9      44 320
25   6 -21  -7 -27  72   0 0.00    M    M  8.6 18 300   M    M   1        23 300
26   6 -30 -12 -32  77   0 0.00    M    M  4.6 15 320   M    M   0        18 310
================================================================================
SM  410 -226      1592   0  0.32    M    233.2          M      146
================================================================================
AV 15.8 -8.7                               9.0 FASTST   M    M   6    MAX(MPH)
                                 MISC ---->  # 36 320               # 44  320
================================================================================
NOTES:
# LAST OF SEVERAL OCCURRENCES

COLUMN 17 PEAK WIND IN M.P.H.

PRELIMINARY LOCAL CLIMATOLOGICAL DATA (WS FORM: F-6) , PAGE 2

                                          STATION:  PELLSTON
                                          MONTH:    FEBRUARY
                                          YEAR:     2015
                                          LATITUDE:   45 34 N
                                          LONGITUDE:  84 48 W

[TEMPERATURE DATA]      [PRECIPITATION DATA]       SYMBOLS USED IN COLUMN 16

AVERAGE MONTHLY:  3.5   TOTAL FOR MONTH:   0.32    1 = FOG OR MIST
DPTR FM NORMAL: -13.8   DPTR FM NORMAL:   -0.90    2 = FOG REDUCING VISIBILITY
HIGHEST:    28 ON 11    GRTST 24HR  0.11 ON  7- 7      TO 1/4 MILE OR LESS
LOWEST:    -35 ON 20                               3 = THUNDER
                        SNOW, ICE PELLETS, HAIL    4 = ICE PELLETS
                        TOTAL MONTH:    M          5 = HAIL
                        GRTST 24HR    M  ON   M    6 = FREEZING RAIN OR DRIZZLE
                        GRTST DEPTH:  M  ON   M    7 = DUSTSTORM OR SANDSTORM:
                                                       VSBY 1/2 MILE OR LESS
                                                   8 = SMOKE OR HAZE
[NO. OF DAYS WITH]      [WEATHER - DAYS WITH]      9 = BLOWING SNOW
                                                   X = TORNADO
MAX 32 OR BELOW:  26    0.01 INCH OR MORE:   7
MAX 90 OR ABOVE:   0    0.10 INCH OR MORE:   1
MIN 32 OR BELOW:  26    0.50 INCH OR MORE:   0
MIN  0 OR BELOW:  17    1.00 INCH OR MORE:   0

[HDD (BASE 65) ]
TOTAL THIS MO.  1592    CLEAR  (SCALE 0-3)   8
DPTR FM NORMAL   355    PTCLDY (SCALE 4-7)  10
TOTAL FM JUL 1  6496    CLOUDY (SCALE 8-10)  8
DPTR FM NORMAL   477

[CDD (BASE 65) ]
TOTAL THIS MO.     0
DPTR FM NORMAL     0    [PRESSURE DATA]
TOTAL FM JAN 1     0    HIGHEST SLP M ON M
DPTR FM NORMAL     0    LOWEST  SLP 29.45 ON 24

[REMARKS]
