000
CXUS53 KAPX 230631
CF6PLN
PRELIMINARY LOCAL CLIMATOLOGICAL DATA (WS FORM: F-6)

                                          STATION:   PELLSTON
                                          MONTH:     JUNE
                                          YEAR:      2017
                                          LATITUDE:   45 34 N
                                          LONGITUDE:  84 48 W

  TEMPERATURE IN F:       :PCPN:    SNOW:  WIND      :SUNSHINE: SKY     :PK WND
================================================================================
1   2   3   4   5  6A  6B    7    8   9   10  11  12  13   14  15   16   17  18
                                     12Z  AVG MX 2MIN
DY MAX MIN AVG DEP HDD CDD  WTR  SNW DPTH SPD SPD DIR MIN PSBL S-S WX    SPD DR
================================================================================

 1  66  32  49  -8  16   0    T    M    M  7.0 20 270   M    M   2 1      28 280
 2  73  38  56  -1   9   0 0.00    M    M  3.4 16 320   M    M   3        24 320
 3  80  42  61   4   4   0 0.21    M    M  5.0 15 140   M    M   4 1      20 130
 4  71  57  64   6   1   0    T    M    M  6.4 13  40   M    M  10 1      18 270
 5  72  49  61   3   4   0 0.03    M    M  6.3 31  50   M    M   5 13     40  30
 6  75  48  62   4   3   0    T    M    M  6.9 17 350   M    M   3        24 360
 7  79  42  61   2   4   0 0.00    M    M  3.0 15 340   M    M   0        21  50
 8  82  41  62   3   3   0 0.01    M    M  3.7 15 280   M    M   3        19 230
 9  75  53  64   5   1   0 0.09    M    M  2.7 12  50   M    M   6 1      15  90
10  89  48  69   9   0   4 0.00    M    M 10.8 28 220   M    M   2 12     41 210
11  86  61  74  14   0   9 0.44    M    M  9.5 40 270   M    M   3 13     54 270
12  83  63  73  13   0   8 0.16    M    M  7.7 22 150   M    M   2 13     29 150
13  79  60  70  10   0   5 0.16    M    M  7.1 16  70   M    M   2        20  70
14  78  61  70   9   0   5 0.24    M    M  9.5 18 100   M    M   3 13     24 110
15  80  56  68   7   0   3    T    M    M  4.1 16 350   M    M   6 1      19 360
16  84  51  68   7   0   3 0.00    M    M  3.7 15 280   M    M   2 1      22 240
17  80  60  70   8   0   5 0.06    M    M  3.9 15 270   M    M   5 1      20 270
18  73  59  66   4   0   1 0.92    M    M  7.0 20 230   M    M   7 13     32 240
19  72  57  65   3   0   0    T    M    M  7.4 15 340   M    M   8        19 330
20  65  50  58  -4   7   0 0.04    M    M  7.2 18 290   M    M   7 1      26 280
21  75  45  60  -3   5   0 0.00    M    M  3.6 13 240   M    M   2 1      17 280
22  71  48  60  -3   5   0 0.65    M    M  3.8 15 270   M    M   7 13     21 250
================================================================================
SM 1688 1121        62  43  3.01    M    129.7          M       92
================================================================================
AV 76.7 51.0                               5.9 FASTST   M    M   4    MAX(MPH)
                                 MISC ---->  # 40 270               # 54  270
================================================================================
NOTES:
# LAST OF SEVERAL OCCURRENCES

COLUMN 17 PEAK WIND IN M.P.H.

PRELIMINARY LOCAL CLIMATOLOGICAL DATA (WS FORM: F-6) , PAGE 2

                                          STATION:  PELLSTON
                                          MONTH:    JUNE
                                          YEAR:     2017
                                          LATITUDE:   45 34 N
                                          LONGITUDE:  84 48 W

[TEMPERATURE DATA]      [PRECIPITATION DATA]       SYMBOLS USED IN COLUMN 16

AVERAGE MONTHLY: 63.8   TOTAL FOR MONTH:   3.01    1 = FOG OR MIST
DPTR FM NORMAL:   3.9   DPTR FM NORMAL:    1.13    2 = FOG REDUCING VISIBILITY
HIGHEST:    89 ON 10    GRTST 24HR  0.92 ON 18-18      TO 1/4 MILE OR LESS
LOWEST:     32 ON  1                               3 = THUNDER
                        SNOW, ICE PELLETS, HAIL    4 = ICE PELLETS
                        TOTAL MONTH:    M          5 = HAIL
                        GRTST 24HR    M  ON   M    6 = FREEZING RAIN OR DRIZZLE
                        GRTST DEPTH:  M  ON   M    7 = DUSTSTORM OR SANDSTORM:
                                                       VSBY 1/2 MILE OR LESS
                                                   8 = SMOKE OR HAZE
[NO. OF DAYS WITH]      [WEATHER - DAYS WITH]      9 = BLOWING SNOW
                                                   X = TORNADO
MAX 32 OR BELOW:   0    0.01 INCH OR MORE:  12
MAX 90 OR ABOVE:   0    0.10 INCH OR MORE:   7
MIN 32 OR BELOW:   1    0.50 INCH OR MORE:   2
MIN  0 OR BELOW:   0    1.00 INCH OR MORE:   0

[HDD (BASE 65) ]
TOTAL THIS MO.    62    CLEAR  (SCALE 0-3)   8
DPTR FM NORMAL   -77    PTCLDY (SCALE 4-7)  13
TOTAL FM JUL 1  7117    CLOUDY (SCALE 8-10)  1
DPTR FM NORMAL -1510

[CDD (BASE 65) ]
TOTAL THIS MO.    43
DPTR FM NORMAL    15    [PRESSURE DATA]
TOTAL FM JAN 1    45    HIGHEST SLP M ON M
DPTR FM NORMAL     6    LOWEST  SLP 29.58 ON 17

[REMARKS]
