000
CXUS55 KLOX 241655
CF6PMD
PRELIMINARY LOCAL CLIMATOLOGICAL DATA (WS FORM: F-6)

                                          STATION:   PALMDALE AIRPORT CA
                                          MONTH:     NOVEMBER
                                          YEAR:      2017
                                          LATITUDE:   34 37 N
                                          LONGITUDE: 118  5 W

  TEMPERATURE IN F:       :PCPN:    SNOW:  WIND      :SUNSHINE: SKY     :PK WND
================================================================================
1   2   3   4   5  6A  6B    7    8   9   10  11  12  13   14  15   16   17  18
                                     12Z  AVG MX 2MIN
DY MAX MIN AVG DEP HDD CDD  WTR  SNW DPTH SPD SPD DIR MIN PSBL S-S WX    SPD DR
================================================================================

 1  72  48  60   3   5   0 0.00  0.0    0  8.9 25 240   M    M   0 8      39 220
 2  64  45  55  -2  10   0 0.00  0.0    0 14.5 33 230   M    M   2        42 220
 3  64  51  58   2   7   0 0.00  0.0    0 16.2 29 220   M    M   4        41 210
 4  69  49  59   3   6   0 0.00  0.0    0 13.3 24 220   M    M   2        40 220
 5  66  52  59   3   6   0    T  0.0    0 10.9 22 250   M    M   4        32 220
 6  69  56  63   8   2   0 0.00  0.0    0 14.3 26 220   M    M   4        33 230
 7  74  48  61   6   4   0 0.00  0.0    0  8.1 18 200   M    M   0        27 210
 8  74  44  59   5   6   0 0.00  0.0    0  6.8 24 220   M    M   0        25 210
 9  71  49  60   6   5   0 0.00  0.0    0  8.9 25 220   M    M   0        40 220
10  71  43  57   3   8   0 0.00  0.0    0  8.4 21 250   M    M   0        33 230
11  69  41  55   2  10   0 0.00  0.0    0  3.1 10 200   M    M   0         M  M
12  69  43  56   3   9   0 0.00  0.0    0  2.3  8 190   M    M   0        10 220
13  79  38  59   7   6   0 0.00    M    0  4.7 18 300   M    M   0        26 250
14  77  44  61   9   4   0 0.00  0.0    0  8.1 24 290   M    M   0        29 290
15  83  44  64  12   1   0 0.00  0.0    0  7.8 21 290   M    M   0         M 330
16  74  58  66  15   0   1    T  0.0    0 17.7 26 230   M    M   5        42 210
17  69  42  56   5   9   0 0.00  0.0    0 13.0 30 300   M    M   2        40 220
18  66  36  51   0  14   0 0.00  0.0    0  5.2  M   M   M    M   0        26  30
19  64  29  47  -3  18   0 0.00  0.0    0  4.3 10 210   M    M   0 8      19 330
20  74  36  55   5  10   0 0.00  0.0    0  5.8 28 300   M    M   0        35 310
21  76  42  59   9   6   0 0.00  0.0    0  4.1  9 190   M    M   0        20  50
22  81  42  62  13   3   0 0.00  0.0    0  3.4 12  30   M    M   0        19 120
23  81  44  63  14   2   0 0.00  0.0    0  4.1 12 200   M    M   0        12 190
================================================================================
SM 1656 1024       151   1    T      0.0 194.0          M       23
================================================================================
AV 72.0 44.5                               8.4 FASTST   M    M   1    MAX(MPH)
                                 MISC ---->    33   M                 42    M
================================================================================
NOTES:
# LAST OF SEVERAL OCCURRENCES

COLUMN 17 PEAK WIND IN M.P.H.

PRELIMINARY LOCAL CLIMATOLOGICAL DATA (WS FORM: F-6) , PAGE 2

                                          STATION:  PALMDALE AIRPORT CA
                                          MONTH:    NOVEMBER
                                          YEAR:     2017
                                          LATITUDE:   34 37 N
                                          LONGITUDE: 118  5 W

[TEMPERATURE DATA]      [PRECIPITATION DATA]       SYMBOLS USED IN COLUMN 16

AVERAGE MONTHLY: 58.3   TOTAL FOR MONTH:      T    1 = FOG OR MIST
DPTR FM NORMAL:   5.3   DPTR FM NORMAL:   -0.57    2 = FOG REDUCING VISIBILITY
HIGHEST:    83 ON 15    GRTST 24HR    T  ON 16-16      TO 1/4 MILE OR LESS
LOWEST:     29 ON 19                               3 = THUNDER
                        SNOW, ICE PELLETS, HAIL    4 = ICE PELLETS
                        TOTAL MONTH:   0.0 INCH    5 = HAIL
                        GRTST 24HR     0.0         6 = FREEZING RAIN OR DRIZZLE
                        GRTST DEPTH:   0           7 = DUSTSTORM OR SANDSTORM:
                                                       VSBY 1/2 MILE OR LESS
                                                   8 = SMOKE OR HAZE
[NO. OF DAYS WITH]      [WEATHER - DAYS WITH]      9 = BLOWING SNOW
                                                   X = TORNADO
MAX 32 OR BELOW:   0    0.01 INCH OR MORE:   0
MAX 90 OR ABOVE:   0    0.10 INCH OR MORE:   0
MIN 32 OR BELOW:   1    0.50 INCH OR MORE:   0
MIN  0 OR BELOW:   0    1.00 INCH OR MORE:   0

[HDD (BASE 65) ]
TOTAL THIS MO.   151    CLEAR  (SCALE 0-3)  19
DPTR FM NORMAL  -126    PTCLDY (SCALE 4-7)   4
TOTAL FM JUL 1   224    CLOUDY (SCALE 8-10)  0
DPTR FM NORMAL  -180

[CDD (BASE 65) ]
TOTAL THIS MO.     1
DPTR FM NORMAL     1    [PRESSURE DATA]
TOTAL FM JAN 1  2267    HIGHEST SLP M ON M
DPTR FM NORMAL   453    LOWEST  SLP 29.86 ON  1

[REMARKS]
