000
CXUS54 KMOB 010659 CCA
CF6PNS

PRELIMINARY LOCAL CLIMATOLOGICAL DATA (WS FORM: F-6)

                                          STATION:   PENSACOLA
                                          MONTH:     APRIL
                                          YEAR:      2016
                                          LATITUDE:   30 28 N
                                          LONGITUDE:  87 12 W

  TEMPERATURE IN F:       :PCPN:    SNOW:  WIND      :SUNSHINE: SKY     :PK WND
================================================================================
1   2   3   4   5  6A  6B    7    8   9   10  11  12  13   14  15   16   17  18
                                     12Z  AVG MX 2MIN
DY MAX MIN AVG DEP HDD CDD  WTR  SNW DPTH SPD SPD DIR MIN PSBL S-S WX    SPD DR
================================================================================

 1  75  60  68   5   0   3 2.86  0.0    0 10.2 28 280   M    M  10 13     33 220
 2  73  51  62  -2   3   0 0.00  0.0    0 12.5 23 340   M    M   2        30 320
 3  77  47  62  -2   3   0 0.00  0.0    0  7.7 17 200   M    M   0        21 210
 4  79  53  66   2   0   1 0.00  0.0    0  8.1 21 270   M    M   0        26 230
 5  84  57  71   7   0   6 0.00  0.0    0  6.6 14 360   M    M   0        18 340
 6  73  55  64   0   1   0 0.00  0.0    0 11.9 22 150   M    M   4        29 140
 7  81  63  72   7   0   7    T  0.0    0  9.9 24 210   M    M   1        31 280
 8  77  60  69   4   0   4 0.00  0.0    0 11.1 23 320   M    M   0        33 320
 9  76  48  62  -3   3   0 0.00  0.0    0  5.8 17 170   M    M   0        22 180
10  73  57  65   0   0   0 0.00  0.0    0 11.3 21 130   M    M   0        25 130
11  77  57  67   1   0   2    T  0.0    0 11.5 28 330   M    M   3 1      36 330
12  72  64  68   2   0   3 0.42  0.0    0  4.4 22 340   M    M   9 13     29 330
13  69  64  67   1   0   2 0.72  0.0    0  4.6 10  90   M    M   9 13     13  90
14  69  63  66   0   0   1 1.14  0.0    0  8.2 17 120   M    M  10 1      22 130
15  68  59  64  -2   1   0 0.00  0.0    0  8.4 13  60   M    M  10 1      20  90
16  76  62  69   2   0   4 0.00  0.0    0  7.7 14  40   M    M   9        26  20
17  77  62  70   3   0   5 0.00  0.0    0  9.7 20 130   M    M   2        28  80
18  74  60  67   0   0   2 0.00  0.0    0  8.4 18 150   M    M   0        23 140
19  79  57  68   1   0   3 0.00  0.0    0  6.4 17 170   M    M   0        22 160
20  77  62  70   2   0   5 0.00  0.0    0  5.9 17 140   M    M   0 1      21 150
21  79  67  73   5   0   8 0.00  0.0    0 11.6 20 150   M    M   4 1      24 150
22  78  66  72   4   0   7 0.80  0.0    0  7.4 21 210   M    M   7 13     26 210
23  84  64  74   6   0   9 0.00  0.0    0  7.9 16 310   M    M   1        20 340
24  82  58  70   1   0   5 0.00  0.0    0  6.6 14 140   M    M   0        18 150
25  81  68  75   6   0  10 0.00  0.0    0  7.5 16 150   M    M   2        21 150
26  81  69  75   6   0  10 0.00  0.0    0  8.1 17 150   M    M   3        22 120
27  82  70  76   6   0  11    T  0.0    0 10.2 18 140   M    M   6        24 190
28  82  68  75   5   0  10 0.03  0.0    0  5.8 35 220   M    M   5 13     45 220
29  85  66  76   6   0  11 0.00  0.0    0  8.0 17 150   M    M   1        21 150
30  80  73  77   7   0  12 0.03  0.0    0 10.3 18 140   M    M   8 3      24 130
================================================================================
SM 2320 1830        11 141  6.00     0.0 253.7          M      106
================================================================================
AV 77.3 61.0                               8.5 FASTST   M    M   4    MAX(MPH)
                                 MISC ---->  # 35 220               # 45  220
================================================================================
NOTES:
# LAST OF SEVERAL OCCURRENCES

COLUMN 17 PEAK WIND IN M.P.H.

PRELIMINARY LOCAL CLIMATOLOGICAL DATA (WS FORM: F-6) , PAGE 2

                                          STATION:  PENSACOLA
                                          MONTH:    APRIL
                                          YEAR:     2016
                                          LATITUDE:   30 28 N
                                          LONGITUDE:  87 12 W

[TEMPERATURE DATA]      [PRECIPITATION DATA]       SYMBOLS USED IN COLUMN 16

AVERAGE MONTHLY: 69.2   TOTAL FOR MONTH:   6.00    1 = FOG OR MIST
DPTR FM NORMAL:   2.6   DPTR FM NORMAL:    1.68    2 = FOG REDUCING VISIBILITY
HIGHEST:    85 ON 29    GRTST 24HR  2.86 ON  1- 1      TO 1/4 MILE OR LESS
LOWEST:     47 ON  3                               3 = THUNDER
                        SNOW, ICE PELLETS, HAIL    4 = ICE PELLETS
                        TOTAL MONTH:   0.0 INCH    5 = HAIL
                        GRTST 24HR     0.0         6 = FREEZING RAIN OR DRIZZLE
                        GRTST DEPTH:   0           7 = DUSTSTORM OR SANDSTORM:
                                                       VSBY 1/2 MILE OR LESS
                                                   8 = SMOKE OR HAZE
[NO. OF DAYS WITH]      [WEATHER - DAYS WITH]      9 = BLOWING SNOW
                                                   X = TORNADO
MAX 32 OR BELOW:   0    0.01 INCH OR MORE:   7
MAX 90 OR ABOVE:   0    0.10 INCH OR MORE:   5
MIN 32 OR BELOW:   0    0.50 INCH OR MORE:   4
MIN  0 OR BELOW:   0    1.00 INCH OR MORE:   2

[HDD (BASE 65) ]
TOTAL THIS MO.    11    CLEAR  (SCALE 0-3)  17
DPTR FM NORMAL   -40    PTCLDY (SCALE 4-7)   7
TOTAL FM JUL 1   965    CLOUDY (SCALE 8-10)  6
DPTR FM NORMAL  -570

[CDD (BASE 65) ]
TOTAL THIS MO.   141
DPTR FM NORMAL    40    [PRESSURE DATA]
TOTAL FM JAN 1   245    HIGHEST SLP 30.30 ON 18
DPTR FM NORMAL    97    LOWEST  SLP 29.73 ON  1

[REMARKS]
#FINAL-04-16#
