000
CXUS56 KFGZ 180900
CF6PRC
PRELIMINARY LOCAL CLIMATOLOGICAL DATA (WS FORM: F-6)

                                          STATION:   PRESCOTT AZ AIRPORT
                                          MONTH:     DECEMBER
                                          YEAR:      2017
                                          LATITUDE:   34 39 N
                                          LONGITUDE: 112 26 W

  TEMPERATURE IN F:       :PCPN:    SNOW:  WIND      :SUNSHINE: SKY     :PK WND
================================================================================
1   2   3   4   5  6A  6B    7    8   9   10  11  12  13   14  15   16   17  18
                                     12Z  AVG MX 2MIN
DY MAX MIN AVG DEP HDD CDD  WTR  SNW DPTH SPD SPD DIR MIN PSBL S-S WX    SPD DR
================================================================================

 1  68  42  55  14  10   0 0.00    M    M  4.0 10 150   M    M   5        13 140
 2  67  35  51  11  14   0 0.00    M    M  4.4 17 230   M    M   1        20 230
 3  66  39  53  13  12   0 0.00    M    M 10.0 26 230   M    M   0        32 250
 4  55  30  43   3  22   0 0.00    M    M  7.3 15 180   M    M   0        21 210
 5  55  23  39  -1  26   0 0.00    M    M  5.0 18 130   M    M   1        26 130
 6  58  25  42   3  23   0 0.00    M    M  5.0 15 340   M    M   0        20  10
 7  51  26  39   0  26   0 0.00    M    M  8.7 17 360   M    M   0        24  40
 8  61  25  43   4  22   0 0.00    M    M  5.4 13 320   M    M   0        16 210
 9  62  23  43   4  22   0 0.00    M    M  4.6 13 200   M    M   0        13 190
10  62  24  43   5  22   0 0.00    M    M  3.0 10 200   M    M   0        14 180
11  57  25  41   3  24   0 0.00    M    M  4.8 12 190   M    M   0        13 200
12  66  25  46   8  19   0 0.00    M    M  4.8 14 150   M    M   0        16 150
13  65  25  45   7  20   0 0.00    M    M  4.6 12 190   M    M   0        14 200
14  58  27  43   5  22   0 0.00    M    M  9.4 25  10   M    M   0 8      31 360
15  62  21  42   4  23   0 0.00    M    M  4.8 12 170   M    M   0        13 180
16  54  28  41   3  24   0 0.00    M    M  5.4 17 130   M    M   0        23 130
17  53  26  40   2  25   0 0.00    M    M  3.9 12 160   M    M   4        17 120
================================================================================
SM 1020  469       356   0  0.00    M     95.1          M       11
================================================================================
AV 60.0 27.6                               5.6 FASTST   M    M   1    MAX(MPH)
                                 MISC ---->  # 26 230               # 32  250
================================================================================
NOTES:
# LAST OF SEVERAL OCCURRENCES

COLUMN 17 PEAK WIND IN M.P.H.

PRELIMINARY LOCAL CLIMATOLOGICAL DATA (WS FORM: F-6) , PAGE 2

                                          STATION:  PRESCOTT AZ AIRPORT
                                          MONTH:    DECEMBER
                                          YEAR:     2017
                                          LATITUDE:   34 39 N
                                          LONGITUDE: 112 26 W

[TEMPERATURE DATA]      [PRECIPITATION DATA]       SYMBOLS USED IN COLUMN 16

AVERAGE MONTHLY: 43.8   TOTAL FOR MONTH:   0.00    1 = FOG OR MIST
DPTR FM NORMAL:   4.9   DPTR FM NORMAL:   -0.51    2 = FOG REDUCING VISIBILITY
HIGHEST:    68 ON  1    GRTST 24HR  0.00 ON 17-17      TO 1/4 MILE OR LESS
LOWEST:     21 ON 15                               3 = THUNDER
                        SNOW, ICE PELLETS, HAIL    4 = ICE PELLETS
                        TOTAL MONTH:    M          5 = HAIL
                        GRTST 24HR    M  ON   M    6 = FREEZING RAIN OR DRIZZLE
                        GRTST DEPTH:  M  ON   M    7 = DUSTSTORM OR SANDSTORM:
                                                       VSBY 1/2 MILE OR LESS
                                                   8 = SMOKE OR HAZE
[NO. OF DAYS WITH]      [WEATHER - DAYS WITH]      9 = BLOWING SNOW
                                                   X = TORNADO
MAX 32 OR BELOW:   0    0.01 INCH OR MORE:   0
MAX 90 OR ABOVE:   0    0.10 INCH OR MORE:   0
MIN 32 OR BELOW:  14    0.50 INCH OR MORE:   0
MIN  0 OR BELOW:   0    1.00 INCH OR MORE:   0

[HDD (BASE 65) ]
TOTAL THIS MO.   356    CLEAR  (SCALE 0-3)  15
DPTR FM NORMAL   -87    PTCLDY (SCALE 4-7)   2
TOTAL FM JUL 1   901    CLOUDY (SCALE 8-10)  0
DPTR FM NORMAL  -416

[CDD (BASE 65) ]
TOTAL THIS MO.     0
DPTR FM NORMAL     0    [PRESSURE DATA]
TOTAL FM JAN 1  1145    HIGHEST SLP M ON M
DPTR FM NORMAL   204    LOWEST  SLP 29.71 ON 16

[REMARKS]
