000
CXUS56 KPDT 231832
CF6PSC
PRELIMINARY LOCAL CLIMATOLOGICAL DATA (WS FORM: F-6)

                                          STATION:   PASCO WA
                                          MONTH:     JANUARY
                                          YEAR:      2017
                                          LATITUDE:   46 16 N
                                          LONGITUDE: 119  7 W

  TEMPERATURE IN F:       :PCPN:    SNOW:  WIND      :SUNSHINE: SKY     :PK WND
================================================================================
1   2   3   4   5  6A  6B    7    8   9   10  11  12  13   14  15   16   17  18
                                     12Z  AVG MX 2MIN
DY MAX MIN AVG DEP HDD CDD  WTR  SNW DPTH SPD SPD DIR MIN PSBL S-S WX    SPD DR
================================================================================

 1  30  21  26  -7  39   0 0.14  5.0    5  5.4 15 350   M    M   8 12     17 350
 2  29  23  26  -7  39   0 0.03  1.0    6 12.5 17 360   M    M  10 1      21  10
 3  24  15  20 -13  45   0 0.00  0.0    5 13.1 18 350   M    M  10        22 360
 4  29  -3  13 -20  52   0 0.00  0.0    5  9.0 21 330   M    M   0 1      25 340
 5  19  -8   6 -27  59   0    T    T    4  3.4  9  20   M    M   2 1      12  20
 6  17  -4   7 -26  58   0    T    T    3  3.4 10 300   M    M   1 12     12 300
 7  20  -5   8 -26  57   0 0.13  1.8    6  3.8 12 300   M    M   7 12     14 290
 8  27  16  22 -12  43   0 0.22  3.2    8 10.0 20 300   M    M  10 12     23 310
 9  31  12  22 -12  43   0 0.01  0.1    8  5.5 17 200   M    M   6 12     20 200
10  27  22  25  -9  40   0 0.10  3.0   11 11.7 22 330   M    M  10 18     29 340
11  24  15  20 -14  45   0    T    T   10  8.6 22 340   M    M  10        27 330
12  15  -5   5 -29  60   0    T    T    9  2.2  7  10   M    M   4 12      7  10
13   8  -7   1 -33  64   0    T    T    9  2.4  8  10   M    M   8 128     8 360
14  13   6  10 -25  55   0    T  0.3    9  2.3  8  90   M    M   9 18      9  90
15  15  10  13 -22  52   0    T  0.3    9  3.8  8 130   M    M  10 18      9 130
16  18   2  10 -25  55   0    T  0.1    8  2.5  8 340   M    M   9 18      8 340
17  23   6  15 -20  50   0 0.15  0.1    8  3.3 10 300   M    M   9 168    12 120
18  32  23  28  -7  37   0 0.09    M    M  6.3 13 300   M    M   6 146    14 300
19  41  19  30  -5  35   0 0.00  0.0    M  2.7  9 130   M    M   1 18     11 350
20  37  20  29  -7  36   0 0.00  0.0    6  2.3  7 310   M    M  10 12      7 310
21  39  23  31  -5  34   0    T  0.0    M  1.7  8 360   M    M   7 128     8 360
22  36  22  29  -7  36   0 0.02  0.0    M  4.5 16 290   M    M   8 1268   20 290
================================================================================
SM  554  223      1034   0  0.89    14.9 120.4          M      155
================================================================================
AV 25.2 10.1                               5.5 FASTST   M    M   7    MAX(MPH)
                                 MISC ---->  # 22 330               # 29  340
================================================================================
NOTES:
# LAST OF SEVERAL OCCURRENCES

COLUMN 17 PEAK WIND IN M.P.H.

PRELIMINARY LOCAL CLIMATOLOGICAL DATA (WS FORM: F-6) , PAGE 2

                                          STATION:  PASCO WA
                                          MONTH:    JANUARY
                                          YEAR:     2017
                                          LATITUDE:   46 16 N
                                          LONGITUDE: 119  7 W

[TEMPERATURE DATA]      [PRECIPITATION DATA]       SYMBOLS USED IN COLUMN 16

AVERAGE MONTHLY: 17.7   TOTAL FOR MONTH:   0.89    1 = FOG OR MIST
DPTR FM NORMAL: -16.6   DPTR FM NORMAL:   -0.07    2 = FOG REDUCING VISIBILITY
HIGHEST:    41 ON 19    GRTST 24HR  0.27 ON  7- 8      TO 1/4 MILE OR LESS
LOWEST:     -8 ON  5                               3 = THUNDER
                        SNOW, ICE PELLETS, HAIL    4 = ICE PELLETS
                        TOTAL MONTH:  14.9 INCHES  5 = HAIL
                        GRTST 24HR   5.0 ON  1- 1  6 = FREEZING RAIN OR DRIZZLE
                        GRTST DEPTH:  11 ON 10     7 = DUSTSTORM OR SANDSTORM:
                                                       VSBY 1/2 MILE OR LESS
                                                   8 = SMOKE OR HAZE
[NO. OF DAYS WITH]      [WEATHER - DAYS WITH]      9 = BLOWING SNOW
                                                   X = TORNADO
MAX 32 OR BELOW:  18    0.01 INCH OR MORE:   9
MAX 90 OR ABOVE:   0    0.10 INCH OR MORE:   5
MIN 32 OR BELOW:  22    0.50 INCH OR MORE:   0
MIN  0 OR BELOW:   6    1.00 INCH OR MORE:   0

[HDD (BASE 65) ]
TOTAL THIS MO.  1034    CLEAR  (SCALE 0-3)   4
DPTR FM NORMAL   357    PTCLDY (SCALE 4-7)   7
TOTAL FM JUL 1  3121    CLOUDY (SCALE 8-10) 11
DPTR FM NORMAL   228

[CDD (BASE 65) ]
TOTAL THIS MO.     0
DPTR FM NORMAL     0    [PRESSURE DATA]
TOTAL FM JAN 1     0    HIGHEST SLP 29.70 ON M
DPTR FM NORMAL     0    LOWEST  SLP 29.23 ON 20

[REMARKS]
