000
CXUS56 KPDT 301832
CF6PSC
PRELIMINARY LOCAL CLIMATOLOGICAL DATA (WS FORM: F-6)

                                          STATION:   PASCO WA
                                          MONTH:     JULY
                                          YEAR:      2016
                                          LATITUDE:   46 16 N
                                          LONGITUDE: 119  7 W

  TEMPERATURE IN F:       :PCPN:    SNOW:  WIND      :SUNSHINE: SKY     :PK WND
================================================================================
1   2   3   4   5  6A  6B    7    8   9   10  11  12  13   14  15   16   17  18
                                     12Z  AVG MX 2MIN
DY MAX MIN AVG DEP HDD CDD  WTR  SNW DPTH SPD SPD DIR MIN PSBL S-S WX    SPD DR
================================================================================

 1  93  58  76   5   0  11 0.00  0.0    0  6.7 14 210   M    M   0        20 180
 2  93  63  78   7   0  13 0.00  0.0    0  5.3 14 220   M    M   0        22 110
 3  90  58  74   3   0   9 0.00  0.0    0  8.8 25 320   M    M   0        33 320
 4  85  52  69  -2   0   4 0.00  0.0    0  8.1 22 270   M    M   0        28 310
 5  83  54  69  -3   0   4 0.00  0.0    0  7.6 23 320   M    M   3        29 320
 6  83  57  70  -2   0   5 0.00  0.0    0  5.3 12  80   M    M   2        18  40
 7  85  55  70  -2   0   5 0.02  0.0    0  8.8 36 280   M    M   3 7      46 280
 8  82  62  72   0   0   7 0.23  0.0    0  9.0 20 200   M    M   6 7      23 200
 9  82  61  72   0   0   7 0.04  0.0    0 11.5 23 210   M    M   3        33 210
10  77  61  69  -4   0   4    T  0.0    0 10.4 18 230   M    M   4        23 240
11  83  54  69  -4   0   4 0.00  0.0    0  8.4 18 210   M    M   1        21 200
12  85  59  72  -1   0   7 0.01  0.0    0  6.1 18 210   M    M   2        21 290
13  86  58  72  -1   0   7 0.00  0.0    0  4.3 14 330   M    M   0        16 320
14  93  52  73  -1   0   8 0.00  0.0    0  5.4 23 320   M    M   0        30 320
15  86  59  73  -1   0   8 0.00  0.0    0  7.3 17 320   M    M   0        23 270
16  87  59  73  -1   0   8 0.00  0.0    0  5.7 14 160   M    M   0        22 160
17  88  55  72  -2   0   7 0.00  0.0    0  7.6 20 340   M    M   1        26 340
18  79  59  69  -5   0   4 0.03  0.0    0  3.4 17 280   M    M   3        21 290
19  83  56  70  -4   0   5 0.00  0.0    0  3.9 12 160   M    M   2        14 160
20  90  52  71  -3   0   6 0.00  0.0    0  3.7 10  40   M    M   0        15  40
21  99  53  76   1   0  11 0.00  0.0    0  6.1 20 320   M    M   0 8      26 320
22  88  62  75   0   0  10    T  0.0    0 12.5 22 320   M    M   3        36 340
23  87  56  72  -3   0   7 0.00  0.0    0  4.6 10 320   M    M   0        14  30
24  92  51  72  -3   0   7 0.00  0.0    0  2.8 10 330   M    M   0        12 320
25 100  53  77   2   0  12 0.00  0.0    0  3.8 13 320   M    M   0        14 320
26 100  67  84   9   0  19 0.00  0.0    0  5.3 16 310   M    M   0 8      21 310
27  98  64  81   6   0  16 0.00  0.0    0  4.8 12 340   M    M   0        17 340
28 102  60  81   6   0  16 0.00  0.0    0  4.2 12 340   M    M   0        15  10
29 105  60  83   8   0  18 0.00  0.0    0  4.7 20 320   M    M   0        27 320
================================================================================
SM 2584 1670         0 249  0.33     0.0 186.1          M       33
================================================================================
AV 89.1 57.6                               6.4 FASTST   M    M   1    MAX(MPH)
                                 MISC ---->  # 36 280               # 46  280
================================================================================
NOTES:
# LAST OF SEVERAL OCCURRENCES

COLUMN 17 PEAK WIND IN M.P.H.

PRELIMINARY LOCAL CLIMATOLOGICAL DATA (WS FORM: F-6) , PAGE 2

                                          STATION:  PASCO WA
                                          MONTH:    JULY
                                          YEAR:     2016
                                          LATITUDE:   46 16 N
                                          LONGITUDE: 119  7 W

[TEMPERATURE DATA]      [PRECIPITATION DATA]       SYMBOLS USED IN COLUMN 16

AVERAGE MONTHLY: 73.3   TOTAL FOR MONTH:   0.33    1 = FOG OR MIST
DPTR FM NORMAL:  -0.1   DPTR FM NORMAL:    0.06    2 = FOG REDUCING VISIBILITY
HIGHEST:   105 ON 29    GRTST 24HR  0.25 ON  8- 9      TO 1/4 MILE OR LESS
LOWEST:     51 ON 24                               3 = THUNDER
                        SNOW, ICE PELLETS, HAIL    4 = ICE PELLETS
                        TOTAL MONTH:   0.0 INCH    5 = HAIL
                        GRTST 24HR     0.0         6 = FREEZING RAIN OR DRIZZLE
                        GRTST DEPTH:   0           7 = DUSTSTORM OR SANDSTORM:
                                                       VSBY 1/2 MILE OR LESS
                                                   8 = SMOKE OR HAZE
[NO. OF DAYS WITH]      [WEATHER - DAYS WITH]      9 = BLOWING SNOW
                                                   X = TORNADO
MAX 32 OR BELOW:   0    0.01 INCH OR MORE:   5
MAX 90 OR ABOVE:  12    0.10 INCH OR MORE:   1
MIN 32 OR BELOW:   0    0.50 INCH OR MORE:   0
MIN  0 OR BELOW:   0    1.00 INCH OR MORE:   0

[HDD (BASE 65) ]
TOTAL THIS MO.     0    CLEAR  (SCALE 0-3)  27
DPTR FM NORMAL    -1    PTCLDY (SCALE 4-7)   2
TOTAL FM JUL 1     0    CLOUDY (SCALE 8-10)  0
DPTR FM NORMAL    -1

[CDD (BASE 65) ]
TOTAL THIS MO.   249
DPTR FM NORMAL     2    [PRESSURE DATA]
TOTAL FM JAN 1   458    HIGHEST SLP M ON M
DPTR FM NORMAL    69    LOWEST  SLP 29.70 ON 29

[REMARKS]
