000
CXUS54 KFWD 220730
CF6PSN
PRELIMINARY LOCAL CLIMATOLOGICAL DATA (WS FORM: F-6)

                                          STATION:   PALESTINE
                                          MONTH:     MARCH
                                          YEAR:      2017
                                          LATITUDE:   31 46 N
                                          LONGITUDE:  95 42 W

  TEMPERATURE IN F:       :PCPN:    SNOW:  WIND      :SUNSHINE: SKY     :PK WND
================================================================================
1   2   3   4   5  6A  6B    7    8   9   10  11  12  13   14  15   16   17  18
                                     12Z  AVG MX 2MIN
DY MAX MIN AVG DEP HDD CDD  WTR  SNW DPTH SPD SPD DIR MIN PSBL S-S WX    SPD DR
================================================================================

 1  71  49  60   7   5   0 0.00  0.0    0 10.1 17 360   M    M   2 1      31 340
 2  66  44  55   2  10   0 0.00  0.0    0  5.7 12  50   M    M   0        20  80
 3  70  39  55   2  10   0 0.00  0.0    0  3.6 10 130   M    M   0        18 130
 4  58  50  54   0  11   0 0.32  0.0    0  5.5 12 120   M    M   9        20 120
 5  65  52  59   5   6   0 0.03  0.0    0  7.8 10 150   M    M  10 1      16 130
 6  81  65  73  19   0   8 0.00  0.0    0 11.5 18 180   M    M   9        29 160
 7  72  49  61   7   4   0 0.08  0.0    0  7.8 17 360   M    M   7        27 360
 8  73  49  61   7   4   0 0.00  0.0    0  5.6 14 120   M    M   6        18 120
 9  76  64  70  15   0   5 0.00  0.0    0  6.4 12 190   M    M   8 1      17 180
10  82  63  73  18   0   8 0.94  0.0    0  4.3 21  90   M    M   7 1      25  90
11  73  47  60   5   5   0 0.50  0.0    0  7.0 15  30   M    M   7        27  30
12  51  41  46 -10  19   0 0.00  0.0    0  7.4 15  30   M    M   8 1      21  40
13  62  41  52  -4  13   0 0.01  0.0    0  5.5 13 350   M    M   6        17 340
14  64  34  49  -7  16   0 0.00  0.0    0  1.0  5  90   M    M   0         M  M
15  65  46  56   0   9   0 0.00  0.0    0  6.7 12  70   M    M   3         M  M
16  72  51  62   6   3   0 0.00  0.0    0  8.1 12 140   M    M   8        20 140
17  79  65  72  15   0   7    T  0.0    0  9.5 15 190   M    M   8        22 160
18  81  62  72  15   0   7 0.00  0.0    0  3.8  8 190   M    M   5         M  M
19  82  63  73  16   0   8 0.00  0.0    0  6.0 17 190   M    M   3 1      23 190
20  84  66  75  17   0  10 0.00  0.0    0  8.7 16 190   M    M   3        22 200
21  83  60  72  14   0   7 0.00  0.0    0  7.6 13 200   M    M   2        22 180
================================================================================
SM 1510 1100       115  60  1.88     0.0 139.6          M      111
================================================================================
AV 71.9 52.4                               6.6 FASTST   M    M   5    MAX(MPH)
                                 MISC ---->    21   M                 31    M
================================================================================
NOTES:
# LAST OF SEVERAL OCCURRENCES

COLUMN 17 PEAK WIND IN M.P.H.

PRELIMINARY LOCAL CLIMATOLOGICAL DATA (WS FORM: F-6) , PAGE 2

                                          STATION:  PALESTINE
                                          MONTH:    MARCH
                                          YEAR:     2017
                                          LATITUDE:   31 46 N
                                          LONGITUDE:  95 42 W

[TEMPERATURE DATA]      [PRECIPITATION DATA]       SYMBOLS USED IN COLUMN 16

AVERAGE MONTHLY: 62.1   TOTAL FOR MONTH:   1.88    1 = FOG OR MIST
DPTR FM NORMAL:   6.9   DPTR FM NORMAL:   -0.83    2 = FOG REDUCING VISIBILITY
HIGHEST:    84 ON 20    GRTST 24HR  0.94 ON 10-10      TO 1/4 MILE OR LESS
LOWEST:     34 ON 14                               3 = THUNDER
                        SNOW, ICE PELLETS, HAIL    4 = ICE PELLETS
                        TOTAL MONTH:   0.0 INCH    5 = HAIL
                        GRTST 24HR     0.0         6 = FREEZING RAIN OR DRIZZLE
                        GRTST DEPTH:   0           7 = DUSTSTORM OR SANDSTORM:
                                                       VSBY 1/2 MILE OR LESS
                                                   8 = SMOKE OR HAZE
[NO. OF DAYS WITH]      [WEATHER - DAYS WITH]      9 = BLOWING SNOW
                                                   X = TORNADO
MAX 32 OR BELOW:   0    0.01 INCH OR MORE:   6
MAX 90 OR ABOVE:   0    0.10 INCH OR MORE:   3
MIN 32 OR BELOW:   0    0.50 INCH OR MORE:   2
MIN  0 OR BELOW:   0    1.00 INCH OR MORE:   0

[HDD (BASE 65) ]
TOTAL THIS MO.   115    CLEAR  (SCALE 0-3)   8
DPTR FM NORMAL  -100    PTCLDY (SCALE 4-7)  10
TOTAL FM JUL 1  1146    CLOUDY (SCALE 8-10)  3
DPTR FM NORMAL -1038

[CDD (BASE 65) ]
TOTAL THIS MO.    60
DPTR FM NORMAL    50    [PRESSURE DATA]
TOTAL FM JAN 1   144    HIGHEST SLP M ON M
DPTR FM NORMAL   125    LOWEST  SLP M ON M

[REMARKS]
