000
CXUS55 KPUB 211059
CF6PUB
PRELIMINARY LOCAL CLIMATOLOGICAL DATA (WS FORM: F-6)

                                          STATION:   PUEBLO CO
                                          MONTH:     SEPTEMBER
                                          YEAR:      2017
                                          LATITUDE:   38 16 N
                                          LONGITUDE: 104 31 W

  TEMPERATURE IN F:       :PCPN:    SNOW:  WIND      :SUNSHINE: SKY     :PK WND
================================================================================
1   2   3   4   5  6A  6B    7    8   9   10  11  12  13   14  15   16   17  18
                                     12Z  AVG MX 2MIN
DY MAX MIN AVG DEP HDD CDD  WTR  SNW DPTH SPD SPD DIR MIN PSBL S-S WX    SPD DR
================================================================================

 1  91  56  74   4   0   9    T  0.0    0  7.8 21  20   M    M   1        32  40
 2  95  53  74   4   0   9 0.00  0.0    0  5.6 20  20   M    M   0        25  20
 3  98  55  77   7   0  12 0.00  0.0    0  4.9 14 150   M    M   0        18 160
 4  93  60  77   8   0  12 0.00  0.0    0  8.1 22 360   M    M   2 8      28 360
 5  76  57  67  -2   0   2 0.00  0.0    0  8.7 16  80   M    M   5        20  80
 6  81  49  65  -4   0   0 0.00  0.0    0  6.4 14 140   M    M   0        18 110
 7  87  50  69   1   0   4    T  0.0    0  6.4 23 200   M    M   1        30 200
 8  90  51  71   3   0   6 0.00  0.0    0  5.1 18 320   M    M   0        23 320
 9  94  53  74   6   0   9 0.00  0.0    0  7.8 18 300   M    M   0        22 310
10  95  58  77  10   0  12    T  0.0    0  7.2 26 290   M    M   1 3      34 280
11  93  65  79  12   0  14    T  0.0    0  8.2 25 310   M    M   2 3      32 320
12  90  60  75   9   0  10 0.00  0.0    0  7.3 17 290   M    M   0        21 290
13  95  61  78  12   0  13    T  0.0    0  7.5 26  10   M    M   0 3      36 360
14  93  52  73   7   0   8 0.00  0.0    0  9.7 28 290   M    M   0        34 300
15  88  62  75  10   0  10 0.00  0.0    0  8.2 25 290   M    M   0        31 290
16  78  49  64  -1   1   0 0.00  0.0    0  7.1 23  10   M    M   1        29  10
17  75  55  65   1   0   0 0.00  0.0    0  8.4 30 310   M    M   6        38 310
18  87  53  70   6   0   5 0.00  0.0    0  5.5 20 290   M    M   0        23 280
19  89  44  67   4   0   2 0.00  0.0    0  8.9 28  10   M    M   0        36  20
20  79  40  60  -3   5   0 0.00  0.0    0  7.9 24 110   M    M   0        29 100
================================================================================
SM 1767 1083         6 137    T      0.0 146.7          M       19
================================================================================
AV 88.4 54.2                               7.3 FASTST   M    M   1    MAX(MPH)
                                 MISC ---->  # 30 310               # 38  310
================================================================================
NOTES:
# LAST OF SEVERAL OCCURRENCES

COLUMN 17 PEAK WIND IN M.P.H.

PRELIMINARY LOCAL CLIMATOLOGICAL DATA (WS FORM: F-6) , PAGE 2

                                          STATION:  PUEBLO CO
                                          MONTH:    SEPTEMBER
                                          YEAR:     2017
                                          LATITUDE:   38 16 N
                                          LONGITUDE: 104 31 W

[TEMPERATURE DATA]      [PRECIPITATION DATA]       SYMBOLS USED IN COLUMN 16

AVERAGE MONTHLY: 71.3   TOTAL FOR MONTH:      T    1 = FOG OR MIST
DPTR FM NORMAL:   4.4   DPTR FM NORMAL:   -0.56    2 = FOG REDUCING VISIBILITY
HIGHEST:    98 ON  3    GRTST 24HR  0.08 ON 31- 1      TO 1/4 MILE OR LESS
LOWEST:     40 ON 20                               3 = THUNDER
                        SNOW, ICE PELLETS, HAIL    4 = ICE PELLETS
                        TOTAL MONTH:   0.0 INCH    5 = HAIL
                        GRTST 24HR     0.0         6 = FREEZING RAIN OR DRIZZLE
                        GRTST DEPTH:   0           7 = DUSTSTORM OR SANDSTORM:
                                                       VSBY 1/2 MILE OR LESS
                                                   8 = SMOKE OR HAZE
[NO. OF DAYS WITH]      [WEATHER - DAYS WITH]      9 = BLOWING SNOW
                                                   X = TORNADO
MAX 32 OR BELOW:   0    0.01 INCH OR MORE:   0
MAX 90 OR ABOVE:  11    0.10 INCH OR MORE:   0
MIN 32 OR BELOW:   0    0.50 INCH OR MORE:   0
MIN  0 OR BELOW:   0    1.00 INCH OR MORE:   0

[HDD (BASE 65) ]
TOTAL THIS MO.     6    CLEAR  (SCALE 0-3)  18
DPTR FM NORMAL   -32    PTCLDY (SCALE 4-7)   2
TOTAL FM JUL 1     6    CLOUDY (SCALE 8-10)  0
DPTR FM NORMAL   -37

[CDD (BASE 65) ]
TOTAL THIS MO.   137
DPTR FM NORMAL    64    [PRESSURE DATA]
TOTAL FM JAN 1  1018    HIGHEST SLP M ON M
DPTR FM NORMAL   134    LOWEST  SLP 29.65 ON 19

[REMARKS]
