839
CXUS55 KPUB 281115
CF6PUB
PRELIMINARY LOCAL CLIMATOLOGICAL DATA (WS FORM: F-6)

                                          STATION:   PUEBLO CO
                                          MONTH:     AUGUST
                                          YEAR:      2016
                                          LATITUDE:   38 16 N
                                          LONGITUDE: 104 31 W

  TEMPERATURE IN F:       :PCPN:    SNOW:  WIND      :SUNSHINE: SKY     :PK WND
================================================================================
1   2   3   4   5  6A  6B    7    8   9   10  11  12  13   14  15   16   17  18
                                     12Z  AVG MX 2MIN
DY MAX MIN AVG DEP HDD CDD  WTR  SNW DPTH SPD SPD DIR MIN PSBL S-S WX    SPD DR
================================================================================

 1 100  66  83   8   0  18 0.00  0.0    0  8.3 20  20   M    M   1        26  70
 2  98  62  80   5   0  15 0.08  0.0    0  9.4 28 100   M    M   0        44  80
 3  97  63  80   5   0  15 0.00  0.0    0  9.8 26 290   M    M   1        33 280
 4  89  70  80   5   0  15    T  0.0    0 15.5 37  20   M    M   3 3      45  20
 5  84  60  72  -3   0   7    T  0.0    0  8.3 21 140   M    M   4        24 120
 6  93  65  79   4   0  14 0.14  0.0    0  9.8 33 360   M    M   4 3      41  10
 7  89  62  76   1   0  11 0.00  0.0    0  7.5 18 100   M    M   0        23 100
 8  92  63  78   3   0  13 0.01  0.0    0  8.7 41  10   M    M   3 3      49 360
 9  99  56  78   4   0  13 0.00  0.0    0  7.0 20 110   M    M   0        23 110
10 101  63  82   8   0  17    T  0.0    0  9.4 26 190   M    M   2        32 190
11  97  66  82   8   0  17    T  0.0    0  9.6 26  30   M    M   1        35  20
12  89  63  76   2   0  11 0.17  0.0    0 11.5 31  70   M    M   4 3      41  70
13  90  58  74   0   0   9 0.02  0.0    0  8.9 32 140   M    M   1 3      41 140
14  92  61  77   3   0  12    T  0.0    0  9.1 20 250   M    M   0 3      25 130
15  98  52  75   1   0  10    T  0.0    0  6.2 36  40   M    M   0        55  50
16  92  60  76   2   0  11 0.40    T    0 10.7 30 360   M    M   2 35     36 360
17  92  59  76   2   0  11 0.00  0.0    0  6.7 22 290   M    M   0        29 220
18  95  56  76   3   0  11 0.04  0.0    0  7.7 31 270   M    M   3 3      37 280
19  86  56  71  -2   0   6 0.31  0.0    0 11.1 40  10   M    M   1 3      49  10
20  76  53  65  -8   0   0 0.00  0.0    0  5.8 17 130   M    M   2        21 120
21  89  56  73   0   0   8 0.00  0.0    0  5.6 16 130   M    M   0        21 100
22  94  56  75   2   0  10 0.00  0.0    0  7.2 24 310   M    M   0        30 310
23  94  65  80   8   0  15    T  0.0    0 13.1 38 260   M    M   2        45 260
24  79  56  68  -4   0   3    T  0.0    0  5.4 20 350   M    M   6        23 350
25  79  50  65  -7   0   0    T  0.0    0  5.1 26 340   M    M   1        30 340
26  83  55  69  -3   0   4 0.00  0.0    0  4.4 21  40   M    M   3        26  50
27  91  53  72   0   0   7 0.03  0.0    0  6.2 23 240   M    M   2 3      30 240
================================================================================
SM 2458 1605         0 283  1.20    T    228.0          M       46
================================================================================
AV 91.0 59.4                               8.4 FASTST   M    M   2    MAX(MPH)
                                 MISC ---->  # 41  10               # 55   50
================================================================================
NOTES:
# LAST OF SEVERAL OCCURRENCES

COLUMN 17 PEAK WIND IN M.P.H.

PRELIMINARY LOCAL CLIMATOLOGICAL DATA (WS FORM: F-6) , PAGE 2

                                          STATION:  PUEBLO CO
                                          MONTH:    AUGUST
                                          YEAR:     2016
                                          LATITUDE:   38 16 N
                                          LONGITUDE: 104 31 W

[TEMPERATURE DATA]      [PRECIPITATION DATA]       SYMBOLS USED IN COLUMN 16

AVERAGE MONTHLY: 75.2   TOTAL FOR MONTH:   1.20    1 = FOG OR MIST
DPTR FM NORMAL:   1.5   DPTR FM NORMAL:   -0.89    2 = FOG REDUCING VISIBILITY
HIGHEST:   101 ON 10    GRTST 24HR  0.40 ON 16-16      TO 1/4 MILE OR LESS
LOWEST:     50 ON 25                               3 = THUNDER
                        SNOW, ICE PELLETS, HAIL    4 = ICE PELLETS
                        TOTAL MONTH:    T          5 = HAIL
                        GRTST 24HR    T  ON 16-16  6 = FREEZING RAIN OR DRIZZLE
                        GRTST DEPTH:   0           7 = DUSTSTORM OR SANDSTORM:
                                                       VSBY 1/2 MILE OR LESS
                                                   8 = SMOKE OR HAZE
[NO. OF DAYS WITH]      [WEATHER - DAYS WITH]      9 = BLOWING SNOW
                                                   X = TORNADO
MAX 32 OR BELOW:   0    0.01 INCH OR MORE:   9
MAX 90 OR ABOVE:  17    0.10 INCH OR MORE:   4
MIN 32 OR BELOW:   0    0.50 INCH OR MORE:   0
MIN  0 OR BELOW:   0    1.00 INCH OR MORE:   0

[HDD (BASE 65) ]
TOTAL THIS MO.     0    CLEAR  (SCALE 0-3)  21
DPTR FM NORMAL     0    PTCLDY (SCALE 4-7)   6
TOTAL FM JUL 1     0    CLOUDY (SCALE 8-10)  0
DPTR FM NORMAL    -1

[CDD (BASE 65) ]
TOTAL THIS MO.   283
DPTR FM NORMAL    44    [PRESSURE DATA]
TOTAL FM JAN 1  1136    HIGHEST SLP M ON M
DPTR FM NORMAL   352    LOWEST  SLP 29.87 ON 20

[REMARKS]
