000
CXUS56 KOTX 190900
CF6PUW
PRELIMINARY LOCAL CLIMATOLOGICAL DATA (WS FORM: F-6)

                                          STATION:   PULLMAN-MOSCOW  AIRPORT
                                          MONTH:     JANUARY
                                          YEAR:      2017
                                          LATITUDE:   46 44 N
                                          LONGITUDE: 117  7 W

  TEMPERATURE IN F:       :PCPN:    SNOW:  WIND      :SUNSHINE: SKY     :PK WND
================================================================================
1   2   3   4   5  6A  6B    7    8   9   10  11  12  13   14  15   16   17  18
                                     12Z  AVG MX 2MIN
DY MAX MIN AVG DEP HDD CDD  WTR  SNW DPTH SPD SPD DIR MIN PSBL S-S WX    SPD DR
================================================================================

 1  28  21  25  -5  40   0 0.18    M    M 11.7 20  90   M    M  10 128    25  80
 2  23  11  17 -13  48   0 0.00    M    M  8.8 22  90   M    M   8        27 100
 3  20  -1  10 -20  55   0 0.00    M    M  2.3  7  80   M    M   7         9  90
 4  22  -5   9 -21  56   0 0.00    M    M  5.0 21  70   M    M   0        28  80
 5  14  -5   5 -25  60   0 0.00    M    M  4.4 12 120   M    M   3        13 130
 6  20   7  14 -17  51   0 0.00    M    M 13.4 21 120   M    M   2        25 120
 7  22  10  16 -15  49   0 0.18    M    M 13.8 28  90   M    M   4 126    32  90
 8  37  18  28  -3  37   0 0.31    M    M 11.8 25 100   M    M   8 126    32 100
 9  34  22  28  -3  37   0 0.13    M    M  6.0 20 240   M    M   7 12     25 240
10  31  20  26  -5  39   0 0.09    M    M  4.6 14 360   M    M   9 1      14 360
11  27  12  20 -11  45   0 0.01    M    M  9.0 21 280   M    M  10 1      27 270
12  13  -5   4 -27  61   0    T    M    0  0.4  5 320   M    M   6 128     6 330
13  13  -1   6 -25  59   0    T    M    M  2.3  9 170   M    M   8 128    10 170
14  19  -5   7 -25  58   0    T    M    M  2.0  9 320   M    M   5 128    11 300
15  11  -2   5 -27  60   0    T    M    M  1.7  7 340   M    M   7 12      9 330
16  24  -4  10 -22  55   0 0.00    M    M  6.3 17 110   M    M   2 128    23 120
17  34  21  28  -4  37   0 0.02    M    M 18.7 28 150   M    M   7 6      35 150
18  38  32  35   3  30   0 0.23    M    M 18.5 31 160   M    M   8 16     39 150
================================================================================
SM  430  146       877   0  1.15    M    140.7          M      111
================================================================================
AV 23.9  8.1                               7.8 FASTST   M    M   6    MAX(MPH)
                                 MISC ---->  # 31 160               # 39  150
================================================================================
NOTES:
# LAST OF SEVERAL OCCURRENCES

COLUMN 17 PEAK WIND IN M.P.H.

PRELIMINARY LOCAL CLIMATOLOGICAL DATA (WS FORM: F-6) , PAGE 2

                                          STATION:  PULLMAN-MOSCOW  AIRPORT
                                          MONTH:    JANUARY
                                          YEAR:     2017
                                          LATITUDE:   46 44 N
                                          LONGITUDE: 117  7 W

[TEMPERATURE DATA]      [PRECIPITATION DATA]       SYMBOLS USED IN COLUMN 16

AVERAGE MONTHLY: 16.0   TOTAL FOR MONTH:   1.15    1 = FOG OR MIST
DPTR FM NORMAL: -15.0   DPTR FM NORMAL:    0.24    2 = FOG REDUCING VISIBILITY
HIGHEST:    38 ON 18    GRTST 24HR  0.43 ON  8- 9      TO 1/4 MILE OR LESS
LOWEST:     -5 ON 14,12                            3 = THUNDER
                        SNOW, ICE PELLETS, HAIL    4 = ICE PELLETS
                        TOTAL MONTH:    M          5 = HAIL
                        GRTST 24HR    M  ON   M    6 = FREEZING RAIN OR DRIZZLE
                        GRTST DEPTH:   0           7 = DUSTSTORM OR SANDSTORM:
                                                       VSBY 1/2 MILE OR LESS
                                                   8 = SMOKE OR HAZE
[NO. OF DAYS WITH]      [WEATHER - DAYS WITH]      9 = BLOWING SNOW
                                                   X = TORNADO
MAX 32 OR BELOW:  14    0.01 INCH OR MORE:   8
MAX 90 OR ABOVE:   0    0.10 INCH OR MORE:   5
MIN 32 OR BELOW:  18    0.50 INCH OR MORE:   0
MIN  0 OR BELOW:   8    1.00 INCH OR MORE:   0

[HDD (BASE 65) ]
TOTAL THIS MO.   877    CLEAR  (SCALE 0-3)   4
DPTR FM NORMAL   264    PTCLDY (SCALE 4-7)   9
TOTAL FM JUL 1  3455    CLOUDY (SCALE 8-10)  5
DPTR FM NORMAL    18

[CDD (BASE 65) ]
TOTAL THIS MO.     0
DPTR FM NORMAL     0    [PRESSURE DATA]
TOTAL FM JAN 1     0    HIGHEST SLP M ON M
DPTR FM NORMAL     0    LOWEST  SLP 29.51 ON 11

[REMARKS]
