000
CXUS51 KBOX 250930
CF6PVD
PRELIMINARY LOCAL CLIMATOLOGICAL DATA (WS FORM: F-6)

                                          STATION:   PROVIDENCE RI
                                          MONTH:     MAY
                                          YEAR:      2017
                                          LATITUDE:   41 43 N
                                          LONGITUDE:  71 26 W

  TEMPERATURE IN F:       :PCPN:    SNOW:  WIND      :SUNSHINE: SKY     :PK WND
================================================================================
1   2   3   4   5  6A  6B    7    8   9   10  11  12  13   14  15   16   17  18
                                     12Z  AVG MX 2MIN
DY MAX MIN AVG DEP HDD CDD  WTR  SNW DPTH SPD SPD DIR MIN PSBL S-S WX    SPD DR
================================================================================

 1  63  46  55   1  10   0 0.00  0.0    0  6.8 14 150   M    M  10 1      17 160
 2  75  57  66  12   0   1 0.76  0.0    0 12.8 31 270   M    M   7 13     42 270
 3  68  47  58   3   7   0 0.00  0.0    0 11.4 23 300   M    M   3        33 270
 4  61  41  51  -4  14   0 0.00  0.0    0  8.0 18 170   M    M   6        22 140
 5  59  49  54  -1  11   0 2.29  0.0    0  8.0 22 100   M    M  10 1      29 100
 6  66  54  60   4   5   0 0.30  0.0    0 12.0 23 170   M    M   9 1      32 170
 7  62  49  56   0   9   0    T  0.0    0 13.4 23 190   M    M   6        31 190
 8  56  40  48  -8  17   0 0.00  0.0    0 10.1 21 270   M    M   7        27 270
 9  56  40  48  -8  17   0 0.01  0.0    0  4.9 10 130   M    M   8        17 150
10  59  43  51  -6  14   0 0.00  0.0    0  6.6 15 360   M    M   6        21 360
11  61  44  53  -4  12   0 0.00  0.0    0  8.5 15  40   M    M   8        21  20
12  61  42  52  -5  13   0    T  0.0    0  6.9 15  30   M    M   7        20  40
13  57  45  51  -7  14   0 0.46  0.0    0  9.0 18  30   M    M   9 1      24 110
14  53  46  50  -8  15   0 1.01  0.0    0 15.2 25 360   M    M  10 1      33 350
15  61  49  55  -3  10   0 0.15  0.0    0 10.1 21 310   M    M   9 1      31 320
16  80  55  68  10   0   3 0.00  0.0    0  9.3 17 280   M    M   4        23 280
17  87  59  73  14   0   8    T  0.0    0 10.5 24 240   M    M   3        31 240
18  93  70  82  23   0  17 0.01  0.0    0  9.9 23 220   M    M   4        31 220
19  91  62  77  18   0  12    T  0.0    0 12.7 25  20   M    M   4 13     31  20
20  70  49  60   0   5   0    T  0.0    0  9.8 22  10   M    M   5        26  10
21  69  45  57  -3   8   0 0.00  0.0    0  7.5 17 150   M    M   6        22 150
22  58  51  55  -5  10   0 0.31  0.0    0  7.2 18 190   M    M  10 1      23 180
23  74  54  64   3   1   0    T  0.0    0  6.6 16  20   M    M   8 1      20  10
24  70  53  62   1   3   0    T  0.0    0  6.3 16 100   M    M   7 1      20  90
================================================================================
SM 1610 1190       195  41  5.30     0.0 223.5          M      166
================================================================================
AV 67.1 49.6                               9.3 FASTST   M    M   7    MAX(MPH)
                                 MISC ---->  # 31 270               # 42  270
================================================================================
NOTES:
# LAST OF SEVERAL OCCURRENCES

COLUMN 17 PEAK WIND IN M.P.H.

PRELIMINARY LOCAL CLIMATOLOGICAL DATA (WS FORM: F-6) , PAGE 2

                                          STATION:  PROVIDENCE RI
                                          MONTH:    MAY
                                          YEAR:     2017
                                          LATITUDE:   41 43 N
                                          LONGITUDE:  71 26 W

[TEMPERATURE DATA]      [PRECIPITATION DATA]       SYMBOLS USED IN COLUMN 16

AVERAGE MONTHLY: 58.3   TOTAL FOR MONTH:   5.30    1 = FOG OR MIST
DPTR FM NORMAL:   0.9   DPTR FM NORMAL:    2.62    2 = FOG REDUCING VISIBILITY
HIGHEST:    93 ON 18    GRTST 24HR  2.29 ON  5- 5      TO 1/4 MILE OR LESS
LOWEST:     40 ON  9, 8                            3 = THUNDER
                        SNOW, ICE PELLETS, HAIL    4 = ICE PELLETS
                        TOTAL MONTH:   0.0 INCH    5 = HAIL
                        GRTST 24HR     0.0         6 = FREEZING RAIN OR DRIZZLE
                        GRTST DEPTH:   0           7 = DUSTSTORM OR SANDSTORM:
                                                       VSBY 1/2 MILE OR LESS
                                                   8 = SMOKE OR HAZE
[NO. OF DAYS WITH]      [WEATHER - DAYS WITH]      9 = BLOWING SNOW
                                                   X = TORNADO
MAX 32 OR BELOW:   0    0.01 INCH OR MORE:   9
MAX 90 OR ABOVE:   2    0.10 INCH OR MORE:   7
MIN 32 OR BELOW:   0    0.50 INCH OR MORE:   3
MIN  0 OR BELOW:   0    1.00 INCH OR MORE:   2

[HDD (BASE 65) ]
TOTAL THIS MO.   195    CLEAR  (SCALE 0-3)   1
DPTR FM NORMAL     1    PTCLDY (SCALE 4-7)  16
TOTAL FM JUL 1  5056    CLOUDY (SCALE 8-10)  7
DPTR FM NORMAL  -488

[CDD (BASE 65) ]
TOTAL THIS MO.    41
DPTR FM NORMAL    30    [PRESSURE DATA]
TOTAL FM JAN 1    58    HIGHEST SLP M ON M
DPTR FM NORMAL    45    LOWEST  SLP 29.42 ON 15

[REMARKS]
