000
CXUS54 KOUN 270800
CF6PWA
PRELIMINARY LOCAL CLIMATOLOGICAL DATA (WS FORM: F-6)

                                          STATION:   BETHANY/WILEY POST
                                          MONTH:     JANUARY
                                          YEAR:      2015
                                          LATITUDE:   35 31 N
                                          LONGITUDE:  97 38 W

  TEMPERATURE IN F:       :PCPN:    SNOW:  WIND      :SUNSHINE: SKY     :PK WND
================================================================================
1   2   3   4   5  6A  6B    7    8   9   10  11  12  13   14  15   16   17  18
                                     12Z  AVG MX 2MIN
DY MAX MIN AVG DEP HDD CDD  WTR  SNW DPTH SPD SPD DIR MIN PSBL S-S WX    SPD DR
================================================================================

 1  32  24  28  -9  37   0    T    M    0  5.3 14 190   M    M  10 168    16 200
 2  36  31  34  -3  31   0 0.23    M    0  2.7  9  20   M    M  10 1      12  30
 3  41  29  35  -2  30   0 0.08    M    0  7.3 26 340   M    M  10 1      36 340
 4  30  17  24 -13  41   0    T    T    0 15.0 32 340   M    M   3 168    40 340
 5  43  16  30  -7  35   0 0.00  0.0    0 11.9 26 190   M    M   0        36 190
 6  44  26  35  -2  30   0 0.00  0.0    0  8.4 20  10   M    M   0        23  30
 7  28  11  20 -17  45   0 0.00  0.0    0 18.3 36  20   M    M   2        46  30
 8  37  11  24 -13  41   0 0.00  0.0    0 12.3 32 200   M    M   0        39 200
 9  34  22  28 -10  37   0 0.00  0.0    0 11.5 25  10   M    M   2        32  20
10  40  19  30  -8  35   0 0.00  0.0    0 13.1 22 180   M    M   7        29 180
11  37  32  35  -3  30   0 0.00  0.0    0  8.9 18 170   M    M   9 18     23 170
12  36  25  31  -7  34   0    T  0.0    0 15.0 26 360   M    M   8 18     32 350
13  36  19  28 -10  37   0 0.00  0.0    0  7.1 15  10   M    M   1        17  20
14  37  23  30  -8  35   0 0.00  0.0    0  2.1  8 320   M    M   9        12 330
15  59  25  42   4  23   0 0.00  0.0    0  5.3 14 300   M    M   2 18     20 290
16  63  24  44   6  21   0 0.00  0.0    0 10.0 20 210   M    M   0 8      24 190
17  66  36  51  13  14   0 0.00  0.0    0 13.3 33  10   M    M   0        39  10
18  72  28  50  12  15   0 0.00  0.0    0 12.5 30 210   M    M   0        38 210
19  72  35  54  16  11   0 0.00  0.0    0  2.8 13 190   M    M   0 8      13 190
20  60  33  47   9  18   0 0.00  0.0    0  9.4 23  40   M    M   1        31  10
21  48  30  39   1  26   0 0.24  0.0    0  8.2 24  50   M    M   6 18     33  40
22  48  31  40   2  25   0 0.42    M    0  9.8 17  50   M    M   9 1      22  10
23  51  26  39   0  26   0 0.00  0.0    0  7.1 16 250   M    M   1 18     21 280
24  63  32  48   9  17   0 0.00  0.0    0  9.9 17 240   M    M   0        22 270
25  59  32  46   7  19   0 0.00  0.0    0 14.6 36 340   M    M   0        45 330
26  76  29  53  14  12   0 0.00  0.0    0  6.2 20 310   M    M   0        25 310
================================================================================
SM 1248  666       725   0  0.97    T    248.0          M       90
================================================================================
AV 48.0 25.6                               9.5 FASTST   M    M   3    MAX(MPH)
                                 MISC ---->  # 36  20               # 46   30
================================================================================
NOTES:
# LAST OF SEVERAL OCCURRENCES

COLUMN 17 PEAK WIND IN M.P.H.

PRELIMINARY LOCAL CLIMATOLOGICAL DATA (WS FORM: F-6) , PAGE 2

                                          STATION:  BETHANY/WILEY POST
                                          MONTH:    JANUARY
                                          YEAR:     2015
                                          LATITUDE:   35 31 N
                                          LONGITUDE:  97 38 W

[TEMPERATURE DATA]      [PRECIPITATION DATA]       SYMBOLS USED IN COLUMN 16

AVERAGE MONTHLY: 36.8   TOTAL FOR MONTH:   0.97    1 = FOG OR MIST
DPTR FM NORMAL:  -1.0   DPTR FM NORMAL:    0.46    2 = FOG REDUCING VISIBILITY
HIGHEST:    76 ON 26    GRTST 24HR  0.66 ON 21-22      TO 1/4 MILE OR LESS
LOWEST:     11 ON  8, 7                            3 = THUNDER
                        SNOW, ICE PELLETS, HAIL    4 = ICE PELLETS
                        TOTAL MONTH:    T          5 = HAIL
                        GRTST 24HR    T  ON  4- 4  6 = FREEZING RAIN OR DRIZZLE
                        GRTST DEPTH:   0           7 = DUSTSTORM OR SANDSTORM:
                                                       VSBY 1/2 MILE OR LESS
                                                   8 = SMOKE OR HAZE
[NO. OF DAYS WITH]      [WEATHER - DAYS WITH]      9 = BLOWING SNOW
                                                   X = TORNADO
MAX 32 OR BELOW:   3    0.01 INCH OR MORE:   4
MAX 90 OR ABOVE:   0    0.10 INCH OR MORE:   3
MIN 32 OR BELOW:  23    0.50 INCH OR MORE:   0
MIN  0 OR BELOW:   0    1.00 INCH OR MORE:   0

[HDD (BASE 65) ]
TOTAL THIS MO.   725    CLEAR  (SCALE 0-3)  17
DPTR FM NORMAL    18    PTCLDY (SCALE 4-7)   3
TOTAL FM JUL 1  2079    CLOUDY (SCALE 8-10)  6
DPTR FM NORMAL   -88

[CDD (BASE 65) ]
TOTAL THIS MO.     0
DPTR FM NORMAL     0    [PRESSURE DATA]
TOTAL FM JAN 1     0    HIGHEST SLP M ON M
DPTR FM NORMAL     0    LOWEST  SLP 29.79 ON  3

[REMARKS]
