000
CXUS54 KOUN 230700
CF6PWA
PRELIMINARY LOCAL CLIMATOLOGICAL DATA (WS FORM: F-6)

                                          STATION:   BETHANY/WILEY POST
                                          MONTH:     OCTOBER
                                          YEAR:      2017
                                          LATITUDE:   35 31 N
                                          LONGITUDE:  97 38 W

  TEMPERATURE IN F:       :PCPN:    SNOW:  WIND      :SUNSHINE: SKY     :PK WND
================================================================================
1   2   3   4   5  6A  6B    7    8   9   10  11  12  13   14  15   16   17  18
                                     12Z  AVG MX 2MIN
DY MAX MIN AVG DEP HDD CDD  WTR  SNW DPTH SPD SPD DIR MIN PSBL S-S WX    SPD DR
================================================================================

 1  83  63  73   6   0   8 0.00  0.0    0 15.2 22 170   M    M   1        28 170
 2  87  66  77  10   0  12 0.00  0.0    0 19.5 29 170   M    M   1 8      36 170
 3  85  70  78  12   0  13 0.02  0.0    0 13.6 23 170   M    M   6 13     31 170
 4  75  72  74   8   0   9 1.70  0.0    0 10.3 20 170   M    M   9 13     23 170
 5  83  71  77  12   0  12    T  0.0    0 10.5 17 170   M    M   4        22 170
 6  86  70  78  13   0  13 0.00  0.0    0 17.2 28 180   M    M   3        37 180
 7  80  56  68   3   0   3 0.37  0.0    0  6.8 31 320   M    M   1 138    40 310
 8  83  52  68   4   0   3    T  0.0    0 12.6 22 170   M    M   0 8      27 160
 9  83  53  68   4   0   3    T  0.0    0 16.5 26 340   M    M   2        34 330
10  63  45  54  -9  11   0 0.00  0.0    0 13.1 25 350   M    M   4        33 330
11  69  41  55  -8  10   0 0.00  0.0    0  4.4 13 160   M    M   0 18     15 150
12  83  55  69   6   0   4 0.00  0.0    0 15.4 25 200   M    M   0 8      33 190
13  87  67  77  15   0  12 0.00  0.0    0 14.8 23 200   M    M   0        30 200
14  89  61  75  13   0  10 0.62  0.0    0 19.6 47 340   M    M   0 13     71 350
15  67  46  57  -5   8   0    T  0.0    0 13.4 31 350   M    M   1 138    40 340
16  69  42  56  -5   9   0 0.00  0.0    0  4.1 10 130   M    M   0        16 150
17  74  46  60  -1   5   0 0.00  0.0    0 13.8 23 190   M    M   0        27 190
18  81  53  67   7   0   2 0.00  0.0    0 16.1 24 180   M    M   0        29 180
19  80  56  68   8   0   3 0.00  0.0    0 14.0 22 200   M    M   0        27 190
20  80  61  71  11   0   6 0.00  0.0    0 20.1 33 170   M    M   1        40 170
21  81  56  69  10   0   4 2.04  0.0    0 20.4 29 180   M    M   9 123    39 170
22  69  48  59   0   6   0    T    M    0  7.6 17  10   M    M   1        22  20
================================================================================
SM 1737 1250        49 117  4.75     0.0 299.0          M       43
================================================================================
AV 79.0 56.8                              13.6 FASTST   M    M   2    MAX(MPH)
                                 MISC ---->  # 47 340               # 71  350
================================================================================
NOTES:
# LAST OF SEVERAL OCCURRENCES

COLUMN 17 PEAK WIND IN M.P.H.

PRELIMINARY LOCAL CLIMATOLOGICAL DATA (WS FORM: F-6) , PAGE 2

                                          STATION:  BETHANY/WILEY POST
                                          MONTH:    OCTOBER
                                          YEAR:     2017
                                          LATITUDE:   35 31 N
                                          LONGITUDE:  97 38 W

[TEMPERATURE DATA]      [PRECIPITATION DATA]       SYMBOLS USED IN COLUMN 16

AVERAGE MONTHLY: 67.9   TOTAL FOR MONTH:   4.75    1 = FOG OR MIST
DPTR FM NORMAL:   5.0   DPTR FM NORMAL:    2.23    2 = FOG REDUCING VISIBILITY
HIGHEST:    89 ON 14    GRTST 24HR  2.04 ON 21-21      TO 1/4 MILE OR LESS
LOWEST:     41 ON 11                               3 = THUNDER
                        SNOW, ICE PELLETS, HAIL    4 = ICE PELLETS
                        TOTAL MONTH:   0.0 INCH    5 = HAIL
                        GRTST 24HR     0.0         6 = FREEZING RAIN OR DRIZZLE
                        GRTST DEPTH:   0           7 = DUSTSTORM OR SANDSTORM:
                                                       VSBY 1/2 MILE OR LESS
                                                   8 = SMOKE OR HAZE
[NO. OF DAYS WITH]      [WEATHER - DAYS WITH]      9 = BLOWING SNOW
                                                   X = TORNADO
MAX 32 OR BELOW:   0    0.01 INCH OR MORE:   5
MAX 90 OR ABOVE:   0    0.10 INCH OR MORE:   4
MIN 32 OR BELOW:   0    0.50 INCH OR MORE:   3
MIN  0 OR BELOW:   0    1.00 INCH OR MORE:   2

[HDD (BASE 65) ]
TOTAL THIS MO.    49    CLEAR  (SCALE 0-3)  17
DPTR FM NORMAL   -50    PTCLDY (SCALE 4-7)   3
TOTAL FM JUL 1    52    CLOUDY (SCALE 8-10)  2
DPTR FM NORMAL   -66

[CDD (BASE 65) ]
TOTAL THIS MO.   117
DPTR FM NORMAL    66    [PRESSURE DATA]
TOTAL FM JAN 1  2184    HIGHEST SLP M ON M
DPTR FM NORMAL   229    LOWEST  SLP 29.56 ON  8

[REMARKS]
