348
CXUS53 KMKX 210646
CF6RAC
PRELIMINARY LOCAL CLIMATOLOGICAL DATA (WS FORM: F-6)

                                          STATION:   RACINE WI
                                          MONTH:     OCTOBER
                                          YEAR:      2017
                                          LATITUDE:   42 45 N
                                          LONGITUDE:  87 49 W

  TEMPERATURE IN F:       :PCPN:    SNOW:  WIND      :SUNSHINE: SKY     :PK WND
================================================================================
1   2   3   4   5  6A  6B    7    8   9   10  11  12  13   14  15   16   17  18
                                     12Z  AVG MX 2MIN
DY MAX MIN AVG DEP HDD CDD  WTR  SNW DPTH SPD SPD DIR MIN PSBL S-S WX    SPD DR
================================================================================

 1  67  47  57   0   8   0 0.00  0.0    0  9.5 18 150   M    M   0        24 140
 2  75  64  70  14   0   5    T  0.0    0 12.3 21 160   M    M   2        26 150
 3  81  65  73  17   0   8 0.00  0.0    0 11.6 22 210   M    M   3        29 220
 4  74  50  62   6   3   0    T  0.0    0  8.0 17 210   M    M   3        26 220
 5  67  46  57   2   8   0 0.02    M    0  4.9 13 320   M    M   5 3      14 320
 6  66  57  62   7   3   0 0.09  0.0    0  8.4 20 170   M    M   9 12     26 180
 7  78  60  69  14   0   4 0.20  0.0    0 13.7 26 210   M    M   8 18     38 210
 8  74  53  64  10   1   0 0.00  0.0    0  7.4 20 170   M    M   0 1      24 170
 9  79  51  65  11   0   0 0.00  0.0    0  6.3 16  20   M    M   1        21  10
10  62  54  58   4   7   0 0.61  0.0    0 15.0 23  50   M    M   8 1      30  50
11  60  54  57   4   8   0 1.21  0.0    0 14.5 22  60   M    M  10 1      28  70
12  58  57  58   5   7   0 0.00  0.0    0  6.7 14 100   M    M  10        18 100
13  66  57  62  10   3   0 0.58    M    M  6.4 10 110   M    M  10 1      15 220
14  66  59  63  11   2   0 0.98    M    M 10.4 23 170   M    M  10 13     30 170
15  67  43  55   3  10   0 0.02    M    M 11.5 23 350   M    M   8 1      37 310
16  62  42  52   0  13   0 0.00    M    M  6.0 13 240   M    M   2        21 230
17  73  46  60   9   5   0 0.00  0.0    0 11.4 22 240   M    M   0        29 220
18  71  50  61  10   4   0 0.00  0.0    0 12.2 23 210   M    M   0        30 180
19  66  49  58   8   7   0 0.00  0.0    0  6.9 14 170   M    M   0        20 250
20  77  51  64  14   1   0 0.00  0.0    0  8.3 16 210   M    M   0        21 210
================================================================================
SM 1389 1055        90  17  3.71     0.0 191.4          M       89
================================================================================
AV 69.5 52.8                               9.6 FASTST   M    M   4    MAX(MPH)
                                 MISC ---->  # 26 210               # 38  210
================================================================================
NOTES:
# LAST OF SEVERAL OCCURRENCES

COLUMN 17 PEAK WIND IN M.P.H.

PRELIMINARY LOCAL CLIMATOLOGICAL DATA (WS FORM: F-6) , PAGE 2

                                          STATION:  RACINE WI
                                          MONTH:    OCTOBER
                                          YEAR:     2017
                                          LATITUDE:   42 45 N
                                          LONGITUDE:  87 49 W

[TEMPERATURE DATA]      [PRECIPITATION DATA]       SYMBOLS USED IN COLUMN 16

AVERAGE MONTHLY: 61.1   TOTAL FOR MONTH:   3.71    1 = FOG OR MIST
DPTR FM NORMAL:   7.7   DPTR FM NORMAL:    1.93    2 = FOG REDUCING VISIBILITY
HIGHEST:    81 ON  3    GRTST 24HR  1.21 ON 11-11      TO 1/4 MILE OR LESS
LOWEST:     42 ON 16                               3 = THUNDER
                        SNOW, ICE PELLETS, HAIL    4 = ICE PELLETS
                        TOTAL MONTH:   0.0 INCH    5 = HAIL
                        GRTST 24HR     0.0         6 = FREEZING RAIN OR DRIZZLE
                        GRTST DEPTH:   0           7 = DUSTSTORM OR SANDSTORM:
                                                       VSBY 1/2 MILE OR LESS
                                                   8 = SMOKE OR HAZE
[NO. OF DAYS WITH]      [WEATHER - DAYS WITH]      9 = BLOWING SNOW
                                                   X = TORNADO
MAX 32 OR BELOW:   0    0.01 INCH OR MORE:   8
MAX 90 OR ABOVE:   0    0.10 INCH OR MORE:   5
MIN 32 OR BELOW:   0    0.50 INCH OR MORE:   4
MIN  0 OR BELOW:   0    1.00 INCH OR MORE:   1

[HDD (BASE 65) ]
TOTAL THIS MO.    90    CLEAR  (SCALE 0-3)   9
DPTR FM NORMAL  -150    PTCLDY (SCALE 4-7)   5
TOTAL FM JUL 1   186    CLOUDY (SCALE 8-10)  6
DPTR FM NORMAL  -199

[CDD (BASE 65) ]
TOTAL THIS MO.    17
DPTR FM NORMAL    11    [PRESSURE DATA]
TOTAL FM JAN 1   605    HIGHEST SLP M ON M
DPTR FM NORMAL    25    LOWEST  SLP 29.43 ON  7

[REMARKS]
