000
CXUS56 KSGX 281445
CF6RAL
PRELIMINARY LOCAL CLIMATOLOGICAL DATA (WS FORM: F-6)

                                          STATION:   RIVERSIDE MUNI AIRPORT CA
                                          MONTH:     FEBRUARY
                                          YEAR:      2015
                                          LATITUDE:   33 57 N
                                          LONGITUDE: 117 27 W

  TEMPERATURE IN F:       :PCPN:    SNOW:  WIND      :SUNSHINE: SKY     :PK WND
================================================================================
1   2   3   4   5  6A  6B    7    8   9   10  11  12  13   14  15   16   17  18
                                     12Z  AVG MX 2MIN
DY MAX MIN AVG DEP HDD CDD  WTR  SNW DPTH SPD SPD DIR MIN PSBL S-S WX    SPD DR
================================================================================

 1  75  46  61   6   4   0 0.00  0.0    0  3.0 10 250   M    M   0        14 250
 2  80  46  63   8   2   0 0.00  0.0    0  3.2  9 280   M    M   2        12 280
 3  79  45  62   7   3   0 0.00  0.0    0  3.3 10 280   M    M   2 8      14 270
 4  79  46  63   8   2   0 0.00  0.0    0  2.0  8 260   M    M   0 18     12 290
 5  85  46  66  11   0   1 0.00  0.0    0  3.0  9 260   M    M   1 18     14 280
 6  80  50  65  10   0   0 0.00  0.0    0  4.0 16 270   M    M   0 18     22 280
 7  74  44  59   4   6   0    T    M    0  2.9 13 250   M    M   5 8      16 270
 8  78  58  68  13   0   3 0.00  0.0    0  2.8 12 260   M    M   2 18     15 280
 9  76  53  65  10   0   0 0.00  0.0    0  3.2 10 280   M    M   0 1      15 270
10  83  45  64   9   1   0 0.00  0.0    0  6.4 17  10   M    M   0        30  10
11  84  52  68  13   0   3 0.00  0.0    0  7.8 18  30   M    M   1        31  30
12  85  51  68  13   0   3 0.00  0.0    0  6.4 14 360   M    M   0        24 350
13  87  50  69  14   0   4 0.00  0.0    0  4.8 10  40   M    M   0        16 250
14  86  49  68  12   0   3 0.00  0.0    0  3.8 12 250   M    M   0        16 250
15  82  48  65   9   0   0 0.00  0.0    0  4.0 10 260   M    M   0        15 270
16  78  47  63   7   2   0 0.00  0.0    0  4.7 15 270   M    M   0 1      20 280
17  74  53  64   8   1   0 0.00  0.0    0  2.5 10 250   M    M   4 18     14 250
18  79  49  64   8   1   0 0.00  0.0    0  3.1 13 260   M    M   2 128    18 270
19  78  50  64   8   1   0 0.00  0.0    0  2.8 13 280   M    M   1 18     18 280
20  71  51  61   5   4   0 0.00  0.0    0  2.3 14 240   M    M   4 128    16 240
21  68  51  60   4   5   0 0.00  0.0    0  2.8 14 260   M    M   8 18     19 250
22  62  53  58   2   7   0 0.49  0.0    0  2.5 15 240   M    M  10 1      18 230
23  63  47  55  -1  10   0 0.24    M    0  3.6 14  30   M    M   9 1      21  30
24  71  40  56   0   9   0 0.00  0.0    0  5.0 18  40   M    M   0 1      25  60
25  73  43  58   2   7   0 0.00  0.0    0  3.8 10 270   M    M   0        13 270
26  72  44  58   1   7   0 0.00  0.0    0  3.5 14 280   M    M   2        18 280
27  63  48  56  -1   9   0 0.00  0.0    0  4.3 12 270   M    M   7        16 290
================================================================================
SM 2065 1305        81  17  0.73     0.0 101.5          M       60
================================================================================
AV 76.5 48.3                               3.8 FASTST   M    M   2    MAX(MPH)
                                 MISC ---->  # 18  30               # 31   30
================================================================================
NOTES:
# LAST OF SEVERAL OCCURRENCES

COLUMN 17 PEAK WIND IN M.P.H.

PRELIMINARY LOCAL CLIMATOLOGICAL DATA (WS FORM: F-6) , PAGE 2

                                          STATION:  RIVERSIDE MUNI AIRPORT CA
                                          MONTH:    FEBRUARY
                                          YEAR:     2015
                                          LATITUDE:   33 57 N
                                          LONGITUDE: 117 27 W

[TEMPERATURE DATA]      [PRECIPITATION DATA]       SYMBOLS USED IN COLUMN 16

AVERAGE MONTHLY: 62.4   TOTAL FOR MONTH:   0.73    1 = FOG OR MIST
DPTR FM NORMAL:   6.8   DPTR FM NORMAL:   -2.21    2 = FOG REDUCING VISIBILITY
HIGHEST:    87 ON 13    GRTST 24HR  0.69 ON 22-23      TO 1/4 MILE OR LESS
LOWEST:     40 ON 24                               3 = THUNDER
                        SNOW, ICE PELLETS, HAIL    4 = ICE PELLETS
                        TOTAL MONTH:   0.0 INCH    5 = HAIL
                        GRTST 24HR     0.0         6 = FREEZING RAIN OR DRIZZLE
                        GRTST DEPTH:   0           7 = DUSTSTORM OR SANDSTORM:
                                                       VSBY 1/2 MILE OR LESS
                                                   8 = SMOKE OR HAZE
[NO. OF DAYS WITH]      [WEATHER - DAYS WITH]      9 = BLOWING SNOW
                                                   X = TORNADO
MAX 32 OR BELOW:   0    0.01 INCH OR MORE:   2
MAX 90 OR ABOVE:   0    0.10 INCH OR MORE:   2
MIN 32 OR BELOW:   0    0.50 INCH OR MORE:   0
MIN  0 OR BELOW:   0    1.00 INCH OR MORE:   0

[HDD (BASE 65) ]
TOTAL THIS MO.    81    CLEAR  (SCALE 0-3)  20
DPTR FM NORMAL  -175    PTCLDY (SCALE 4-7)   5
TOTAL FM JUL 1   598    CLOUDY (SCALE 8-10)  2
DPTR FM NORMAL  -503

[CDD (BASE 65) ]
TOTAL THIS MO.    17
DPTR FM NORMAL    17    [PRESSURE DATA]
TOTAL FM JAN 1    24    HIGHEST SLP M ON M
DPTR FM NORMAL    18    LOWEST  SLP 29.74 ON 27

[REMARKS]
