000
CXUS53 KUNR 210945
CF6RAP
PRELIMINARY LOCAL CLIMATOLOGICAL DATA (WS FORM: F-6)

                                          STATION:   RAPID CITY AIRPORT SD
                                          MONTH:     JANUARY
                                          YEAR:      2017
                                          LATITUDE:   44  2 N
                                          LONGITUDE: 103  4 W

  TEMPERATURE IN F:       :PCPN:    SNOW:  WIND      :SUNSHINE: SKY     :PK WND
================================================================================
1   2   3   4   5  6A  6B    7    8   9   10  11  12  13   14  15   16   17  18
                                     12Z  AVG MX 2MIN
DY MAX MIN AVG DEP HDD CDD  WTR  SNW DPTH SPD SPD DIR MIN PSBL S-S WX    SPD DR
================================================================================

 1  22   9  16  -8  49   0 0.00  0.0    4  7.4 18  90   M    M   5 1      21  90
 2  17   0   9 -15  56   0 0.06  2.3    4 20.1 36 350   M    M   6 1289   43 350
 3   7  -3   2 -22  63   0 0.00  0.0    6 10.6 24 340   M    M   3 18     29 340
 4   6 -11  -2 -27  67   0    T    T    6  4.4 17 330   M    M   5 1      20 340
 5   5 -14  -4 -29  69   0    T  0.1    5  8.8 24 330   M    M   4 18     31 330
 6  20 -11   5 -20  60   0 0.00  0.0    5  3.2 14 340   M    M   3        16 350
 7  10  -5   3 -22  62   0 0.00  0.0    5  9.1 23 150   M    M   2 128    26 150
 8  27   5  16  -9  49   0    T    T    5 11.3 25 360   M    M   4        29 350
 9  27   9  18  -7  47   0 0.01  0.2    4 11.4 36 360   M    M   4 189    40 360
10  23   6  15 -10  50   0 0.01  0.3    4  7.6 41 360   M    M   7 189    50  10
11   7   2   5 -20  60   0 0.03  0.7    5 10.7 25 360   M    M  10 189    30  10
12  15  -7   4 -21  61   0 0.00  0.0    5 10.6 22 170   M    M   2 18     26 180
13  27   0  14 -11  51   0 0.00  0.0    5  5.3 22 180   M    M   0        26 170
14  25   6  16  -9  49   0 0.00  0.0    5  4.3 10 350   M    M   0        10 350
15  34   7  21  -4  44   0 0.00  0.0    4  4.4 17 350   M    M   1        17 350
16  36  15  26   1  39   0 0.00  0.0    4 12.4 24 330   M    M   0        28 330
17  39   8  24  -1  41   0 0.00  0.0    3  1.4  7 290   M    M   0         7 280
18  41  22  32   7  33   0 0.00  0.0    3  4.1 18 340   M    M   0        21 340
19  48  21  35  10  30   0 0.00  0.0    2  4.9 22 340   M    M   0        25 350
20  42  25  34   9  31   0    T  0.0    2 13.5 28 320   M    M   3        32 320
================================================================================
SM  478   84      1011   0  0.11     3.6 165.5          M       59
================================================================================
AV 23.9  4.2                               8.3 FASTST   M    M   3    MAX(MPH)
                                 MISC ---->  # 41 360               # 50   10
================================================================================
NOTES:
# LAST OF SEVERAL OCCURRENCES

COLUMN 17 PEAK WIND IN M.P.H.

PRELIMINARY LOCAL CLIMATOLOGICAL DATA (WS FORM: F-6) , PAGE 2

                                          STATION:  RAPID CITY AIRPORT SD
                                          MONTH:    JANUARY
                                          YEAR:     2017
                                          LATITUDE:   44  2 N
                                          LONGITUDE: 103  4 W

[TEMPERATURE DATA]      [PRECIPITATION DATA]       SYMBOLS USED IN COLUMN 16

AVERAGE MONTHLY: 14.0   TOTAL FOR MONTH:   0.11    1 = FOG OR MIST
DPTR FM NORMAL: -10.8   DPTR FM NORMAL:   -0.09    2 = FOG REDUCING VISIBILITY
HIGHEST:    48 ON 19    GRTST 24HR  0.06 ON  2- 2      TO 1/4 MILE OR LESS
LOWEST:    -14 ON  5                               3 = THUNDER
                        SNOW, ICE PELLETS, HAIL    4 = ICE PELLETS
                        TOTAL MONTH:   3.6 INCHES  5 = HAIL
                        GRTST 24HR   2.3 ON   M    6 = FREEZING RAIN OR DRIZZLE
                        GRTST DEPTH:   6 ON  4, 3  7 = DUSTSTORM OR SANDSTORM:
                                                       VSBY 1/2 MILE OR LESS
                                                   8 = SMOKE OR HAZE
[NO. OF DAYS WITH]      [WEATHER - DAYS WITH]      9 = BLOWING SNOW
                                                   X = TORNADO
MAX 32 OR BELOW:  14    0.01 INCH OR MORE:   4
MAX 90 OR ABOVE:   0    0.10 INCH OR MORE:   0
MIN 32 OR BELOW:  20    0.50 INCH OR MORE:   0
MIN  0 OR BELOW:   8    1.00 INCH OR MORE:   0

[HDD (BASE 65) ]
TOTAL THIS MO.  1011    CLEAR  (SCALE 0-3)  10
DPTR FM NORMAL   209    PTCLDY (SCALE 4-7)   9
TOTAL FM JUL 1  3728    CLOUDY (SCALE 8-10)  1
DPTR FM NORMAL    10

[CDD (BASE 65) ]
TOTAL THIS MO.     0
DPTR FM NORMAL     0    [PRESSURE DATA]
TOTAL FM JAN 1     0    HIGHEST SLP M ON M
DPTR FM NORMAL     0    LOWEST  SLP 29.34 ON 20

[REMARKS]
