000
CXUS56 KMFR 231000
CF6RBG
PRELIMINARY LOCAL CLIMATOLOGICAL DATA (WS FORM: F-6)

                                          STATION:   ROSEBURG OR
                                          MONTH:     FEBRUARY
                                          YEAR:      2018
                                          LATITUDE:   43 13 N
                                          LONGITUDE: 123 22 W

  TEMPERATURE IN F:       :PCPN:    SNOW:  WIND      :SUNSHINE: SKY     :PK WND
================================================================================
1   2   3   4   5  6A  6B    7    8   9   10  11  12  13   14  15   16   17  18
                                     12Z  AVG MX 2MIN
DY MAX MIN AVG DEP HDD CDD  WTR  SNW DPTH SPD SPD DIR MIN PSBL S-S WX    SPD DR
================================================================================

 1  60  39  50   6  15   0 0.00    M    M  0.5  6  10   M    M   9 1       7 360
 2  71  47  59  15   6   0 0.00    M    M  1.2  9  10   M    M   5        11  10
 3  64  46  55  11  10   0 0.00    M    M  0.4  8 300   M    M   5 12     10 300
 4  66  45  56  12   9   0 0.00    M    M  2.5  9  10   M    M   6 12     11  10
 5  63  42  53   9  12   0 0.00    M    M  1.5 10  10   M    M   4        13  20
 6  60  36  48   4  17   0 0.00    M    M  0.7  6 300   M    M   3 12      8 260
 7  65  37  51   6  14   0 0.00    M    M  0.6  7 340   M    M   2 12      9  10
 8  65  39  52   7  13   0 0.00    M    M  0.6  7  10   M    M   3 128     8  20
 9  56  41  49   4  16   0 0.00    M    M  1.9 12 360   M    M   8 12     14 360
10  52  33  43  -2  22   0 0.00    M    M  4.0 13  20   M    M   4 1      16  20
11  48  31  40  -5  25   0 0.15    M    M  3.5 15 360   M    M   7 1      18 360
12  50  30  40  -5  25   0 0.00    M    M  5.3 16 360   M    M   4        21  10
13  57  25  41  -4  24   0 0.00    M    M  0.6  5 180   M    M   0 1       7 340
14  48  35  42  -3  23   0 0.08    M    M  1.7 13 270   M    M   9 18     21 290
15  53  35  44  -1  21   0 0.00    M    M  1.3  8 340   M    M   7 1      11 360
16  52  31  42  -3  23   0 0.00    M    M  0.6  6 350   M    M   8         7 170
17  61  43  52   6  13   0 0.03    M    M  5.5 17 220   M    M   9 1      27 250
18  45  33  39  -7  26   0 0.40    M    M  3.6 13 240   M    M   7 1      21 270
19  41  31  36 -10  29   0 0.01    M    M  2.9 16 360   M    M   9 128    22  10
20  44  29  37  -9  28   0 0.01    M    M  3.1 13 160   M    M   9        16 160
21  45  33  39  -7  26   0 0.19    M    M  4.0 13 350   M    M   9 1      18 350
22  42  32  37  -9  28   0 0.38    M    M  4.6 17 360   M    M  10 128    22 360
================================================================================
SM 1208  793       425   0  1.25    M     50.6          M      137
================================================================================
AV 54.9 36.1                               2.3 FASTST   M    M   6    MAX(MPH)
                                 MISC ---->  # 17 220               # 27  250
================================================================================
NOTES:
# LAST OF SEVERAL OCCURRENCES

COLUMN 17 PEAK WIND IN M.P.H.

PRELIMINARY LOCAL CLIMATOLOGICAL DATA (WS FORM: F-6) , PAGE 2

                                          STATION:  ROSEBURG OR
                                          MONTH:    FEBRUARY
                                          YEAR:     2018
                                          LATITUDE:   43 13 N
                                          LONGITUDE: 123 22 W

[TEMPERATURE DATA]      [PRECIPITATION DATA]       SYMBOLS USED IN COLUMN 16

AVERAGE MONTHLY: 45.5   TOTAL FOR MONTH:   1.25    1 = FOG OR MIST
DPTR FM NORMAL:   0.5   DPTR FM NORMAL:   -1.94    2 = FOG REDUCING VISIBILITY
HIGHEST:    71 ON  2    GRTST 24HR  0.40 ON 18-18      TO 1/4 MILE OR LESS
LOWEST:     25 ON 13                               3 = THUNDER
                        SNOW, ICE PELLETS, HAIL    4 = ICE PELLETS
                        TOTAL MONTH:    M          5 = HAIL
                        GRTST 24HR    M  ON   M    6 = FREEZING RAIN OR DRIZZLE
                        GRTST DEPTH:  M  ON   M    7 = DUSTSTORM OR SANDSTORM:
                                                       VSBY 1/2 MILE OR LESS
                                                   8 = SMOKE OR HAZE
[NO. OF DAYS WITH]      [WEATHER - DAYS WITH]      9 = BLOWING SNOW
                                                   X = TORNADO
MAX 32 OR BELOW:   0    0.01 INCH OR MORE:   8
MAX 90 OR ABOVE:   0    0.10 INCH OR MORE:   4
MIN 32 OR BELOW:   7    0.50 INCH OR MORE:   0
MIN  0 OR BELOW:   0    1.00 INCH OR MORE:   0

[HDD (BASE 65) ]
TOTAL THIS MO.   425    CLEAR  (SCALE 0-3)   4
DPTR FM NORMAL   -15    PTCLDY (SCALE 4-7)  10
TOTAL FM JUL 1  2605    CLOUDY (SCALE 8-10)  8
DPTR FM NORMAL  -154

[CDD (BASE 65) ]
TOTAL THIS MO.     0
DPTR FM NORMAL     0    [PRESSURE DATA]
TOTAL FM JAN 1     0    HIGHEST SLP M ON M
DPTR FM NORMAL     0    LOWEST  SLP  0.00 ON 18

[REMARKS]
