000
CXUS56 KSTO 301355
CF6RBL
PRELIMINARY LOCAL CLIMATOLOGICAL DATA (WS FORM: F-6)

                                          STATION:   RED BLUFF AIRPORT CA
                                          MONTH:     MAY
                                          YEAR:      2016
                                          LATITUDE:   40  9 N
                                          LONGITUDE: 122 15 W

  TEMPERATURE IN F:       :PCPN:    SNOW:  WIND      :SUNSHINE: SKY     :PK WND
================================================================================
1   2   3   4   5  6A  6B    7    8   9   10  11  12  13   14  15   16   17  18
                                     12Z  AVG MX 2MIN
DY MAX MIN AVG DEP HDD CDD  WTR  SNW DPTH SPD SPD DIR MIN PSBL S-S WX    SPD DR
================================================================================

 1  86  62  74  11   0   9 0.00  0.0    0  7.6 16 340   M    M   0        21 340
 2  84  52  68   4   0   3 0.00  0.0    0  6.0 15 160   M    M   0        20 150
 3  83  54  69   5   0   4 0.00  0.0    0  5.7 12 360   M    M   1        15  10
 4  80  59  70   6   0   5 0.09  0.0    0  8.1 22 360   M    M   4 13     27  30
 5  73  54  64   0   1   0    T  0.0    0  8.1 28 150   M    M   4        35 150
 6  67  53  60  -5   5   0 0.09  0.0    0  4.0 13 320   M    M   6 1      16 330
 7  61  56  59  -6   6   0 0.11  0.0    0  6.8 14 150   M    M   9 18     16 150
 8  73  56  65   0   0   0    T  0.0    0  4.6 14 170   M    M   8        19 180
 9  80  59  70   4   0   5    T  0.0    0  5.1 14 180   M    M   4        17 160
10  87  57  72   6   0   7 0.00  0.0    0  8.4 20 360   M    M   0        26 360
11  92  54  73   7   0   8 0.00  0.0    0  6.9 17 350   M    M   0        21 350
12  91  52  72   5   0   7 0.00  0.0    0  5.3 13 160   M    M   0        17 150
13  90  58  74   7   0   9 0.00  0.0    0  9.8 25 150   M    M   0        30 150
14  76  53  65  -2   0   0 0.00  0.0    0  7.8 20 150   M    M   5        23 140
15  85  54  70   2   0   5 0.00  0.0    0  7.9 18 340   M    M   1        26 330
16  87  61  74   6   0   9 0.00  0.0    0 12.9 25  20   M    M   0        32  10
17  92  65  79  11   0  14 0.00  0.0    0 10.4 20 360   M    M   0        25 340
18  98  63  81  13   0  16 0.00  0.0    0  8.2 17 180   M    M   0        22 300
19  84  59  72   3   0   7 0.00  0.0    0 12.7 28 300   M    M   2        39 300
20  63  53  58 -11   7   0 0.08  0.0    0 10.3 26 300   M    M   7 1      36 300
21  66  52  59 -10   6   0 0.14  0.0    0  9.6 21 150   M    M  10 13     25 150
22  71  51  61  -9   4   0 0.00  0.0    0  6.7 16 210   M    M   8        20 140
23  75  55  65  -5   0   0 0.00  0.0    0  4.6 14 220   M    M   6        18 170
24  79  56  68  -2   0   3 0.00  0.0    0  6.9 21 150   M    M   4        26 160
25  86  54  70   0   0   5 0.00  0.0    0  5.5 14  30   M    M   1        17  40
26  89  57  73   3   0   8 0.00  0.0    0  4.7 12 160   M    M   0        15 150
27  90  59  75   4   0  10 0.00  0.0    0 11.4 24 350   M    M   0        32 350
28  92  66  79   8   0  14 0.00  0.0    0  9.6 23 350   M    M   0        30 360
29  94  61  78   7   0  13 0.00  0.0    0  5.4 13 350   M    M   0        16 360
================================================================================
SM 2374 1645        29 161  0.51     0.0 221.0          M       80
================================================================================
AV 81.9 56.7                               7.6 FASTST   M    M   3    MAX(MPH)
                                 MISC ---->  # 28 150               # 39  300
================================================================================
NOTES:
# LAST OF SEVERAL OCCURRENCES

COLUMN 17 PEAK WIND IN M.P.H.

PRELIMINARY LOCAL CLIMATOLOGICAL DATA (WS FORM: F-6) , PAGE 2

                                          STATION:  RED BLUFF AIRPORT CA
                                          MONTH:    MAY
                                          YEAR:     2016
                                          LATITUDE:   40  9 N
                                          LONGITUDE: 122 15 W

[TEMPERATURE DATA]      [PRECIPITATION DATA]       SYMBOLS USED IN COLUMN 16

AVERAGE MONTHLY: 69.3   TOTAL FOR MONTH:   0.51    1 = FOG OR MIST
DPTR FM NORMAL:   1.9   DPTR FM NORMAL:   -0.65    2 = FOG REDUCING VISIBILITY
HIGHEST:    98 ON 18    GRTST 24HR  0.18 ON 20-21      TO 1/4 MILE OR LESS
LOWEST:     51 ON 22                               3 = THUNDER
                        SNOW, ICE PELLETS, HAIL    4 = ICE PELLETS
                        TOTAL MONTH:   0.0 INCH    5 = HAIL
                        GRTST 24HR     0.0         6 = FREEZING RAIN OR DRIZZLE
                        GRTST DEPTH:   0           7 = DUSTSTORM OR SANDSTORM:
                                                       VSBY 1/2 MILE OR LESS
                                                   8 = SMOKE OR HAZE
[NO. OF DAYS WITH]      [WEATHER - DAYS WITH]      9 = BLOWING SNOW
                                                   X = TORNADO
MAX 32 OR BELOW:   0    0.01 INCH OR MORE:   5
MAX 90 OR ABOVE:   8    0.10 INCH OR MORE:   2
MIN 32 OR BELOW:   0    0.50 INCH OR MORE:   0
MIN  0 OR BELOW:   0    1.00 INCH OR MORE:   0

[HDD (BASE 65) ]
TOTAL THIS MO.    29    CLEAR  (SCALE 0-3)  17
DPTR FM NORMAL   -31    PTCLDY (SCALE 4-7)   9
TOTAL FM JUL 1  2137    CLOUDY (SCALE 8-10)  3
DPTR FM NORMAL  -515

[CDD (BASE 65) ]
TOTAL THIS MO.   161
DPTR FM NORMAL    31    [PRESSURE DATA]
TOTAL FM JAN 1   214    HIGHEST SLP M ON M
DPTR FM NORMAL    56    LOWEST  SLP 29.61 ON 19

[REMARKS]
