000
CXUS56 KSTO 281355
CF6RDD
PRELIMINARY LOCAL CLIMATOLOGICAL DATA (WS FORM: F-6)

                                          STATION:   REDDING AIRPORT CA
                                          MONTH:     SEPTEMBER
                                          YEAR:      2016
                                          LATITUDE:   40 30 N
                                          LONGITUDE: 122 18 W

  TEMPERATURE IN F:       :PCPN:    SNOW:  WIND      :SUNSHINE: SKY     :PK WND
================================================================================
1   2   3   4   5  6A  6B    7    8   9   10  11  12  13   14  15   16   17  18
                                     12Z  AVG MX 2MIN
DY MAX MIN AVG DEP HDD CDD  WTR  SNW DPTH SPD SPD DIR MIN PSBL S-S WX    SPD DR
================================================================================

 1  92  61  77   0   0  12 0.00  0.0    0  5.0 14 160   M    M   0        21 190
 2  92  62  77   0   0  12 0.00  0.0    0  4.4 13 350   M    M   0 8      16  10
 3  90  69  80   3   0  15 0.00  0.0    0  7.8 16 180   M    M   0        20 150
 4  88  57  73  -4   0   8 0.00  0.0    0  4.6 15  40   M    M   0        19  10
 5  92  63  78   2   0  13 0.00  0.0    0  8.4 17 360   M    M   0 8      22 340
 6  95  57  76   0   0  11 0.00  0.0    0  5.8 15 340   M    M   1 8      20 350
 7  99  69  84   8   0  19 0.00  0.0    0  7.4 17 340   M    M   0        26 350
 8  98  60  79   3   0  14 0.00  0.0    0  3.1 10 150   M    M   0        14 160
 9 104  61  83   7   0  18 0.00  0.0    0  6.2 17 350   M    M   0        24 350
10 101  60  81   5   0  16 0.00  0.0    0  2.9 16 150   M    M   0        20 150
11  92  62  77   2   0  12 0.00  0.0    0  4.7 18 180   M    M   0        23 160
12  89  57  73  -2   0   8 0.00  0.0    0  4.8 17 170   M    M   0        21 170
13  76  52  64 -11   1   0 0.00  0.0    0  5.7 16 150   M    M   0        22 160
14  83  52  68  -7   0   3 0.00  0.0    0  3.0 12 160   M    M   0        15 150
15  95  52  74   0   0   9 0.00  0.0    0  3.6 14 350   M    M   0        16 360
16 100  52  76   2   0  11 0.00  0.0    0  3.6 14  10   M    M   0        18 360
17  98  57  78   4   0  13 0.00  0.0    0  3.9 12 150   M    M   0        14 150
18  99  60  80   6   0  15 0.00  0.0    0  3.2 17 150   M    M   0        21 150
19  96  65  81   7   0  16 0.00  0.0    0  4.1 15 180   M    M   0        19 180
20  91  64  78   5   0  13 0.00  0.0    0  5.2 16 160   M    M   0        22 310
21  83  60  72  -1   0   7 0.00  0.0    0  6.8 18 150   M    M   1        26 200
22  78  58  68  -5   0   3 0.00  0.0    0  8.9 21  10   M    M   2        27  20
23  82  50  66  -6   0   1 0.00  0.0    0  4.2 12 360   M    M   3 8      14 360
24  96  62  79   7   0  14 0.00  0.0    0  9.7 22  10   M    M   0        29  20
25 104  70  87  15   0  22 0.00  0.0    0  9.1 22  30   M    M   0        27  20
26  99  58  79   7   0  14 0.00  0.0    0  2.0 12 150   M    M   0        14 190
27 100  58  79   8   0  14 0.00  0.0    0  3.5 16 150   M    M   0        19 150
================================================================================
SM 2512 1608         1 313  0.00     0.0 141.6          M        7
================================================================================
AV 93.0 59.6                               5.2 FASTST   M    M   0    MAX(MPH)
                                 MISC ---->  # 22  10               # 29   20
================================================================================
NOTES:
# LAST OF SEVERAL OCCURRENCES

COLUMN 17 PEAK WIND IN M.P.H.

PRELIMINARY LOCAL CLIMATOLOGICAL DATA (WS FORM: F-6) , PAGE 2

                                          STATION:  REDDING AIRPORT CA
                                          MONTH:    SEPTEMBER
                                          YEAR:     2016
                                          LATITUDE:   40 30 N
                                          LONGITUDE: 122 18 W

[TEMPERATURE DATA]      [PRECIPITATION DATA]       SYMBOLS USED IN COLUMN 16

AVERAGE MONTHLY: 76.3   TOTAL FOR MONTH:   0.00    1 = FOG OR MIST
DPTR FM NORMAL:   1.8   DPTR FM NORMAL:   -0.55    2 = FOG REDUCING VISIBILITY
HIGHEST:   104 ON 25, 9 GRTST 24HR  0.00 ON 27-27      TO 1/4 MILE OR LESS
LOWEST:     50 ON 23                               3 = THUNDER
                        SNOW, ICE PELLETS, HAIL    4 = ICE PELLETS
                        TOTAL MONTH:   0.0 INCH    5 = HAIL
                        GRTST 24HR     0.0         6 = FREEZING RAIN OR DRIZZLE
                        GRTST DEPTH:   0           7 = DUSTSTORM OR SANDSTORM:
                                                       VSBY 1/2 MILE OR LESS
                                                   8 = SMOKE OR HAZE
[NO. OF DAYS WITH]      [WEATHER - DAYS WITH]      9 = BLOWING SNOW
                                                   X = TORNADO
MAX 32 OR BELOW:   0    0.01 INCH OR MORE:   0
MAX 90 OR ABOVE:  20    0.10 INCH OR MORE:   0
MIN 32 OR BELOW:   0    0.50 INCH OR MORE:   0
MIN  0 OR BELOW:   0    1.00 INCH OR MORE:   0

[HDD (BASE 65) ]
TOTAL THIS MO.     1    CLEAR  (SCALE 0-3)  27
DPTR FM NORMAL    -3    PTCLDY (SCALE 4-7)   0
TOTAL FM JUL 1     1    CLOUDY (SCALE 8-10)  0
DPTR FM NORMAL    -3

[CDD (BASE 65) ]
TOTAL THIS MO.   313
DPTR FM NORMAL    51    [PRESSURE DATA]
TOTAL FM JAN 1  2094    HIGHEST SLP M ON M
DPTR FM NORMAL   337    LOWEST  SLP 29.63 ON  3

[REMARKS]
