000
CXUS56 KSTO 291455
CF6RDD
PRELIMINARY LOCAL CLIMATOLOGICAL DATA (WS FORM: F-6)

                                          STATION:   REDDING AIRPORT CA
                                          MONTH:     MARCH
                                          YEAR:      2015
                                          LATITUDE:   40 30 N
                                          LONGITUDE: 122 18 W

  TEMPERATURE IN F:       :PCPN:    SNOW:  WIND      :SUNSHINE: SKY     :PK WND
================================================================================
1   2   3   4   5  6A  6B    7    8   9   10  11  12  13   14  15   16   17  18
                                     12Z  AVG MX 2MIN
DY MAX MIN AVG DEP HDD CDD  WTR  SNW DPTH SPD SPD DIR MIN PSBL S-S WX    SPD DR
================================================================================

 1  68  45  57   5   8   0 0.00  0.0    0 10.6 24  10   M    M   0        31 360
 2  61  40  51  -1  14   0    T    M    0  1.9  7 140   M    M   4        10 220
 3  67  38  53   1  12   0 0.00  0.0    0  4.5 21  10   M    M   2        24  20
 4  71  34  53   1  12   0 0.00  0.0    0  4.4 15 350   M    M   0        21 360
 5  71  35  53   1  12   0 0.00  0.0    0  1.9  7 160   M    M   0         9 150
 6  83  35  59   6   6   0 0.00  0.0    0  2.2  9 350   M    M   0        12 350
 7  80  38  59   6   6   0 0.00  0.0    0  2.2 10 180   M    M   0        14 110
 8  79  39  59   6   6   0 0.00  0.0    0  1.4  7  20   M    M   0         8 130
 9  87  40  64  11   1   0 0.00  0.0    0  1.7  9  20   M    M   0        13 360
10  70  45  58   5   7   0 0.00  0.0    0  1.0  7  10   M    M   0         7  20
11  62  56  59   6   6   0 0.43  0.0    0  6.5 18 160   M    M  10 1      21 160
12  77  49  63  10   2   0 0.00  0.0    0  6.3 20  10   M    M   1 12     28  20
13  77  47  62   8   3   0 0.00  0.0    0  1.9  7 130   M    M   1 1       9  90
14  70  60  65  11   0   0 0.00  0.0    0  2.8  9  10   M    M   6        11 330
15  67  55  61   7   4   0 0.05  0.0    0  3.1 13 350   M    M   4        20 330
16  65  54  60   6   5   0 0.17  0.0    0  3.9  9 340   M    M   6        14 350
17  75  50  63   9   2   0 0.00  0.0    0  2.7  5  10   M    M   2 1       M  M
18  80  52  66  12   0   1 0.00  0.0    0 10.2 24  10   M    M   0        30 360
19  84  50  67  13   0   2 0.00  0.0    0  4.4 12  20   M    M   0        16 320
20  72  47  60   6   5   0 0.00  0.0    0  2.9 13 150   M    M   1        16 160
21  75  51  63   9   2   0 0.00  0.0    0  3.3 13 200   M    M   2        16 210
22  69  51  60   6   5   0 0.41  0.0    0  7.4 31 220   M    M   7 138    43 230
23  65  47  56   2   9   0    T  0.0    0  6.1 15 180   M    M   7 1      19 190
24  66  50  58   4   7   0 0.00  0.0    0  5.2 12 210   M    M   8        16 230
25  81  46  64   9   1   0 0.00  0.0    0  5.4 15  10   M    M   0        22  10
26  84  50  67  12   0   2 0.00  0.0    0  2.9  8 130   M    M   0        11 320
27  83  50  67  12   0   2 0.00  0.0    0  5.0 16 310   M    M   1        27 330
28  82  50  66  11   0   1 0.00  0.0    0  8.6 20 360   M    M   0 8      25  10
================================================================================
SM 2071 1304       135   8  1.06     0.0 120.4          M       62
================================================================================
AV 74.0 46.6                               4.3 FASTST   M    M   2    MAX(MPH)
                                 MISC ---->  # 31 220               # 43  230
================================================================================
NOTES:
# LAST OF SEVERAL OCCURRENCES

COLUMN 17 PEAK WIND IN M.P.H.

PRELIMINARY LOCAL CLIMATOLOGICAL DATA (WS FORM: F-6) , PAGE 2

                                          STATION:  REDDING AIRPORT CA
                                          MONTH:    MARCH
                                          YEAR:     2015
                                          LATITUDE:   40 30 N
                                          LONGITUDE: 122 18 W

[TEMPERATURE DATA]      [PRECIPITATION DATA]       SYMBOLS USED IN COLUMN 16

AVERAGE MONTHLY: 60.3   TOTAL FOR MONTH:   1.06    1 = FOG OR MIST
DPTR FM NORMAL:   6.7   DPTR FM NORMAL:   -3.01    2 = FOG REDUCING VISIBILITY
HIGHEST:    87 ON  9    GRTST 24HR  0.43 ON 11-11      TO 1/4 MILE OR LESS
LOWEST:     34 ON  4                               3 = THUNDER
                        SNOW, ICE PELLETS, HAIL    4 = ICE PELLETS
                        TOTAL MONTH:   0.0 INCH    5 = HAIL
                        GRTST 24HR     0.0         6 = FREEZING RAIN OR DRIZZLE
                        GRTST DEPTH:   0           7 = DUSTSTORM OR SANDSTORM:
                                                       VSBY 1/2 MILE OR LESS
                                                   8 = SMOKE OR HAZE
[NO. OF DAYS WITH]      [WEATHER - DAYS WITH]      9 = BLOWING SNOW
                                                   X = TORNADO
MAX 32 OR BELOW:   0    0.01 INCH OR MORE:   4
MAX 90 OR ABOVE:   0    0.10 INCH OR MORE:   3
MIN 32 OR BELOW:   0    0.50 INCH OR MORE:   0
MIN  0 OR BELOW:   0    1.00 INCH OR MORE:   0

[HDD (BASE 65) ]
TOTAL THIS MO.   135    CLEAR  (SCALE 0-3)  20
DPTR FM NORMAL  -188    PTCLDY (SCALE 4-7)   7
TOTAL FM JUL 1  1609    CLOUDY (SCALE 8-10)  1
DPTR FM NORMAL  -875

[CDD (BASE 65) ]
TOTAL THIS MO.     8
DPTR FM NORMAL     8    [PRESSURE DATA]
TOTAL FM JAN 1     8    HIGHEST SLP M ON M
DPTR FM NORMAL     8    LOWEST  SLP 29.77 ON  2

[REMARKS]
