000
CXUS52 KRAH 191345
CF6RDU
PRELIMINARY LOCAL CLIMATOLOGICAL DATA (WS FORM: F-6)

                                          STATION:   RALEIGH-DURHAM INTL AIRPORT NC
                                          MONTH:     OCTOBER
                                          YEAR:      2017
                                          LATITUDE:   35 52 N
                                          LONGITUDE:  78 47 W

  TEMPERATURE IN F:       :PCPN:    SNOW:  WIND      :SUNSHINE: SKY     :PK WND
================================================================================
1   2   3   4   5  6A  6B    7    8   9   10  11  12  13   14  15   16   17  18
                                     12Z  AVG MX 2MIN
DY MAX MIN AVG DEP HDD CDD  WTR  SNW DPTH SPD SPD DIR MIN PSBL S-S WX    SPD DR
================================================================================

 1  71  48  60  -6   5   0 0.00  0.0    0  7.1 16  60   M    M   3        23  60
 2  76  47  62  -4   3   0 0.00  0.0    0  4.8 13 100   M    M   2        19 110
 3  77  50  64  -2   1   0 0.00  0.0    0  6.3 14  40   M    M   1 8      18  60
 4  82  50  66   1   0   1 0.00  0.0    0  2.3  9 230   M    M   2 12     16 170
 5  85  54  70   5   0   5 0.00  0.0    0  3.2 12 170   M    M   3 1      15 170
 6  86  55  71   7   0   6 0.00  0.0    0  2.9 12 150   M    M   4 1      15 230
 7  86  59  73   9   0   8 0.15  0.0    0  6.2 17 150   M    M   7 1      24 150
 8  84  74  79  15   0  14 0.02  0.0    0  8.2 17 170   M    M   9        24 140
 9  92  74  83  20   0  18 0.09  0.0    0 11.9 26 230   M    M   8 1      32 240
10  90  75  83  20   0  18    T  0.0    0  6.6 13 250   M    M   8 1      17 240
11  89  73  81  18   0  16 1.12  0.0    0  8.0 22 100   M    M   7 13     29  90
12  77  65  71   9   0   6    T  0.0    0  8.3 17  50   M    M   8 1      23  50
13  71  63  67   5   0   2    T  0.0    0  7.3 15  40   M    M   9 1      19  40
14  78  62  70   8   0   5 0.00  0.0    0  3.2  9  40   M    M   6 1      13 150
15  83  62  73  12   0   8 0.00  0.0    0  9.8 20 230   M    M   6 12     25 230
16  69  51  60  -1   5   0 0.25  0.0    0  5.7 12  40   M    M   7 1      19 330
17  64  42  53  -8  12   0 0.00  0.0    0  5.2 16  40   M    M   2        21  30
18  68  37  53  -7  12   0 0.00  0.0    0  2.6 12  40   M    M   1 1      15  80
================================================================================
SM 1428 1041        38 107  1.63     0.0 109.6          M       93
================================================================================
AV 79.3 57.8                               6.1 FASTST   M    M   5    MAX(MPH)
                                 MISC ---->  # 26 230               # 32  240
================================================================================
NOTES:
# LAST OF SEVERAL OCCURRENCES

COLUMN 17 PEAK WIND IN M.P.H.

PRELIMINARY LOCAL CLIMATOLOGICAL DATA (WS FORM: F-6) , PAGE 2

                                          STATION:  RALEIGH-DURHAM INTL AIRPORT NC
                                          MONTH:    OCTOBER
                                          YEAR:     2017
                                          LATITUDE:   35 52 N
                                          LONGITUDE:  78 47 W

[TEMPERATURE DATA]      [PRECIPITATION DATA]       SYMBOLS USED IN COLUMN 16

AVERAGE MONTHLY: 68.6   TOTAL FOR MONTH:   1.63    1 = FOG OR MIST
DPTR FM NORMAL:   5.4   DPTR FM NORMAL:   -0.31    2 = FOG REDUCING VISIBILITY
HIGHEST:    92 ON  9    GRTST 24HR  1.12 ON 11-11      TO 1/4 MILE OR LESS
LOWEST:     37 ON 18                               3 = THUNDER
                        SNOW, ICE PELLETS, HAIL    4 = ICE PELLETS
                        TOTAL MONTH:   0.0 INCH    5 = HAIL
                        GRTST 24HR     0.0         6 = FREEZING RAIN OR DRIZZLE
                        GRTST DEPTH:   0           7 = DUSTSTORM OR SANDSTORM:
                                                       VSBY 1/2 MILE OR LESS
                                                   8 = SMOKE OR HAZE
[NO. OF DAYS WITH]      [WEATHER - DAYS WITH]      9 = BLOWING SNOW
                                                   X = TORNADO
MAX 32 OR BELOW:   0    0.01 INCH OR MORE:   5
MAX 90 OR ABOVE:   2    0.10 INCH OR MORE:   3
MIN 32 OR BELOW:   0    0.50 INCH OR MORE:   1
MIN  0 OR BELOW:   0    1.00 INCH OR MORE:   1

[HDD (BASE 65) ]
TOTAL THIS MO.    38    CLEAR  (SCALE 0-3)   7
DPTR FM NORMAL   -33    PTCLDY (SCALE 4-7)   7
TOTAL FM JUL 1    45    CLOUDY (SCALE 8-10)  4
DPTR FM NORMAL   -47

[CDD (BASE 65) ]
TOTAL THIS MO.   107
DPTR FM NORMAL    67    [PRESSURE DATA]
TOTAL FM JAN 1  1960    HIGHEST SLP M ON M
DPTR FM NORMAL   252    LOWEST  SLP 29.85 ON  9

[REMARKS]
