000
CXUS56 KBOI 271002
CF6REO
PRELIMINARY LOCAL CLIMATOLOGICAL DATA (WS FORM: F-6)

                                          STATION:   ROME OR
                                          MONTH:     FEBRUARY
                                          YEAR:      2015
                                          LATITUDE:   42 35 N
                                          LONGITUDE: 117 52 W

  TEMPERATURE IN F:       :PCPN:    SNOW:  WIND      :SUNSHINE: SKY     :PK WND
================================================================================
1   2   3   4   5  6A  6B    7    8   9   10  11  12  13   14  15   16   17  18
                                     12Z  AVG MX 2MIN
DY MAX MIN AVG DEP HDD CDD  WTR  SNW DPTH SPD SPD DIR MIN PSBL S-S WX    SPD DR
================================================================================

 1  53  30  42  11  23   0 0.00    M    M  6.8 14 160   M    M   0        19 230
 2  56  38  47  16  18   0 0.00    M    M 11.8 28 210   M    M   0        37 220
 3  57  38  48  17  17   0 0.08    M    M  9.6 31 230   M    M   0        37 240
 4  54  37  46  15  19   0 0.00    M    M  4.6 15 140   M    M   0        18 140
 5  61  43  52  21  13   0 0.00    M    M 15.7 25 180   M    M   0        32 180
 6  68  46  57  25   8   0 0.03    M    M 21.8 41 190   M    M   0        50 210
 7  64  41  53  21  12   0 0.00    M    M 23.2 44 200   M    M   0        57 200
 8  60  31  46  14  19   0 0.06    M    M  6.9 22 170   M    M   0        27 150
 9  58  39  49  17  16   0 0.01    M    M 19.8 35 210   M    M   0        43 160
10  53  28  41   9  24   0 0.00    M    M  4.8 18 210   M    M   0        23 210
11  57  22  40   8  25   0 0.00    M    M  3.1  9 120   M    M   0        11 330
12  57  26  42   9  23   0 0.00    M    M  4.3  9 140   M    M   0        12 360
13  56  26  41   8  24   0 0.00    M    M  3.9  9 140   M    M   0        10 150
14  62  32  47  14  18   0 0.00    M    M  3.5 12 350   M    M   0        15 350
15  54  23  39   6  26   0 0.00    M    M  5.5 10 170   M    M   0        13 290
16  50  19  35   1  30   0 0.00    M    M  5.1 12  30   M    M   0        14  30
17  54  15  35   1  30   0 0.00    M    M  4.9 10  50   M    M   0        11  30
18  64  19  42   8  23   0 0.00    M    M  5.4 13 160   M    M   0        15 150
19  64  25  45  11  20   0 0.00    M    M  5.7 14 310   M    M   0        18 300
20  51  31  41   7  24   0 0.00    M    M  6.9 18 330   M    M   0        23 320
21  47  23  35   0  30   0 0.00    M    M  8.5 26 350   M    M   0        36 340
22  39  13  26  -9  39   0 0.00    M    M  9.3 20  20   M    M   0        26  10
23  43   6  25 -10  40   0 0.00    M    M  5.9 13  10   M    M   0        17  70
24  61  13  37   1  28   0 0.00    M    M  7.0 15 150   M    M   0        18 250
25  57  29  43   7  22   0 0.01    M    M  7.0 16 320   M    M   0        20 330
26  51  31  41   5  24   0 0.03    M    M  9.0 23 310   M    M   0        29 320
================================================================================
SM 1451  724       595   0  0.22    M    220.0          M        0
================================================================================
AV 55.8 27.8                               8.5 FASTST   M    M   0    MAX(MPH)
                                 MISC ---->  # 44 200               # 57  200
================================================================================
NOTES:
# LAST OF SEVERAL OCCURRENCES

COLUMN 17 PEAK WIND IN M.P.H.

PRELIMINARY LOCAL CLIMATOLOGICAL DATA (WS FORM: F-6) , PAGE 2

                                          STATION:  ROME OR
                                          MONTH:    FEBRUARY
                                          YEAR:     2015
                                          LATITUDE:   42 35 N
                                          LONGITUDE: 117 52 W

[TEMPERATURE DATA]      [PRECIPITATION DATA]       SYMBOLS USED IN COLUMN 16

AVERAGE MONTHLY: 41.8   TOTAL FOR MONTH:   0.22    1 = FOG OR MIST
DPTR FM NORMAL:   8.7   DPTR FM NORMAL:   -0.49    2 = FOG REDUCING VISIBILITY
HIGHEST:    68 ON  6    GRTST 24HR  0.08 ON  3- 3      TO 1/4 MILE OR LESS
LOWEST:      6 ON 23                               3 = THUNDER
                        SNOW, ICE PELLETS, HAIL    4 = ICE PELLETS
                        TOTAL MONTH:    M          5 = HAIL
                        GRTST 24HR    M  ON   M    6 = FREEZING RAIN OR DRIZZLE
                        GRTST DEPTH:  M  ON   M    7 = DUSTSTORM OR SANDSTORM:
                                                       VSBY 1/2 MILE OR LESS
                                                   8 = SMOKE OR HAZE
[NO. OF DAYS WITH]      [WEATHER - DAYS WITH]      9 = BLOWING SNOW
                                                   X = TORNADO
MAX 32 OR BELOW:   0    0.01 INCH OR MORE:   6
MAX 90 OR ABOVE:   0    0.10 INCH OR MORE:   0
MIN 32 OR BELOW:  19    0.50 INCH OR MORE:   0
MIN  0 OR BELOW:   0    1.00 INCH OR MORE:   0

[HDD (BASE 65) ]
TOTAL THIS MO.   595    CLEAR  (SCALE 0-3)  26
DPTR FM NORMAL  -231    PTCLDY (SCALE 4-7)   0
TOTAL FM JUL 1  3747    CLOUDY (SCALE 8-10)  0
DPTR FM NORMAL  -928

[CDD (BASE 65) ]
TOTAL THIS MO.     0
DPTR FM NORMAL     0    [PRESSURE DATA]
TOTAL FM JAN 1     0    HIGHEST SLP M ON M
DPTR FM NORMAL     0    LOWEST  SLP 29.64 ON  6

[REMARKS]
