000
CXUS56 KBOI 271002
CF6REO
PRELIMINARY LOCAL CLIMATOLOGICAL DATA (WS FORM: F-6)

                                          STATION:   ROME OR
                                          MONTH:     MARCH
                                          YEAR:      2015
                                          LATITUDE:   42 35 N
                                          LONGITUDE: 117 52 W

  TEMPERATURE IN F:       :PCPN:    SNOW:  WIND      :SUNSHINE: SKY     :PK WND
================================================================================
1   2   3   4   5  6A  6B    7    8   9   10  11  12  13   14  15   16   17  18
                                     12Z  AVG MX 2MIN
DY MAX MIN AVG DEP HDD CDD  WTR  SNW DPTH SPD SPD DIR MIN PSBL S-S WX    SPD DR
================================================================================

 1  46  18  32  -5  33   0 0.00    M    M  4.2 12  40   M    M   0        15  40
 2  48  18  33  -4  32   0 0.00    M    M  6.3 22 320   M    M   0        29 320
 3  44  20  32  -5  33   0 0.00    M    M  7.6 17 320   M    M   0        23 350
 4  48  11  30  -8  35   0 0.00    M    M  4.4 12 160   M    M   0        13 160
 5  62  17  40   2  25   0 0.00    M    M  6.9 16 130   M    M   0        20 140
 6  65  22  44   6  21   0 0.00    M    M  4.6 12  70   M    M   0        12 150
 7  67  23  45   7  20   0 0.00    M    M  5.2 12 150   M    M   0        15  20
 8  65  24  45   7  20   0 0.00    M    M  5.7 15 330   M    M   0        19 350
 9  69  22  46   7  19   0 0.00    M    M  5.7 14 130   M    M   0        18 140
10  73  25  49  10  16   0 0.00    M    M  5.9 21 160   M    M   0        25 160
11  58  39  49  10  16   0 0.02    M    M 12.0 24 240   M    M   0        31 190
12  61  33  47   8  18   0 0.01    M    M  5.1 12  50   M    M   0        18  60
13  70  26  48   9  17   0 0.00    M    M  6.4 16 150   M    M   0        21 150
14  65  44  55  15  10   0 0.02    M    M 10.7 26 210   M    M   0        33 210
15  72  42  57  17   8   0 0.00    M    M 11.2 32 190   M    M   0        43 180
16  60  43  52  12  13   0 0.05    M    M  9.4 23  10   M    M   0        27  10
17  63  35  49   9  16   0 0.00    M    M  6.7 20 260   M    M   0        26 240
18  58  30  44   4  21   0 0.00    M    M  5.8 13 350   M    M   0        18 350
19  68  25  47   7  18   0 0.00    M    M  6.3 15 130   M    M   0        19 130
20  71  32  52  11  13   0 0.00    M    M  7.2 18 210   M    M   0        23 210
21  66  34  50   9  15   0 0.00    M    M  9.6 22 220   M    M   0        27 230
22  67  27  47   6  18   0 0.00    M    M 11.8 31 190   M    M   0        38 190
23  53  37  45   4  20   0 0.00    M    M 15.8 31 230   M    M   0        39 230
24  53  31  42   1  23   0 0.00    M    M 11.7 29 200   M    M   0        38 210
25  61  28  45   4  20   0 0.00    M    M  5.8 15  10   M    M   0        18 360
26  71  30  51   9  14   0 0.00    M    M  4.1 12  30   M    M   0        14  30
================================================================================
SM 1604  736       514   0  0.10    M    196.1          M        0
================================================================================
AV 61.7 28.3                               7.5 FASTST   M    M   0    MAX(MPH)
                                 MISC ---->  # 32 190               # 43  180
================================================================================
NOTES:
# LAST OF SEVERAL OCCURRENCES

COLUMN 17 PEAK WIND IN M.P.H.

PRELIMINARY LOCAL CLIMATOLOGICAL DATA (WS FORM: F-6) , PAGE 2

                                          STATION:  ROME OR
                                          MONTH:    MARCH
                                          YEAR:     2015
                                          LATITUDE:   42 35 N
                                          LONGITUDE: 117 52 W

[TEMPERATURE DATA]      [PRECIPITATION DATA]       SYMBOLS USED IN COLUMN 16

AVERAGE MONTHLY: 45.0   TOTAL FOR MONTH:   0.10    1 = FOG OR MIST
DPTR FM NORMAL:   5.6   DPTR FM NORMAL:   -0.70    2 = FOG REDUCING VISIBILITY
HIGHEST:    73 ON 10    GRTST 24HR  0.05 ON 16-16      TO 1/4 MILE OR LESS
LOWEST:     11 ON  4                               3 = THUNDER
                        SNOW, ICE PELLETS, HAIL    4 = ICE PELLETS
                        TOTAL MONTH:    M          5 = HAIL
                        GRTST 24HR    M  ON   M    6 = FREEZING RAIN OR DRIZZLE
                        GRTST DEPTH:  M  ON   M    7 = DUSTSTORM OR SANDSTORM:
                                                       VSBY 1/2 MILE OR LESS
                                                   8 = SMOKE OR HAZE
[NO. OF DAYS WITH]      [WEATHER - DAYS WITH]      9 = BLOWING SNOW
                                                   X = TORNADO
MAX 32 OR BELOW:   0    0.01 INCH OR MORE:   4
MAX 90 OR ABOVE:   0    0.10 INCH OR MORE:   0
MIN 32 OR BELOW:  18    0.50 INCH OR MORE:   0
MIN  0 OR BELOW:   0    1.00 INCH OR MORE:   0

[HDD (BASE 65) ]
TOTAL THIS MO.   514    CLEAR  (SCALE 0-3)  26
DPTR FM NORMAL  -153    PTCLDY (SCALE 4-7)   0
TOTAL FM JUL 1  4321    CLOUDY (SCALE 8-10)  0
DPTR FM NORMAL -1080

[CDD (BASE 65) ]
TOTAL THIS MO.     0
DPTR FM NORMAL     0    [PRESSURE DATA]
TOTAL FM JAN 1     0    HIGHEST SLP M ON M
DPTR FM NORMAL     0    LOWEST  SLP 29.74 ON  2

[REMARKS]
