000
CXUS53 KMPX 261000
CF6RGK
PRELIMINARY LOCAL CLIMATOLOGICAL DATA (WS FORM: F-6)

                                          STATION:   RED_WING MN
                                          MONTH:     FEBRUARY
                                          YEAR:      2017
                                          LATITUDE:   44 34 N
                                          LONGITUDE:  92 29 W

  TEMPERATURE IN F:       :PCPN:    SNOW:  WIND      :SUNSHINE: SKY     :PK WND
================================================================================
1   2   3   4   5  6A  6B    7    8   9   10  11  12  13   14  15   16   17  18
                                     12Z  AVG MX 2MIN
DY MAX MIN AVG DEP HDD CDD  WTR  SNW DPTH SPD SPD DIR MIN PSBL S-S WX    SPD DR
================================================================================

 1  30  12  21   M  44   0    M    M    M 10.0 16 290   M    M   3        23 310
 2  18   7  13   M  52   0    M    M    M 10.1 20 300   M    M   2        24 300
 3  25   0  13   M  52   0    M    M    M  5.2 15 280   M    M   0        21 280
 4  34   7  21   M  44   0    M    M    M  6.1 15 200   M    M   7        22 200
 5  32  16  24   M  41   0    M    M    M  4.6 14 350   M    M   2        21 350
 6  36  16  26   M  39   0    M    M    M  5.0  9 110   M    M   3         M  M
 7  36  18  27   M  38   0    M    M    M  6.5 14 300   M    M  10 18     23 300
 8  18   3  11   M  54   0    M    M    M  8.9 15 300   M    M   2        21 300
 9  19   3  11   M  54   0    M    M    M  7.7 15 300   M    M   2        20 300
10  41  19  30   M  35   0    M    M    M  6.9 15 160   M    M   1        20 150
11  43  34  39   M  26   0    M    M    M  1.9  6 280   M    M   5         M  M
12  39  25  32   M  33   0    M    M    M  8.4 18 300   M    M   2        27 310
13  46  23  35   M  30   0    M    M    M  5.0 15 240   M    M   0        21 240
14  43  28  36   M  29   0    M    M    M 10.0 18 310   M    M   1        29 310
15  34  21  28   M  37   0    M    M    M  5.3 12 270   M    M   0         M  M
16  39  25  32   M  33   0    M    M    M  9.2 15 120   M    M   0        20 160
17  55  32  44   M  21   0    M    M    M  6.1  9 130   M    M   0         M  M
18  57  34  46   M  19   0    M    M    M  2.4  8 280   M    M   0         M  M
19  57  28  43   M  22   0    M    M    M  6.5 12 130   M    M   0 1      16 130
20  55  45  50   M  15   0 0.57    M    0 10.1 17 260   M    M   6        24 260
21  63  30  47   M  18   0    M    M    M  4.6 10 200   M    M   4 12     21 290
22  59  37  48   M  17   0    M    M    M  3.5 13 320   M    M   3        20 320
23  43  30  37   M  28   0    M    M    M  7.1 13 320   M    M  10        18 360
24  30  21  26   M  39   0    M    M    M  9.5 14 360   M    M   9        21 340
25   M   M   M   M   M   M    M    M    M   M   M   M   M    M   M         M  M
================================================================================
SM  952  514       820   0  0.57    M    160.6          M       72
================================================================================
AV 39.7 21.4                               6.7 FASTST   M    M   3    MAX(MPH)
                                 MISC ---->    20   M                 29    M
================================================================================
NOTES:
# LAST OF SEVERAL OCCURRENCES

COLUMN 17 PEAK WIND IN M.P.H.

PRELIMINARY LOCAL CLIMATOLOGICAL DATA (WS FORM: F-6) , PAGE 2

                                          STATION:  RED_WING MN
                                          MONTH:    FEBRUARY
                                          YEAR:     2017
                                          LATITUDE:   44 34 N
                                          LONGITUDE:  92 29 W

[TEMPERATURE DATA]      [PRECIPITATION DATA]       SYMBOLS USED IN COLUMN 16

AVERAGE MONTHLY: 30.5   TOTAL FOR MONTH:   0.57    1 = FOG OR MIST
DPTR FM NORMAL:     M   DPTR FM NORMAL:       M    2 = FOG REDUCING VISIBILITY
HIGHEST:    63 ON 21    GRTST 24HR  0.57 ON 20-20      TO 1/4 MILE OR LESS
LOWEST:      0 ON  3                               3 = THUNDER
                        SNOW, ICE PELLETS, HAIL    4 = ICE PELLETS
                        TOTAL MONTH:    M          5 = HAIL
                        GRTST 24HR    M  ON   M    6 = FREEZING RAIN OR DRIZZLE
                        GRTST DEPTH:   0           7 = DUSTSTORM OR SANDSTORM:
                                                       VSBY 1/2 MILE OR LESS
                                                   8 = SMOKE OR HAZE
[NO. OF DAYS WITH]      [WEATHER - DAYS WITH]      9 = BLOWING SNOW
                                                   X = TORNADO
MAX 32 OR BELOW:   7    0.01 INCH OR MORE:   1
MAX 90 OR ABOVE:   0    0.10 INCH OR MORE:   1
MIN 32 OR BELOW:  20    0.50 INCH OR MORE:   1
MIN  0 OR BELOW:   1    1.00 INCH OR MORE:   0

[HDD (BASE 65) ]
TOTAL THIS MO.   820    CLEAR  (SCALE 0-3)  16
DPTR FM NORMAL     M    PTCLDY (SCALE 4-7)   5
TOTAL FM JUL 1  4632    CLOUDY (SCALE 8-10)  3
DPTR FM NORMAL     M

[CDD (BASE 65) ]
TOTAL THIS MO.     0
DPTR FM NORMAL     M    [PRESSURE DATA]
TOTAL FM JAN 1     0    HIGHEST SLP M ON M
DPTR FM NORMAL     M    LOWEST  SLP M ON M

[REMARKS]
