000
CXUS53 KGRB 240644
CF6RHI
PRELIMINARY LOCAL CLIMATOLOGICAL DATA (WS FORM: F-6)

                                          STATION:   RHINELANDER WI
                                          MONTH:     MARCH
                                          YEAR:      2017
                                          LATITUDE:   45 37 N
                                          LONGITUDE:  89 27 W

  TEMPERATURE IN F:       :PCPN:    SNOW:  WIND      :SUNSHINE: SKY     :PK WND
================================================================================
1   2   3   4   5  6A  6B    7    8   9   10  11  12  13   14  15   16   17  18
                                     12Z  AVG MX 2MIN
DY MAX MIN AVG DEP HDD CDD  WTR  SNW DPTH SPD SPD DIR MIN PSBL S-S WX    SPD DR
================================================================================

 1  30  13  22   1  43   0 0.15  2.4    3  7.7 16 350   M    M   9 128    27 360
 2  27   2  15  -6  50   0 0.00  0.0    2  7.1 18 280   M    M   4        26 300
 3  23  -5   9 -13  56   0 0.00  0.0    2  5.8 13 270   M    M   0 8      18 270
 4  33  -2  16  -6  49   0 0.00  0.0    1 10.5 21 140   M    M   4 18     30 140
 5  42  27  35  13  30   0 0.00  0.0    1 10.2 20 140   M    M   9 18     28 140
 6  56  42  49  26  16   0 0.21  0.0    0 10.3 26 210   M    M  10 123    38 210
 7  51  35  43  20  22   0 0.02  0.0    0 24.0 32 240   M    M   8 1      61 270
 8  35  17  26   2  39   0 0.03  0.9    0 24.8 40 270   M    M   6 1289   53 260
 9  32  14  23  -1  42   0 0.00  0.0    0  8.9 17 340   M    M   0        25 340
10  15   3   9 -15  56   0    T    T    0 10.1 17 300   M    M   3 89     29 300
11  20   1  11 -14  54   0 0.00  0.0    0  8.0 17 330   M    M   0        23 340
12  23   2  13 -12  52   0 0.01  0.1    T  4.6 10  60   M    M   6 18     16  60
13  24   8  16 -10  49   0 0.01    M    M  6.5 14  40   M    M   9 18     19  40
14  26  -3  12 -14  53   0 0.00  0.0    0  5.5 14 350   M    M   3        22 340
15  35   2  19  -7  46   0 0.00  0.0    0  5.3 14 310   M    M   0 8      24 310
16  43   8  26  -1  39   0 0.00  0.0    0  4.7 12 150   M    M   0        17 210
17  36  30  33   6  32   0 0.16    M    M  7.8 13 270   M    M  10 16     18 290
18  34  26  30   2  35   0 0.02  0.1    1  8.2 15 330   M    M  10 1      22 330
19  44  25  35   7  30   0 0.00  0.0    0  8.3 18 170   M    M   6        26 150
20  51  25  38   9  27   0    T  0.0    0  4.1 12 310   M    M   3 1      16 290
21  36  13  25  -4  40   0    T    T    0  9.3 18 310   M    M   5        26 320
22  37   7  22  -8  43   0 0.00  0.0    0  4.5 13 220   M    M   0        17 170
23  39  26  33   3  32   0 0.06  0.3    0  7.9 17 160   M    M  10 1      26 160
================================================================================
SM  792  316       935   0  0.67     3.8 204.1          M      115
================================================================================
AV 34.4 13.7                               8.9 FASTST   M    M   5    MAX(MPH)
                                 MISC ---->  # 40 270               # 61  270
================================================================================
NOTES:
# LAST OF SEVERAL OCCURRENCES

COLUMN 17 PEAK WIND IN M.P.H.

PRELIMINARY LOCAL CLIMATOLOGICAL DATA (WS FORM: F-6) , PAGE 2

                                          STATION:  RHINELANDER WI
                                          MONTH:    MARCH
                                          YEAR:     2017
                                          LATITUDE:   45 37 N
                                          LONGITUDE:  89 27 W

[TEMPERATURE DATA]      [PRECIPITATION DATA]       SYMBOLS USED IN COLUMN 16

AVERAGE MONTHLY: 24.1   TOTAL FOR MONTH:   0.67    1 = FOG OR MIST
DPTR FM NORMAL:  -1.2   DPTR FM NORMAL:   -0.43    2 = FOG REDUCING VISIBILITY
HIGHEST:    56 ON  6    GRTST 24HR  0.21 ON  6- 6      TO 1/4 MILE OR LESS
LOWEST:     -5 ON  3                               3 = THUNDER
                        SNOW, ICE PELLETS, HAIL    4 = ICE PELLETS
                        TOTAL MONTH:   3.8 INCHES  5 = HAIL
                        GRTST 24HR   2.4 ON   M    6 = FREEZING RAIN OR DRIZZLE
                        GRTST DEPTH:   3 ON  1     7 = DUSTSTORM OR SANDSTORM:
                                                       VSBY 1/2 MILE OR LESS
                                                   8 = SMOKE OR HAZE
[NO. OF DAYS WITH]      [WEATHER - DAYS WITH]      9 = BLOWING SNOW
                                                   X = TORNADO
MAX 32 OR BELOW:   9    0.01 INCH OR MORE:   9
MAX 90 OR ABOVE:   0    0.10 INCH OR MORE:   3
MIN 32 OR BELOW:  21    0.50 INCH OR MORE:   0
MIN  0 OR BELOW:   3    1.00 INCH OR MORE:   0

[HDD (BASE 65) ]
TOTAL THIS MO.   935    CLEAR  (SCALE 0-3)   9
DPTR FM NORMAL    23    PTCLDY (SCALE 4-7)   6
TOTAL FM JUL 1  6446    CLOUDY (SCALE 8-10)  8
DPTR FM NORMAL -1088

[CDD (BASE 65) ]
TOTAL THIS MO.     0
DPTR FM NORMAL     0    [PRESSURE DATA]
TOTAL FM JAN 1     0    HIGHEST SLP M ON M
DPTR FM NORMAL     0    LOWEST  SLP 29.28 ON  7

[REMARKS]
