000
CXUS55 KGJT 231000
CF6RIL
PRELIMINARY LOCAL CLIMATOLOGICAL DATA (WS FORM: F-6)

                                          STATION:   RIFLE CO
                                          MONTH:     AUGUST
                                          YEAR:      2017
                                          LATITUDE:   39 31 N
                                          LONGITUDE: 107 43 W

  TEMPERATURE IN F:       :PCPN:    SNOW:  WIND      :SUNSHINE: SKY     :PK WND
================================================================================
1   2   3   4   5  6A  6B    7    8   9   10  11  12  13   14  15   16   17  18
                                     12Z  AVG MX 2MIN
DY MAX MIN AVG DEP HDD CDD  WTR  SNW DPTH SPD SPD DIR MIN PSBL S-S WX    SPD DR
================================================================================

 1  94  58  76   3   0  11 0.00    M    M  4.4 18  80   M    M   0        23  90
 2  91  57  74   1   0   9    T    M    M  5.8 41 310   M    M   0 3      63 310
 3  90  57  74   1   0   9    T    M    M  7.2 29 240   M    M   0 3      37 260
 4  92  55  74   1   0   9 0.00    M    M  9.0 33 320   M    M   0        40 320
 5  88  59  74   1   0   9 0.11    M    M  7.9 28  10   M    M   1 3      35 360
 6  89  53  71  -1   0   6    T    M    M  5.1 36 250   M    M   0        55 240
 7  83  60  72   0   0   7 0.11    M    M  2.8 36 250   M    M   5 138    46 240
 8  80  54  67  -5   0   2    T    M    M  4.6 21 260   M    M   2        27 270
 9  84  53  69  -3   0   4 0.02    M    M  4.4 30 320   M    M   0 3      41 320
10  84  57  71  -1   0   6 0.15    M    M  5.2 21 320   M    M   1 38     26 320
11  88  52  70  -2   0   5 0.01    M    M  6.9 29 300   M    M   3 3      44 310
12  84  52  68  -4   0   3    T    M    M  5.8 22 360   M    M   1 3      31 350
13  83  53  68  -3   0   3    T    M    M  3.7 17 240   M    M   0 3      20 240
14  84  56  70  -1   0   5 0.01    M    M  5.5 18 120   M    M   2 3      22 130
15  82  52  67  -4   0   2    T    M    M  7.7 33 230   M    M   3        39 240
16  85  53  69  -2   0   4    T    M    M  5.8 23 280   M    M   3        29 240
17  88  53  71   1   0   6    T    M    M  5.9 30 270   M    M   0        40 250
18  91  51  71   1   0   6 0.00    M    M  7.1 22 270   M    M   0        27 280
19  90  51  71   1   0   6    T    M    M  5.6 30 300   M    M   0        39 290
20  92  51  72   2   0   7 0.00    M    M  5.0 28 320   M    M   0        36 320
21  92  55  74   4   0   9 0.00    M    M  4.5 23  80   M    M   0 3      29  80
22  87  54  71   2   0   6 0.00    M    M  7.4 29 320   M    M   0        37 320
================================================================================
SM 1921 1196         0 134  0.41    M    127.3          M       21
================================================================================
AV 87.3 54.4                               5.8 FASTST   M    M   1    MAX(MPH)
                                 MISC ---->  # 41 310               # 63  310
================================================================================
NOTES:
# LAST OF SEVERAL OCCURRENCES

COLUMN 17 PEAK WIND IN M.P.H.

PRELIMINARY LOCAL CLIMATOLOGICAL DATA (WS FORM: F-6) , PAGE 2

                                          STATION:  RIFLE CO
                                          MONTH:    AUGUST
                                          YEAR:     2017
                                          LATITUDE:   39 31 N
                                          LONGITUDE: 107 43 W

[TEMPERATURE DATA]      [PRECIPITATION DATA]       SYMBOLS USED IN COLUMN 16

AVERAGE MONTHLY: 70.8   TOTAL FOR MONTH:   0.41    1 = FOG OR MIST
DPTR FM NORMAL:  -0.6   DPTR FM NORMAL:   -0.56    2 = FOG REDUCING VISIBILITY
HIGHEST:    94 ON  1    GRTST 24HR  0.15 ON 10-10      TO 1/4 MILE OR LESS
LOWEST:     51 ON 20,19                            3 = THUNDER
                        SNOW, ICE PELLETS, HAIL    4 = ICE PELLETS
                        TOTAL MONTH:    M          5 = HAIL
                        GRTST 24HR    M  ON   M    6 = FREEZING RAIN OR DRIZZLE
                        GRTST DEPTH:  M  ON   M    7 = DUSTSTORM OR SANDSTORM:
                                                       VSBY 1/2 MILE OR LESS
                                                   8 = SMOKE OR HAZE
[NO. OF DAYS WITH]      [WEATHER - DAYS WITH]      9 = BLOWING SNOW
                                                   X = TORNADO
MAX 32 OR BELOW:   0    0.01 INCH OR MORE:   6
MAX 90 OR ABOVE:   8    0.10 INCH OR MORE:   3
MIN 32 OR BELOW:   0    0.50 INCH OR MORE:   0
MIN  0 OR BELOW:   0    1.00 INCH OR MORE:   0

[HDD (BASE 65) ]
TOTAL THIS MO.     0    CLEAR  (SCALE 0-3)  21
DPTR FM NORMAL     0    PTCLDY (SCALE 4-7)   1
TOTAL FM JUL 1     0    CLOUDY (SCALE 8-10)  0
DPTR FM NORMAL    -1

[CDD (BASE 65) ]
TOTAL THIS MO.   134
DPTR FM NORMAL    -9    [PRESSURE DATA]
TOTAL FM JAN 1   699    HIGHEST SLP M ON M
DPTR FM NORMAL   213    LOWEST  SLP 29.69 ON M

[REMARKS]
