000
CXUS55 KGJT 281000
CF6RIL
PRELIMINARY LOCAL CLIMATOLOGICAL DATA (WS FORM: F-6)

                                          STATION:   RIFLE CO
                                          MONTH:     APRIL
                                          YEAR:      2017
                                          LATITUDE:   39 31 N
                                          LONGITUDE: 107 43 W

  TEMPERATURE IN F:       :PCPN:    SNOW:  WIND      :SUNSHINE: SKY     :PK WND
================================================================================
1   2   3   4   5  6A  6B    7    8   9   10  11  12  13   14  15   16   17  18
                                     12Z  AVG MX 2MIN
DY MAX MIN AVG DEP HDD CDD  WTR  SNW DPTH SPD SPD DIR MIN PSBL S-S WX    SPD DR
================================================================================

 1  57  32  45   1  20   0 0.00    M    M  9.1 30 310   M    M   2        36 310
 2  60  36  48   4  17   0 0.01    M    M  6.5 29 260   M    M   5        33 260
 3  52  28  40  -4  25   0    T    M    M  3.9 23  10   M    M   4        30 360
 4  50  28  39  -6  26   0 0.00    M    M  9.6 24 310   M    M   6        34 290
 5  56  18  37  -8  28   0 0.00    M    M  5.2 15 260   M    M   1        17 270
 6  68  23  46   1  19   0 0.00    M    M  4.7 16 260   M    M   0        20 260
 7  73  33  53   7  12   0 0.00    M    M  8.1 30 270   M    M   1        37 260
 8  70  42  56  10   9   0 0.03    M    M 10.6 35 210   M    M   4        47 210
 9  55  30  43  -3  22   0 0.01    M    M 13.6 41 240   M    M   4        56 220
10  61  18  40  -6  25   0 0.00    M    M  5.8 24 270   M    M   0        30 270
11  66  24  45  -2  20   0 0.00    M    M  3.0 15 270   M    M   0        20 260
12  75  34  55   8  10   0 0.00    M    M  5.8 20 280   M    M   0        24 270
13  81  33  57  10   8   0 0.00    M    M  8.0 25 180   M    M   0        35 270
14  75  49  62  14   3   0 0.00    M    M 11.8 26 260   M    M   0        37 260
15  69  34  52   4  13   0 0.00    M    M  7.4 24 280   M    M   0        30 260
16  73  31  52   4  13   0 0.00    M    M  4.3 21 260   M    M   0        24 260
17  77  34  56   8   9   0 0.00    M    M  7.6 30 260   M    M   0 8      36 270
18  79  35  57   8   8   0 0.00    M    M 11.7 35 220   M    M   1        47 240
19  68  38  53   4  12   0    T    M    M 13.0 39 250   M    M   5        55 270
20  68  31  50   1  15   0 0.14    M    M 10.2 41 240   M    M   4 1      52 240
21  54  37  46  -3  19   0 0.02    M    M  5.0 21 320   M    M   7        27 320
22  63  31  47  -3  18   0 0.00    M    M  3.3 15 120   M    M   2        20  80
23  78  31  55   5  10   0 0.00    M    M  6.6 36 320   M    M   0        50 320
24  69  41  55   5  10   0 0.05    M    M 11.1 33 280   M    M   7        47 280
25  54  35  45  -5  20   0    T    M    M  5.8 25 310   M    M   5        31 310
26  57  32  45  -6  20   0    T    M    M  6.1 24 280   M    M   8        33 300
27  56  33  45  -6  20   0 0.13    M    M  7.4 26 260   M    M   7 1      32 250
================================================================================
SM 1764  871       431   0  0.39    M    205.2          M       73
================================================================================
AV 65.3 32.3                               7.6 FASTST   M    M   3    MAX(MPH)
                                 MISC ---->  # 41 240               # 56  220
================================================================================
NOTES:
# LAST OF SEVERAL OCCURRENCES

COLUMN 17 PEAK WIND IN M.P.H.

PRELIMINARY LOCAL CLIMATOLOGICAL DATA (WS FORM: F-6) , PAGE 2

                                          STATION:  RIFLE CO
                                          MONTH:    APRIL
                                          YEAR:     2017
                                          LATITUDE:   39 31 N
                                          LONGITUDE: 107 43 W

[TEMPERATURE DATA]      [PRECIPITATION DATA]       SYMBOLS USED IN COLUMN 16

AVERAGE MONTHLY: 48.8   TOTAL FOR MONTH:   0.39    1 = FOG OR MIST
DPTR FM NORMAL:   1.3   DPTR FM NORMAL:   -0.62    2 = FOG REDUCING VISIBILITY
HIGHEST:    81 ON 13    GRTST 24HR  0.14 ON 20-20      TO 1/4 MILE OR LESS
LOWEST:     18 ON 10, 5                            3 = THUNDER
                        SNOW, ICE PELLETS, HAIL    4 = ICE PELLETS
                        TOTAL MONTH:    M          5 = HAIL
                        GRTST 24HR    M  ON   M    6 = FREEZING RAIN OR DRIZZLE
                        GRTST DEPTH:  M  ON   M    7 = DUSTSTORM OR SANDSTORM:
                                                       VSBY 1/2 MILE OR LESS
                                                   8 = SMOKE OR HAZE
[NO. OF DAYS WITH]      [WEATHER - DAYS WITH]      9 = BLOWING SNOW
                                                   X = TORNADO
MAX 32 OR BELOW:   0    0.01 INCH OR MORE:   7
MAX 90 OR ABOVE:   0    0.10 INCH OR MORE:   2
MIN 32 OR BELOW:  13    0.50 INCH OR MORE:   0
MIN  0 OR BELOW:   0    1.00 INCH OR MORE:   0

[HDD (BASE 65) ]
TOTAL THIS MO.   431    CLEAR  (SCALE 0-3)  15
DPTR FM NORMAL   -41    PTCLDY (SCALE 4-7)  12
TOTAL FM JUL 1  5141    CLOUDY (SCALE 8-10)  0
DPTR FM NORMAL -1115

[CDD (BASE 65) ]
TOTAL THIS MO.     0
DPTR FM NORMAL     0    [PRESSURE DATA]
TOTAL FM JAN 1     0    HIGHEST SLP M ON M
DPTR FM NORMAL     0    LOWEST  SLP 29.41 ON 24

[REMARKS]
