000
CXUS55 KRIW 280901
CF6RKS
PRELIMINARY LOCAL CLIMATOLOGICAL DATA (WS FORM: F-6)

                                          STATION:   ROCK SPRINGS WY
                                          MONTH:     AUGUST
                                          YEAR:      2014
                                          LATITUDE:   41 35 N
                                          LONGITUDE: 109  4 W

  TEMPERATURE IN F:       :PCPN:    SNOW:  WIND      :SUNSHINE: SKY     :PK WND
================================================================================
1   2   3   4   5  6A  6B    7    8   9   10  11  12  13   14  15   16   17  18
                                     12Z  AVG MX 2MIN
DY MAX MIN AVG DEP HDD CDD  WTR  SNW DPTH SPD SPD DIR MIN PSBL S-S WX    SPD DR
================================================================================

 1  84  52  68  -2   0   3 0.00  0.0    0  8.2 22  60   M    M   2        27  70
 2  87  57  72   2   0   7 0.00  0.0    0  5.6 17  60   M    M   1         M  M
 3  87  59  73   3   0   8    T  0.0    0  7.5 33 250   M    M   3        40 250
 4  77  57  67  -2   0   2    T  0.0    0  9.6 29 240   M    M   7 3      37 250
 5  77  55  66  -3   0   1 0.12  0.0    0  7.8 25 220   M    M   4 3      30 190
 6  79  53  66  -3   0   1 0.02  0.0    0  8.1 26 270   M    M   1 3      33 260
 7  74  54  64  -5   1   0 0.13  0.0    0  7.0 30 240   M    M   3 3      35 250
 8  76  50  63  -6   2   0    T  0.0    0  8.7 24 220   M    M   4        30 300
 9  81  52  67  -2   0   2    T  0.0    0 10.2 23 240   M    M   2        28 240
10  83  53  68   0   0   3    T  0.0    0  6.8 16 180   M    M   2 3      20 190
11  88  57  73   5   0   8 0.00  0.0    0  6.4 21 290   M    M   1        26 300
12  85  56  71   3   0   6    T  0.0    0  7.4 31 270   M    M   2        41 270
13  80  58  69   1   0   4 0.03  0.0    0  9.4 23 170   M    M   6 1      26 170
14  78  57  68   0   0   3    T  0.0    0 11.3 25 210   M    M   5        31 220
15  85  55  70   3   0   5 0.00  0.0    0  8.6 23 280   M    M   2        29 270
16  86  53  70   3   0   5 0.00  0.0    0 11.4 32 260   M    M   0        38 280
17  87  52  70   3   0   5    T  0.0    0  7.5 29 260   M    M   1        37 260
18  86  57  72   5   0   7 0.00  0.0    0  8.1 30 200   M    M   0        36 200
19  67  53  60  -6   5   0    T  0.0    0  8.0 29 230   M    M   5 3      34 210
20  70  51  61  -5   4   0    T  0.0    0  9.3 28 290   M    M   5 3      35 290
21  72  46  59  -7   6   0    T  0.0    0  8.7 29 280   M    M   4 3      36 260
22  77  45  61  -5   4   0 0.04  0.0    0  7.6 25 260   M    M   4 13     30 270
23  61  44  53 -12  12   0 0.04  0.0    0 13.0 37 250   M    M   5 13     46 250
24  69  43  56  -9   9   0 0.00  0.0    0 11.2 24 240   M    M   4 3      32 240
25  73  47  60  -5   5   0 0.02  0.0    0  8.9 33 320   M    M   3 3      47 300
26  74  48  61  -3   4   0    T  0.0    0  7.6 30 120   M    M   4 3      37 130
27  58  49  54 -10  11   0 0.02  0.0    0  9.3 20 260   M    M   9 1      23 250
================================================================================
SM 2101 1413        63  70  0.42     0.0 233.2          M       89
================================================================================
AV 77.8 52.3                               8.6 FASTST   M    M   3    MAX(MPH)
                                 MISC ---->  # 37 250               # 47  300
================================================================================
NOTES:
# LAST OF SEVERAL OCCURRENCES

COLUMN 17 PEAK WIND IN M.P.H.

PRELIMINARY LOCAL CLIMATOLOGICAL DATA (WS FORM: F-6) , PAGE 2

                                          STATION:  ROCK SPRINGS WY
                                          MONTH:    AUGUST
                                          YEAR:     2014
                                          LATITUDE:   41 35 N
                                          LONGITUDE: 109  4 W

[TEMPERATURE DATA]      [PRECIPITATION DATA]       SYMBOLS USED IN COLUMN 16

AVERAGE MONTHLY: 65.1   TOTAL FOR MONTH:   0.42    1 = FOG OR MIST
DPTR FM NORMAL:  -2.3   DPTR FM NORMAL:   -0.11    2 = FOG REDUCING VISIBILITY
HIGHEST:    88 ON 11    GRTST 24HR  0.15 ON  6- 7      TO 1/4 MILE OR LESS
LOWEST:     43 ON 24                               3 = THUNDER
                        SNOW, ICE PELLETS, HAIL    4 = ICE PELLETS
                        TOTAL MONTH:   0.0 INCH    5 = HAIL
                        GRTST 24HR     0.0         6 = FREEZING RAIN OR DRIZZLE
                        GRTST DEPTH:   0           7 = DUSTSTORM OR SANDSTORM:
                                                       VSBY 1/2 MILE OR LESS
                                                   8 = SMOKE OR HAZE
[NO. OF DAYS WITH]      [WEATHER - DAYS WITH]      9 = BLOWING SNOW
                                                   X = TORNADO
MAX 32 OR BELOW:   0    0.01 INCH OR MORE:   8
MAX 90 OR ABOVE:   0    0.10 INCH OR MORE:   2
MIN 32 OR BELOW:   0    0.50 INCH OR MORE:   0
MIN  0 OR BELOW:   0    1.00 INCH OR MORE:   0

[HDD (BASE 65) ]
TOTAL THIS MO.    63    CLEAR  (SCALE 0-3)  14
DPTR FM NORMAL    36    PTCLDY (SCALE 4-7)  12
TOTAL FM JUL 1    77    CLOUDY (SCALE 8-10)  1
DPTR FM NORMAL    26

[CDD (BASE 65) ]
TOTAL THIS MO.    70
DPTR FM NORMAL   -22    [PRESSURE DATA]
TOTAL FM JAN 1   299    HIGHEST SLP M ON M
DPTR FM NORMAL    27    LOWEST  SLP 29.84 ON 20

[REMARKS]
