000
CXUS55 KRIW 260903
CF6RKS
PRELIMINARY LOCAL CLIMATOLOGICAL DATA (WS FORM: F-6)

                                          STATION:   ROCK SPRINGS WY
                                          MONTH:     MAY
                                          YEAR:      2015
                                          LATITUDE:   41 35 N
                                          LONGITUDE: 109  4 W

  TEMPERATURE IN F:       :PCPN:    SNOW:  WIND      :SUNSHINE: SKY     :PK WND
================================================================================
1   2   3   4   5  6A  6B    7    8   9   10  11  12  13   14  15   16   17  18
                                     12Z  AVG MX 2MIN
DY MAX MIN AVG DEP HDD CDD  WTR  SNW DPTH SPD SPD DIR MIN PSBL S-S WX    SPD DR
================================================================================

 1  69  37  53   7  12   0 0.00  0.0    0  9.6 29 250   M    M   1        38 250
 2  71  44  58  12   7   0 0.02  0.0    0 11.9 40 250   M    M   4 3      48 310
 3  66  42  54   7  11   0    T  0.0    0 10.1 44 280   M    M   6 3      56 270
 4  65  39  52   5  13   0 0.00  0.0    M  5.9 20 180   M    M   3 3      24 180
 5  68  39  54   7  11   0    T  0.0    0  7.1 22 270   M    M   4 3      28 270
 6  61  41  51   3  14   0 0.20    M    M 14.3 25 130   M    M   7 13     31 130
 7  48  37  43  -5  22   0 0.16    M    M 15.4 32  60   M    M   8 13     41  60
 8  56  37  47  -1  18   0    T    M    M 15.4 26  50   M    M   8        32  50
 9  38  30  34 -15  31   0 0.23    M    M 21.5 36  60   M    M  10 12     42  50
10  39  29  34 -15  31   0 0.01    M    M  8.9 23  70   M    M  10 1      28  60
11  58  29  44  -5  21   0 0.00  0.0    0  6.3 18 180   M    M   2        22 180
12  68  44  56   6   9   0 0.00  0.0    0 13.0 31 200   M    M   4        41 190
13  61  45  53   3  12   0    T    M    M  8.4 24 150   M    M   4 3      30 160
14  65  41  53   3  12   0 0.05    M    M 13.7 35 160   M    M   2 1      45 160
15  53  36  45  -5  20   0 0.08    M    M 12.2 43 240   M    M   6 1      56 240
16  53  33  43  -8  22   0 0.02    M    M 10.6 28 260   M    M   5 1      36 260
17  58  35  47  -4  18   0    T    M    M 12.1 25  70   M    M   9        28  70
18  58  38  48  -3  17   0 0.48    M    M 15.0 30  40   M    M   9 13     39  40
19  43  33  38 -14  27   0 0.43    M    M 11.6 22  60   M    M  10 1      26  70
20  54  32  43  -9  22   0    T    M    M 12.4 20  60   M    M   8        24  60
21  60  35  48  -4  17   0 0.12    M    M 10.8 32 180   M    M   7 13     42 190
22  52  40  46  -7  19   0 0.15    M    M  7.5 21 230   M    M   7 13     32 220
23  57  37  47  -6  18   0    T    M    M  8.7 22  50   M    M   3 3      28  50
24  47  32  40 -13  25   0 0.58    M    M  4.7 14  70   M    M  10 12     18  80
25  58  40  49  -5  16   0 0.10  0.0    0  5.9 22  70   M    M   8 13     27  70
================================================================================
SM 1426  925       445   0  2.63     0.0 273.0          M      155
================================================================================
AV 57.0 37.0                              10.9 FASTST   M    M   6    MAX(MPH)
                                 MISC ---->  # 44 280               # 56  270
================================================================================
NOTES:
# LAST OF SEVERAL OCCURRENCES

COLUMN 17 PEAK WIND IN M.P.H.

PRELIMINARY LOCAL CLIMATOLOGICAL DATA (WS FORM: F-6) , PAGE 2

                                          STATION:  ROCK SPRINGS WY
                                          MONTH:    MAY
                                          YEAR:     2015
                                          LATITUDE:   41 35 N
                                          LONGITUDE: 109  4 W

[TEMPERATURE DATA]      [PRECIPITATION DATA]       SYMBOLS USED IN COLUMN 16

AVERAGE MONTHLY: 47.0   TOTAL FOR MONTH:   2.63    1 = FOG OR MIST
DPTR FM NORMAL:  -2.8   DPTR FM NORMAL:    1.65    2 = FOG REDUCING VISIBILITY
HIGHEST:    71 ON  2    GRTST 24HR  0.87 ON 18-19      TO 1/4 MILE OR LESS
LOWEST:     29 ON 11,10                            3 = THUNDER
                        SNOW, ICE PELLETS, HAIL    4 = ICE PELLETS
                        TOTAL MONTH:   0.0 INCH    5 = HAIL
                        GRTST 24HR     0.0         6 = FREEZING RAIN OR DRIZZLE
                        GRTST DEPTH:   0           7 = DUSTSTORM OR SANDSTORM:
                                                       VSBY 1/2 MILE OR LESS
                                                   8 = SMOKE OR HAZE
[NO. OF DAYS WITH]      [WEATHER - DAYS WITH]      9 = BLOWING SNOW
                                                   X = TORNADO
MAX 32 OR BELOW:   0    0.01 INCH OR MORE:  14
MAX 90 OR ABOVE:   0    0.10 INCH OR MORE:   9
MIN 32 OR BELOW:   5    0.50 INCH OR MORE:   1
MIN  0 OR BELOW:   0    1.00 INCH OR MORE:   0

[HDD (BASE 65) ]
TOTAL THIS MO.   445    CLEAR  (SCALE 0-3)   4
DPTR FM NORMAL    65    PTCLDY (SCALE 4-7)  14
TOTAL FM JUL 1  7003    CLOUDY (SCALE 8-10)  7
DPTR FM NORMAL  -909

[CDD (BASE 65) ]
TOTAL THIS MO.     0
DPTR FM NORMAL     0    [PRESSURE DATA]
TOTAL FM JAN 1     0    HIGHEST SLP M ON M
DPTR FM NORMAL     0    LOWEST  SLP 29.62 ON 15

[REMARKS]
