000
CXUS52 KFFC 241110
CF6RMG
PRELIMINARY LOCAL CLIMATOLOGICAL DATA (WS FORM: F-6)

                                          STATION:   ROME
                                          MONTH:     FEBRUARY
                                          YEAR:      2018
                                          LATITUDE:   34 20 N
                                          LONGITUDE:  85 10 W

  TEMPERATURE IN F:       :PCPN:    SNOW:  WIND      :SUNSHINE: SKY     :PK WND
================================================================================
1   2   3   4   5  6A  6B    7    8   9   10  11  12  13   14  15   16   17  18
                                     12Z  AVG MX 2MIN
DY MAX MIN AVG DEP HDD CDD  WTR  SNW DPTH SPD SPD DIR MIN PSBL S-S WX    SPD DR
================================================================================

 1  65  30  48   6  17   0 0.16  0.0    0  6.0 25 350   M    M   9 1      32 360
 2  42  26  34  -8  31   0    T  0.0    0  9.4 21  10   M    M   2        35 340
 3  51  29  40  -2  25   0 0.00  0.0    0  6.2 15 140   M    M   1        20 140
 4  48  36  42   0  23   0 1.28  0.0    0  3.6 12 140   M    M  10 1      18 160
 5  48  29  39  -3  26   0 0.00  0.0    0  5.4 17 360   M    M   4 1      21  10
 6  63  29  46   3  19   0    T  0.0    0  2.0  9  20   M    M   9        14  10
 7  61  39  50   7  15   0 1.39    M    0  6.9 20 310   M    M  10 1      25 310
 8  55  32  44   1  21   0 0.00  0.0    0  5.5 16 360   M    M   1        20 360
 9  67  27  47   4  18   0 0.14    M    0  4.8 16 170   M    M   2 1      20 140
10  63  51  57  14   8   0 0.46  0.0    0  4.1  9 140   M    M  10 1      15 170
11  67  60  64  21   1   0 1.60  0.0    0  3.3 12 210   M    M  10 12     15 180
12  63  44  54  10  11   0 0.35    M    0  8.0 17  20   M    M  10 1      20  20
13  54  45  50   6  15   0 0.00  0.0    0  4.9 14 140   M    M  10 1      18 160
14  65  48  57  13   8   0 0.09    M    0  3.9 10 170   M    M  10 1      18 170
15  72  59  66  22   0   1 0.02  0.0    0  5.6 16 210   M    M   8 1      24 200
16  69  51  60  16   5   0 0.00  0.0    0  8.6 18 350   M    M  10 1      26 240
17  73  49  61  16   4   0 0.18    M    0  6.0 18 310   M    M   9 1      26 260
18  69  45  57  12   8   0 0.03    M    0  5.7 17 360   M    M   5 1      21  10
19  71  59  65  20   0   0 0.00  0.0    0  7.5 16 150   M    M   9 1      21 150
20  76  58  67  22   0   2    T  0.0    0  7.3 18 170   M    M   9        25 180
21  81  62  72  26   0   7 0.00  0.0    0  4.8 17 150   M    M   7 1      21 170
22  83  57  70  24   0   5 0.00  0.0    0  4.1 15 180   M    M   3 12     23 180
23  82  54  68  22   0   3 0.00  0.0    0  3.3 15 170   M    M   3 1      19 170
================================================================================
SM 1488 1019       255  18  5.70     0.0 126.9          M      161
================================================================================
AV 64.7 44.3                               5.5 FASTST   M    M   7    MAX(MPH)
                                 MISC ---->  # 25 350               # 35  340
================================================================================
NOTES:
# LAST OF SEVERAL OCCURRENCES

COLUMN 17 PEAK WIND IN M.P.H.

PRELIMINARY LOCAL CLIMATOLOGICAL DATA (WS FORM: F-6) , PAGE 2

                                          STATION:  ROME
                                          MONTH:    FEBRUARY
                                          YEAR:     2018
                                          LATITUDE:   34 20 N
                                          LONGITUDE:  85 10 W

[TEMPERATURE DATA]      [PRECIPITATION DATA]       SYMBOLS USED IN COLUMN 16

AVERAGE MONTHLY: 54.5   TOTAL FOR MONTH:   5.70    1 = FOG OR MIST
DPTR FM NORMAL:  10.8   DPTR FM NORMAL:    1.82    2 = FOG REDUCING VISIBILITY
HIGHEST:    83 ON 22    GRTST 24HR  1.60 ON 11-11      TO 1/4 MILE OR LESS
LOWEST:     26 ON  2                               3 = THUNDER
                        SNOW, ICE PELLETS, HAIL    4 = ICE PELLETS
                        TOTAL MONTH:   0.0 INCH    5 = HAIL
                        GRTST 24HR     0.0         6 = FREEZING RAIN OR DRIZZLE
                        GRTST DEPTH:   0           7 = DUSTSTORM OR SANDSTORM:
                                                       VSBY 1/2 MILE OR LESS
                                                   8 = SMOKE OR HAZE
[NO. OF DAYS WITH]      [WEATHER - DAYS WITH]      9 = BLOWING SNOW
                                                   X = TORNADO
MAX 32 OR BELOW:   0    0.01 INCH OR MORE:  11
MAX 90 OR ABOVE:   0    0.10 INCH OR MORE:   8
MIN 32 OR BELOW:   7    0.50 INCH OR MORE:   3
MIN  0 OR BELOW:   0    1.00 INCH OR MORE:   3

[HDD (BASE 65) ]
TOTAL THIS MO.   255    CLEAR  (SCALE 0-3)   6
DPTR FM NORMAL  -234    PTCLDY (SCALE 4-7)   3
TOTAL FM JUL 1  2254    CLOUDY (SCALE 8-10) 14
DPTR FM NORMAL  -277

[CDD (BASE 65) ]
TOTAL THIS MO.    18
DPTR FM NORMAL    18    [PRESSURE DATA]
TOTAL FM JAN 1    18    HIGHEST SLP M ON M
DPTR FM NORMAL    18    LOWEST  SLP 29.87 ON  4

[REMARKS]
