000
CXUS52 KFFC 251110
CF6RMG
PRELIMINARY LOCAL CLIMATOLOGICAL DATA (WS FORM: F-6)

                                          STATION:   ROME
                                          MONTH:     MAY
                                          YEAR:      2015
                                          LATITUDE:   34 20 N
                                          LONGITUDE:  85 10 W

  TEMPERATURE IN F:       :PCPN:    SNOW:  WIND      :SUNSHINE: SKY     :PK WND
================================================================================
1   2   3   4   5  6A  6B    7    8   9   10  11  12  13   14  15   16   17  18
                                     12Z  AVG MX 2MIN
DY MAX MIN AVG DEP HDD CDD  WTR  SNW DPTH SPD SPD DIR MIN PSBL S-S WX    SPD DR
================================================================================

 1  71  43  57  -7   8   0 0.00    M    M  7.7 21  20   M    M   0        26 350
 2  78  45  62  -2   3   0 0.00  0.0    M  1.5  9  90   M    M   0        13  90
 3  81  46  64   0   1   0 0.00  0.0    M  1.7 10 160   M    M   1 1      14 150
 4  82  54  68   3   0   3 0.00  0.0    M  1.4 10 170   M    M   2 8      14 120
 5  83  52  68   3   0   3 0.00  0.0    M  1.4 10 150   M    M   2 8      14 120
 6  83  52  68   3   0   3 0.00  0.0    M  2.4 13 170   M    M   0 1      17 180
 7  87  52  70   4   0   5 0.00  0.0    M  1.6  9  60   M    M   0        12  40
 8  89  57  73   7   0   8 0.00  0.0    M  1.2  8 280   M    M   0 1      13 340
 9  89  60  75   9   0  10 0.00  0.0    M  2.2  9 150   M    M   1 1      14 170
10  90  63  77  11   0  12 0.00  0.0    M  1.6  8 260   M    M   1 1      12 220
11  91  63  77  10   0  12 0.00  0.0    M  3.7 15 270   M    M   0 18     23 290
12  85  64  75   8   0  10 0.07  0.0    M  4.6 13 250   M    M   2 1      16 250
13  84  58  71   4   0   6 0.00  0.0    M  7.5 18  10   M    M   0 8      21  10
14  85  52  69   1   0   4 0.00  0.0    M  4.4 12 170   M    M   1        17 150
15  82  64  73   5   0   8    T    M    M  4.0 15 170   M    M   5        19 170
16  80  63  72   4   0   7 0.35    M    M  3.9 15 260   M    M   6 18     20 260
17  83  67  75   6   0  10 0.02    M    M  2.3 13 100   M    M   5 1      16 100
18  85  67  76   7   0  11 0.31    M    M  3.1 26 250   M    M   7 18     43 240
19  84  65  75   6   0  10    T    M    M  2.7 18 320   M    M   5 12     23 330
20  88  65  77   8   0  12 0.54    M    M  3.7 29 280   M    M   2 138    39 260
21  74  55  65  -5   0   0 0.00    M    M  9.0 17 340   M    M   8        25 350
22  77  51  64  -6   1   0 0.00    M    M  6.5 15 330   M    M   0        18 340
23  83  48  66  -4   0   1 0.00    M    M  4.1 15 130   M    M   0        19 130
24  83  55  69  -2   0   4 0.00    M    M  6.0 16 160   M    M   3        21 130
================================================================================
SM 1997 1361        13 139  1.29     0.0  88.2          M       51
================================================================================
AV 83.2 56.7                               3.7 FASTST   M    M   2    MAX(MPH)
                                 MISC ---->  # 29 280               # 43  240
================================================================================
NOTES:
# LAST OF SEVERAL OCCURRENCES

COLUMN 17 PEAK WIND IN M.P.H.

PRELIMINARY LOCAL CLIMATOLOGICAL DATA (WS FORM: F-6) , PAGE 2

                                          STATION:  ROME
                                          MONTH:    MAY
                                          YEAR:     2015
                                          LATITUDE:   34 20 N
                                          LONGITUDE:  85 10 W

[TEMPERATURE DATA]      [PRECIPITATION DATA]       SYMBOLS USED IN COLUMN 16

AVERAGE MONTHLY: 70.0   TOTAL FOR MONTH:   1.29    1 = FOG OR MIST
DPTR FM NORMAL:   2.8   DPTR FM NORMAL:   -2.05    2 = FOG REDUCING VISIBILITY
HIGHEST:    91 ON 11    GRTST 24HR  0.54 ON 20-20      TO 1/4 MILE OR LESS
LOWEST:     43 ON  1                               3 = THUNDER
                        SNOW, ICE PELLETS, HAIL    4 = ICE PELLETS
                        TOTAL MONTH:   0.0 INCH    5 = HAIL
                        GRTST 24HR     0.0         6 = FREEZING RAIN OR DRIZZLE
                        GRTST DEPTH:  M  ON   M    7 = DUSTSTORM OR SANDSTORM:
                                                       VSBY 1/2 MILE OR LESS
                                                   8 = SMOKE OR HAZE
[NO. OF DAYS WITH]      [WEATHER - DAYS WITH]      9 = BLOWING SNOW
                                                   X = TORNADO
MAX 32 OR BELOW:   0    0.01 INCH OR MORE:   5
MAX 90 OR ABOVE:   2    0.10 INCH OR MORE:   3
MIN 32 OR BELOW:   0    0.50 INCH OR MORE:   1
MIN  0 OR BELOW:   0    1.00 INCH OR MORE:   0

[HDD (BASE 65) ]
TOTAL THIS MO.    13    CLEAR  (SCALE 0-3)  17
DPTR FM NORMAL   -22    PTCLDY (SCALE 4-7)   7
TOTAL FM JUL 1  3236    CLOUDY (SCALE 8-10)  0
DPTR FM NORMAL   -12

[CDD (BASE 65) ]
TOTAL THIS MO.   139
DPTR FM NORMAL    53    [PRESSURE DATA]
TOTAL FM JAN 1   193    HIGHEST SLP M ON M
DPTR FM NORMAL    74    LOWEST  SLP 29.85 ON M

[REMARKS]
